{"id":816,"date":"2022-06-29T10:00:40","date_gmt":"2022-06-29T08:00:40","guid":{"rendered":"https:\/\/sites.ac-nancy-metz.fr\/lyc-jean-prouve-nancy\/?page_id=816"},"modified":"2024-06-17T19:18:52","modified_gmt":"2024-06-17T17:18:52","slug":"cap-reparation-des-carrosseries","status":"publish","type":"page","link":"https:\/\/sites.ac-nancy-metz.fr\/lyc-jean-prouve-nancy\/cap-reparation-des-carrosseries\/","title":{"rendered":"CAP Carrossier automobile"},"content":{"rendered":"\n<h1 class=\"has-text-color wp-block-heading\" style=\"color:#42a2a4\">CAP Carrossier automobile<\/h1>\n\n\n\n<figure class=\"wp-block-image size-large\"><img loading=\"lazy\" decoding=\"async\" width=\"1024\" height=\"346\" src=\"https:\/\/sites.ac-nancy-metz.fr\/lyc-jean-prouve-nancy\/wp-content\/uploads\/2022\/07\/imagerep-1024x346.jpg\" alt=\"\" class=\"wp-image-955\" srcset=\"https:\/\/sites.ac-nancy-metz.fr\/lyc-jean-prouve-nancy\/wp-content\/uploads\/2022\/07\/imagerep-1024x346.jpg 1024w, https:\/\/sites.ac-nancy-metz.fr\/lyc-jean-prouve-nancy\/wp-content\/uploads\/2022\/07\/imagerep-300x101.jpg 300w, https:\/\/sites.ac-nancy-metz.fr\/lyc-jean-prouve-nancy\/wp-content\/uploads\/2022\/07\/imagerep-768x259.jpg 768w, https:\/\/sites.ac-nancy-metz.fr\/lyc-jean-prouve-nancy\/wp-content\/uploads\/2022\/07\/imagerep-1536x518.jpg 1536w, https:\/\/sites.ac-nancy-metz.fr\/lyc-jean-prouve-nancy\/wp-content\/uploads\/2022\/07\/imagerep-2048x691.jpg 2048w\" sizes=\"auto, (max-width: 1024px) 100vw, 1024px\" \/><\/figure>\n\n\n\n<h3 class=\"has-text-color wp-block-heading\" style=\"color:#42a2a4\">Formation Initiale en 2 ans sous contrat d\u2019apprentissage<\/h3>\n\n\n\n<p>Le carrossier r\u00e9pare les voitures accident\u00e9es. Il d\u00e9monte les \u00e9l\u00e9ments ab\u00eem\u00e9s de la carrosserie, remet en forme ceux qui sont r\u00e9parables et remplace ceux qui sont irr\u00e9cup\u00e9rables. Il remet en \u00e9tat le v\u00e9hicule accident\u00e9. Il utilise le marteau \u00e0 planer et des \u00e9quipements modernes, performants l\u2019aidant aujourd\u2019hui \u00e0 d\u00e9celer les anomalies m\u00e9caniques&nbsp;: le banc de redressage, o\u00f9 un syst\u00e8me de rayons laser contr\u00f4le son ch\u00e2ssis.<\/p>\n\n\n\n<h3 class=\"has-text-color wp-block-heading\" style=\"color:#42a2a4\">Mati\u00e8res enseign\u00e9es<\/h3>\n\n\n\n<ul class=\"wp-block-list\"><li>Fran\u00e7ais \/ Histoire \u2013 g\u00e9ographie<\/li><li>Math\u00e9matiques \/ Sciences<\/li><li>Anglais<\/li><li>Pr\u00e9vention sant\u00e9 environnement<\/li><li>Arts appliqu\u00e9s<\/li><li>\u00c9ducation physique et sportive<\/li><li>Analyse fonctionnelle et structurelle<\/li><li>Enseignement professionnel<\/li><\/ul>\n\n\n\n<h3 class=\"has-text-color wp-block-heading\" style=\"color:#42a2a4\">Formation technique<\/h3>\n\n\n\n<p>La formation au CFA, d\u2019une dur\u00e9e de 840 heures, se d\u00e9roule sur 2 ann\u00e9es.<\/p>\n\n\n\n<h3 class=\"has-text-color wp-block-heading\" style=\"color:#42a2a4\">Les conditions d\u2019admission<\/h3>\n\n\n\n<p>Avoir entre 16 et 29 ans \u00e0 la date de signature du contrat d\u2019apprentissage. Avoir 15 ans \u00e0 condition de sortir de 3\u00e8me.<\/p>\n\n\n\n<h3 class=\"has-text-color wp-block-heading\" style=\"color:#42a2a4\">Aptitudes<\/h3>\n\n\n\n<p>Habilet\u00e9 manuelle. <br>Minutieux. Curieux. Organis\u00e9. <br>Go\u00fbt pour les nouvelles techniques.<\/p>\n\n\n\n<h3 class=\"has-text-color wp-block-heading\" style=\"color:#42a2a4\">Caract\u00e9ristiques<\/h3>\n\n\n\n<p><strong>Dur\u00e9e&nbsp;:<\/strong>&nbsp;2 ans<br><strong>Statut&nbsp;:&nbsp;<\/strong>Apprenti<br><strong>Alternance&nbsp;:&nbsp;<\/strong>12 semaines par an en centre<br><strong>Internat \/ Demi-pension<\/strong><br><em>R\u00e9mun\u00e9ration de l\u2019apprenti dans le cadre du contrat d\u2019apprentissage<\/em><\/p>\n\n\n\n<p class=\"has-text-color\" style=\"color:#42a2a4\"><strong>Les m\u00e9tiers proches ou associ\u00e9s<\/strong><\/p>\n\n\n\n<ul class=\"wp-block-list\"><li>Carrossier peintre, carrossier r\u00e9parateur, technicien en carrosserie rapide&#8230;<\/li><\/ul>\n\n\n\n<p class=\"has-text-color\" style=\"color:#42a2a4\"><strong>Et apr\u00e8s quelques ann\u00e9es d\u2019exp\u00e9rience&nbsp;:<\/strong><\/p>\n\n\n\n<p>Apr\u00e8s plusieurs ann\u00e9es d\u2019exp\u00e9rience, le carrossier r\u00e9parateur peut prendre des res- responsabilit\u00e9s et devenir chef d\u2019atelier.<\/p>\n\n\n\n<p class=\"has-text-color\" style=\"color:#42a2a4\"><strong>Les poursuites d\u2019\u00e9tudes<\/strong><\/p>\n\n\n\n<ul class=\"wp-block-list\"><li><a href=\"http:\/\/aucun\">CAP Peinture en carrosserie en 1 an<\/a><\/li><li><a href=\"https:\/\/sites.ac-nancy-metz.fr\/lyc-jean-prouve-nancy\/reparation-des-carrosseries\/\">BAC PRO R\u00e9paration des carrosseries en 2 ans<\/a><\/li><\/ul>\n\n\n\n<h3 class=\"has-text-color wp-block-heading\" style=\"color:#42a2a4\">Satisfaction et r\u00e9ussite des apprentis <\/h3>\n\n\n\n<p>71% : Satisfaisant<br>29% : Tr\u00e8s satisfaisant<\/p>\n\n\n\n<p>78.57% de r\u00e9ussite aux examens en 2023<\/p>\n\n\n\n<h3 class=\"has-text-color wp-block-heading\" style=\"color:#42a2a4\">Fiche m\u00e9tier &amp; Vid\u00e9os<\/h3>\n\n\n\n<p><a href=\"http:\/\/www.onisep.fr\/Ressources\/Univers-Metier\/Metiers\/carrossier-iere\">Fiche m\u00e9tier<\/a><\/p>\n\n\n\n<h2 class=\"has-text-color wp-block-heading\" style=\"color:#42a2a4\">Documents joints<\/h2>\n\n\n\n<div class=\"wp-block-file\"><a id=\"wp-block-file--media-26709ac4-2d41-496d-8b3a-d3594afaa5b3\" href=\"https:\/\/sites.ac-nancy-metz.fr\/lyc-jean-prouve-nancy\/wp-content\/uploads\/2024\/06\/UFA-Jean-Prouve-Fiche-produit-CAP-CA.pdf\">CAP Carrossier automobile<\/a><a href=\"https:\/\/sites.ac-nancy-metz.fr\/lyc-jean-prouve-nancy\/wp-content\/uploads\/2024\/06\/UFA-Jean-Prouve-Fiche-produit-CAP-CA.pdf\" class=\"wp-block-file__button\" download aria-describedby=\"wp-block-file--media-26709ac4-2d41-496d-8b3a-d3594afaa5b3\">T\u00e9l\u00e9charger<\/a><\/div>\n\n\n\n<h2 class=\"has-text-color wp-block-heading\" style=\"color:#42a2a4\">Pr\u00e9 candidater<\/h2>\n\n\n\n<p>La pr\u00e9 candidature peut \u00eatre effectu\u00e9e m\u00eame si le jeune n&rsquo;a pas encore trouv\u00e9 de lieu d&rsquo;apprentissage<\/p>\n\n\n\n<div class=\"wp-block-file\"><a id=\"wp-block-file--media-98193eaa-f683-400e-8c4d-949356e58fac\" href=\"https:\/\/sites.ac-nancy-metz.fr\/lyc-jean-prouve-nancy\/wp-content\/uploads\/2024\/06\/pre-candidature.docx\">Plus d&rsquo;informations<\/a><a href=\"https:\/\/sites.ac-nancy-metz.fr\/lyc-jean-prouve-nancy\/wp-content\/uploads\/2024\/06\/pre-candidature.docx\" class=\"wp-block-file__button\" download aria-describedby=\"wp-block-file--media-98193eaa-f683-400e-8c4d-949356e58fac\">T\u00e9l\u00e9charger<\/a><\/div>\n\n\n<div class=\"wp-block-image\">\n<figure class=\"alignleft is-resized\"><img loading=\"lazy\" decoding=\"async\" src=\"https:\/\/sites.ac-nancy-metz.fr\/lyc-jean-prouve-nancy\/wp-content\/uploads\/2024\/06\/QR-CODE-Portail-pre-candidature-netypareo-1.png\" alt=\"\" class=\"wp-image-1558\" width=\"183\" height=\"183\" srcset=\"https:\/\/sites.ac-nancy-metz.fr\/lyc-jean-prouve-nancy\/wp-content\/uploads\/2024\/06\/QR-CODE-Portail-pre-candidature-netypareo-1.png 834w, https:\/\/sites.ac-nancy-metz.fr\/lyc-jean-prouve-nancy\/wp-content\/uploads\/2024\/06\/QR-CODE-Portail-pre-candidature-netypareo-1-300x300.png 300w, https:\/\/sites.ac-nancy-metz.fr\/lyc-jean-prouve-nancy\/wp-content\/uploads\/2024\/06\/QR-CODE-Portail-pre-candidature-netypareo-1-150x150.png 150w, https:\/\/sites.ac-nancy-metz.fr\/lyc-jean-prouve-nancy\/wp-content\/uploads\/2024\/06\/QR-CODE-Portail-pre-candidature-netypareo-1-768x768.png 768w, https:\/\/sites.ac-nancy-metz.fr\/lyc-jean-prouve-nancy\/wp-content\/uploads\/2024\/06\/QR-CODE-Portail-pre-candidature-netypareo-1-600x600.png 600w\" sizes=\"auto, (max-width: 183px) 100vw, 183px\" \/><\/figure>\n<\/div>","protected":false},"excerpt":{"rendered":"<p>CAP Carrossier automobile Formation Initiale en 2 ans sous contrat d\u2019apprentissage Le carrossier r\u00e9pare les voitures accident\u00e9es. Il d\u00e9monte les \u00e9l\u00e9ments ab\u00eem\u00e9s de la carrosserie, remet en forme ceux qui sont r\u00e9parables et remplace ceux qui sont irr\u00e9cup\u00e9rables. Il remet en \u00e9tat le v\u00e9hicule accident\u00e9. Il utilise le marteau \u00e0 planer et des \u00e9quipements modernes, [&hellip;]<\/p>\n","protected":false},"author":2,"featured_media":0,"parent":0,"menu_order":0,"comment_status":"closed","ping_status":"closed","template":"","meta":{"footnotes":""},"class_list":["post-816","page","type-page","status-publish","hentry","entry"],"_links":{"self":[{"href":"https:\/\/sites.ac-nancy-metz.fr\/lyc-jean-prouve-nancy\/wp-json\/wp\/v2\/pages\/816","targetHints":{"allow":["GET"]}}],"collection":[{"href":"https:\/\/sites.ac-nancy-metz.fr\/lyc-jean-prouve-nancy\/wp-json\/wp\/v2\/pages"}],"about":[{"href":"https:\/\/sites.ac-nancy-metz.fr\/lyc-jean-prouve-nancy\/wp-json\/wp\/v2\/types\/page"}],"author":[{"embeddable":true,"href":"https:\/\/sites.ac-nancy-metz.fr\/lyc-jean-prouve-nancy\/wp-json\/wp\/v2\/users\/2"}],"replies":[{"embeddable":true,"href":"https:\/\/sites.ac-nancy-metz.fr\/lyc-jean-prouve-nancy\/wp-json\/wp\/v2\/comments?post=816"}],"version-history":[{"count":8,"href":"https:\/\/sites.ac-nancy-metz.fr\/lyc-jean-prouve-nancy\/wp-json\/wp\/v2\/pages\/816\/revisions"}],"predecessor-version":[{"id":1569,"href":"https:\/\/sites.ac-nancy-metz.fr\/lyc-jean-prouve-nancy\/wp-json\/wp\/v2\/pages\/816\/revisions\/1569"}],"wp:attachment":[{"href":"https:\/\/sites.ac-nancy-metz.fr\/lyc-jean-prouve-nancy\/wp-json\/wp\/v2\/media?parent=816"}],"curies":[{"name":"wp","href":"https:\/\/api.w.org\/{rel}","templated":true}]}}