{"id":156,"date":"2022-12-21T19:04:29","date_gmt":"2022-12-21T18:04:29","guid":{"rendered":"https:\/\/sites.ac-nancy-metz.fr\/lyc-p-montigny-les-metz\/?page_id=156"},"modified":"2022-12-21T19:18:39","modified_gmt":"2022-12-21T18:18:39","slug":"amenagement-et-finition-du-batiment-peintre-applicateur-de-revetement","status":"publish","type":"page","link":"https:\/\/sites.ac-nancy-metz.fr\/lyc-p-montigny-les-metz\/formations\/formations\/amenagement-et-finition-du-batiment-peintre-applicateur-de-revetement\/","title":{"rendered":"Am\u00e9nagement et Finition du B\u00e2timent (Bac Pro) \/ Peintre Applicateur de Rev\u00eatements (CAP)"},"content":{"rendered":"<style id=\"kb-rowlayout_7298a1-b9\">#kt-layout-id_7298a1-b9 > .kt-row-column-wrap.kb-theme-content-width{max-width:1290px;}.kt-layout-id_7298a1-b9 > .kb-theme-content-width{padding-left:var(--global-content-edge-padding);padding-right:var(--global-content-edge-padding);}#kt-layout-id_7298a1-b9 > .kt-row-column-wrap{padding-top:50px;padding-bottom:50px;}<\/style>\n<div class=\"wp-block-kadence-rowlayout alignnone\"><div id=\"kt-layout-id_7298a1-b9\" class=\"kt-row-layout-inner kt-layout-id_7298a1-b9\"><div class=\"kt-row-column-wrap kt-has-1-columns kt-gutter-default kt-v-gutter-default kt-row-valign-top kt-row-layout-equal kt-tab-layout-inherit kt-m-colapse-left-to-right kt-mobile-layout-row kb-theme-content-width\">\n<div class=\"wp-block-kadence-column inner-column-1 kadence-column_bd73d4-55\"><div class=\"kt-inside-inner-col\"><style id=\"kb-tabs_a2ba27-da\">.kt-tabs-id_a2ba27-da > .kt-tabs-content-wrap > .wp-block-kadence-tab {border-width:1px 0px 0px 0px;min-height:510px;border-color:#eee;background:#fff;}.wp-block-kadence-tabs .kt-tabs-id_a2ba27-da > .kt-tabs-title-list li {margin:0px 4px 0px 4px;}.wp-block-kadence-tabs .kt-tabs-id_a2ba27-da > .kt-tabs-title-list li .kt-tab-title, .wp-block-kadence-tabs .kt-tabs-id_a2ba27-da > .kt-tabs-content-wrap > .kt-tabs-accordion-title .kt-tab-title {font-size:22px;line-height:35px;font-family:Playball;font-weight:400;border-width:0px 0px 5px 0px ;border-radius:0px 0px 0px 0px ;padding:10px 20px 10px 20px ;border-color:#fff;color:#575757;background:#fff;}.wp-block-kadence-tabs .kt-tabs-id_a2ba27-da > .kt-tabs-title-list li .kt-tab-title:hover, .wp-block-kadence-tabs .kt-tabs-id_a2ba27-da > .kt-tabs-content-wrap > .kt-tabs-accordion-title .kt-tab-title:hover {border-color:#eee;color:#444;background:#fff;}.wp-block-kadence-tabs .kt-tabs-id_a2ba27-da > .kt-tabs-title-list li.kt-tab-title-active .kt-tab-title, .wp-block-kadence-tabs .kt-tabs-id_a2ba27-da > .kt-tabs-content-wrap > .kt-tabs-accordion-title.kt-tab-title-active .kt-tab-title  {border-color:#00b5e2;color:#00b5e2;background:#fff;}<\/style>\n<div class=\"wp-block-kadence-tabs alignnone layout-tabs\"><div class=\"kt-tabs-wrap kt-tabs-id_a2ba27-da kt-tabs-has-2-tabs kt-active-tab-1 kt-tabs-layout-tabs kt-tabs-tablet-layout-inherit kt-tabs-mobile-layout-accordion kt-tab-alignment-center kt-create-accordion\" style=\"max-width:none\"><ul class=\"kt-tabs-title-list\"><li id=\"tab-bacproafb\" class=\"kt-title-item kt-title-item-1 kt-tabs-svg-show-always kt-tabs-icon-side-left kt-tab-title-active\"><a href=\"#tab-bacproafb\" data-tab=\"1\" class=\"kt-tab-title kt-tab-title-1 \"><span class=\"kt-title-text\">Bac Pro AFB<\/span><\/a><\/li><li id=\"tab-cappar\" class=\"kt-title-item kt-title-item-2 kt-tabs-svg-show-always kt-tabs-icon-side-left kt-tab-title-inactive\"><a href=\"#tab-cappar\" data-tab=\"2\" class=\"kt-tab-title kt-tab-title-2 \"><span class=\"kt-title-text\">CAP PAR<\/span><\/a><\/li><\/ul><div class=\"kt-tabs-content-wrap\">\n<div class=\"wp-block-kadence-tab kt-tab-inner-content kt-inner-tab-1 kt-inner-tab_90f1e4-0d\"><div class=\"kt-tab-inner-content-inner\">\n<div class=\"wp-block-kadence-rowlayout alignnone\"><div id=\"kt-layout-id_eace53-63\" class=\"kt-row-layout-inner kt-layout-id_eace53-63\"><div class=\"kt-row-column-wrap kt-has-4-columns kt-gutter-default kt-v-gutter-default kt-row-valign-top kt-row-layout-left-forty kt-tab-layout-inherit kt-m-colapse-left-to-right kt-mobile-layout-row\">\n<div class=\"wp-block-kadence-column inner-column-1 kadence-column_4bb33e-dc\"><div class=\"kt-inside-inner-col\">\n<figure class=\"wp-block-image size-full\"><img loading=\"lazy\" decoding=\"async\" width=\"1024\" height=\"685\" src=\"https:\/\/sites.ac-nancy-metz.fr\/lyc-p-montigny-les-metz\/wp-content\/uploads\/2022\/12\/AF7.jpg\" alt=\"\" class=\"wp-image-157\"\/><\/figure>\n<\/div><\/div>\n\n\n\n<div class=\"wp-block-kadence-column inner-column-2 kadence-column_08faef-a7\"><div class=\"kt-inside-inner-col\">\n<p>LE METIER<\/p>\n\n\n\n<p class=\"has-small-font-size\">Le titulaire du Bac Pro\u00a0<strong>Am\u00e9nagement et Finition du B\u00e2timent<\/strong>\u00a0intervient sur des chantiers, dans le cadre de travaux neufs ou de r\u00e9novation de b\u00e2timents, pour la mise en oeuvre de diff\u00e9rents ouvrages de partition int\u00e9rieure des locaux (cloisons, plafonds), la pose de rev\u00eatements (murs, sols) et l&rsquo;application de produits de finition \u00e0 l&rsquo;ext\u00e9rieur et \u00e0 l&rsquo;int\u00e9rieur (pl\u00e2tre, peinture&#8230;).<br>Ses fonctions portent sur la r\u00e9alisation et la conduite des travaux. Il veille notamment \u00e0 la continuit\u00e9 du chantier et au respect des d\u00e9lais. Sous la responsabilit\u00e9 du chef d&rsquo;entreprise ou du conducteur de travaux, il m\u00e8ne son intervention en s&rsquo;appuyant sur les \u00e9tudes techniques r\u00e9alis\u00e9es par l&rsquo;entreprise. Il a \u00e9galement pour mission d&rsquo;encadrer et d&rsquo;animer une \u00e9quipe de quatre ou cinq personnes.<\/p>\n\n\n\n<p class=\"has-small-font-size\"><strong>Secteurs d&rsquo;activit\u00e9 :<\/strong><br>Entreprises du b\u00e2timent<br>Entreprises de r\u00e9novation<br>Am\u00e9nagement et d\u00e9coration int\u00e9rieure<\/p>\n<\/div><\/div>\n\n\n\n<div class=\"wp-block-kadence-column inner-column-3 kadence-column_26a0bb-67\"><div class=\"kt-inside-inner-col\">\n<p>LA FORMATION<\/p>\n\n\n\n<p class=\"has-small-font-size\">Ce bac pro se pr\u00e9pare en trois apr\u00e8s la classe de troisi\u00e8me. La formation comprend 6 p\u00e9riodes de formation en entreprises, soit 22 semaines r\u00e9parties sur les trois ann\u00e9es.<br><strong><br>BAC PRO Am\u00e9nagement et Finition du B\u00e2timent<\/strong><br><strong>Enseignement G\u00e9n\u00e9ral :<\/strong><br>Math\u00e9matiques, Sciences physiques, Langue vivante, Fran\u00e7ais, Histoire g\u00e9ographie, Education artistique, arts appliqu\u00e9s, Education Physique et Sportive, Hygi\u00e8ne pr\u00e9vention secourisme.<\/p>\n\n\n\n<p class=\"has-small-font-size\"><strong>Enseignement Professionnel :<\/strong><\/p>\n\n\n\n<ul class=\"has-small-font-size wp-block-list\">\n<li>Analyse technique d&rsquo;un ouvrage<\/li>\n\n\n\n<li>Pr\u00e9paration et suivi d&rsquo;une fabrication et d&rsquo;une mise en oeuvre sur chantier<\/li>\n\n\n\n<li>Pr\u00e9sentation d&rsquo;un dossier d&rsquo;activit\u00e9<\/li>\n\n\n\n<li>Fabrication d&rsquo;un ouvrage<\/li>\n\n\n\n<li>Mise en oeuvre d&rsquo;un ouvrage sur chantier<\/li>\n<\/ul>\n<\/div><\/div>\n\n\n\n<div class=\"wp-block-kadence-column inner-column-4 kadence-column_6b0551-1c\"><div class=\"kt-inside-inner-col\">\n<p>LES DEBOUCHES<\/p>\n\n\n\n<p class=\"has-small-font-size\">Le titulaire du Bac Pro AFB peut \u00e9voluer dans son m\u00e9tier en fonction de son exp\u00e9rience et de ses attentes.<br>Il pourra acc\u00e9der \u00e0 des responsabilit\u00e9s d&rsquo;encadrement de chantier, cr\u00e9er ou reprendre une entreprise de ce secteur d&rsquo;activit\u00e9s.<br>Dans tous les cas un large avenir professionnel est ouvert: postes de chef d&rsquo;\u00e9quipe, cr\u00e9ation d&rsquo;entreprise artisanale sont tout \u00e0 fait envisageables<br>dans des domaines tr\u00e8s vari\u00e9s comme la d\u00e9coration, l&rsquo;am\u00e9nagement et la finition.<\/p>\n\n\n\n<p class=\"has-small-font-size\"><strong>Poursuite d&rsquo;\u00e9tudes apr\u00e8s le Bac Professionnel&nbsp;<\/strong><strong>Am\u00e9nagement et Finition du B\u00e2timent :<\/strong><br>BP Peinture rev\u00eatements<br>BP Pl\u00e2trerie et plaque<br>MC Peinture d\u00e9coration<br>BTS Am\u00e9nagement finition<\/p>\n<\/div><\/div>\n<\/div><\/div><\/div>\n<\/div><\/div>\n\n\n\n<div class=\"wp-block-kadence-tab kt-tab-inner-content kt-inner-tab-2 kt-inner-tab_1c3ce4-64\"><div class=\"kt-tab-inner-content-inner\">\n<div class=\"wp-block-kadence-rowlayout alignnone\"><div id=\"kt-layout-id_6f817f-31\" class=\"kt-row-layout-inner kt-layout-id_6f817f-31\"><div class=\"kt-row-column-wrap kt-has-1-columns kt-gutter-default kt-v-gutter-default kt-row-valign-top kt-row-layout-equal kt-tab-layout-inherit kt-m-colapse-left-to-right kt-mobile-layout-row\">\n<div class=\"wp-block-kadence-column inner-column-1 kadence-column_4a750d-28\"><div class=\"kt-inside-inner-col\">\n<div class=\"wp-block-kadence-rowlayout alignnone\"><div id=\"kt-layout-id_3e4f06-18\" class=\"kt-row-layout-inner kt-layout-id_3e4f06-18\"><div class=\"kt-row-column-wrap kt-has-2-columns kt-gutter-default kt-v-gutter-default kt-row-valign-top kt-row-layout-left-golden kt-tab-layout-inherit kt-m-colapse-left-to-right kt-mobile-layout-row\">\n<div class=\"wp-block-kadence-column inner-column-1 kadence-column_3d8f91-c3\"><div class=\"kt-inside-inner-col\">\n<figure class=\"wp-block-image size-full\"><img loading=\"lazy\" decoding=\"async\" width=\"579\" height=\"510\" src=\"https:\/\/sites.ac-nancy-metz.fr\/lyc-p-montigny-les-metz\/wp-content\/uploads\/2022\/12\/AFa.jpg\" alt=\"\" class=\"wp-image-165\"\/><\/figure>\n<\/div><\/div>\n\n\n\n<div class=\"wp-block-kadence-column inner-column-2 kadence-column_b34d05-f9\"><div class=\"kt-inside-inner-col\">\n<p class=\"has-small-font-size\">Les titulaires de ce CAP pourront exercer chez un artisan peintre ou encore dans une PME (Petite et Moyenne Entreprise), parfois m\u00eame dans une grande entreprise du b\u00e2timent, sp\u00e9cialis\u00e9s dans la peinture, le ravalement et la r\u00e9novation d&rsquo;immeubles.<br>Il travailleront en tant que peintre en b\u00e2timent \u00e0 la d\u00e9coration int\u00e9rieure et ext\u00e9rieure mais aussi \u00e0 la r\u00e9novation des b\u00e2timents \u00e0 usage d&rsquo;habitation ainsi que des locaux industriels et commerciaux.<\/p>\n\n\n\n<p class=\"has-small-font-size\">Les t\u00e2ches ex\u00e9cutables par un peintre en b\u00e2timent sont tr\u00e8s variables et touchent \u00e0 tous les types de supports : plafonds, murs, sols, charpentes, enduits, rev\u00eatements coll\u00e9s (moquette, papiers peints), peinture int\u00e9rieure et\/ou ext\u00e9rieure.<\/p>\n\n\n\n<p class=\"has-small-font-size\">Les activit\u00e9s du peintre en b\u00e2timent sont plus ou moins diversifi\u00e9es selon la taille de l&rsquo;entreprise dans laquelle il travaille. Le travail est souvent parcellaire dans les PME ou les grosses entreprises, et plus diversifi\u00e9 chez un artisan.<\/p>\n<\/div><\/div>\n<\/div><\/div><\/div>\n<\/div><\/div>\n<\/div><\/div><\/div>\n<\/div><\/div>\n<\/div><\/div><\/div>\n<\/div><\/div>\n<\/div><\/div><\/div>\n","protected":false},"excerpt":{"rendered":"","protected":false},"author":1,"featured_media":0,"parent":117,"menu_order":0,"comment_status":"closed","ping_status":"closed","template":"","meta":{"_kad_post_transparent":"","_kad_post_title":"","_kad_post_layout":"fullwidth","_kad_post_sidebar_id":"","_kad_post_content_style":"","_kad_post_vertical_padding":"","_kad_post_feature":"","_kad_post_feature_position":"","_kad_post_header":false,"_kad_post_footer":false,"footnotes":""},"class_list":["post-156","page","type-page","status-publish","hentry"],"_links":{"self":[{"href":"https:\/\/sites.ac-nancy-metz.fr\/lyc-p-montigny-les-metz\/wp-json\/wp\/v2\/pages\/156","targetHints":{"allow":["GET"]}}],"collection":[{"href":"https:\/\/sites.ac-nancy-metz.fr\/lyc-p-montigny-les-metz\/wp-json\/wp\/v2\/pages"}],"about":[{"href":"https:\/\/sites.ac-nancy-metz.fr\/lyc-p-montigny-les-metz\/wp-json\/wp\/v2\/types\/page"}],"author":[{"embeddable":true,"href":"https:\/\/sites.ac-nancy-metz.fr\/lyc-p-montigny-les-metz\/wp-json\/wp\/v2\/users\/1"}],"replies":[{"embeddable":true,"href":"https:\/\/sites.ac-nancy-metz.fr\/lyc-p-montigny-les-metz\/wp-json\/wp\/v2\/comments?post=156"}],"version-history":[{"count":5,"href":"https:\/\/sites.ac-nancy-metz.fr\/lyc-p-montigny-les-metz\/wp-json\/wp\/v2\/pages\/156\/revisions"}],"predecessor-version":[{"id":170,"href":"https:\/\/sites.ac-nancy-metz.fr\/lyc-p-montigny-les-metz\/wp-json\/wp\/v2\/pages\/156\/revisions\/170"}],"up":[{"embeddable":true,"href":"https:\/\/sites.ac-nancy-metz.fr\/lyc-p-montigny-les-metz\/wp-json\/wp\/v2\/pages\/117"}],"wp:attachment":[{"href":"https:\/\/sites.ac-nancy-metz.fr\/lyc-p-montigny-les-metz\/wp-json\/wp\/v2\/media?parent=156"}],"curies":[{"name":"wp","href":"https:\/\/api.w.org\/{rel}","templated":true}]}}