{"id":276,"date":"2022-12-26T16:01:52","date_gmt":"2022-12-26T15:01:52","guid":{"rendered":"https:\/\/sites.ac-nancy-metz.fr\/lyc-p-montigny-les-metz\/?page_id=276"},"modified":"2023-01-07T11:36:19","modified_gmt":"2023-01-07T10:36:19","slug":"les-c-p-e","status":"publish","type":"page","link":"https:\/\/sites.ac-nancy-metz.fr\/lyc-p-montigny-les-metz\/administration\/les-c-p-e\/","title":{"rendered":"Les C.P.E."},"content":{"rendered":"\n<div class=\"wp-block-kadence-rowlayout alignnone\"><div id=\"kt-layout-id_9b2820-75\" class=\"kt-row-layout-inner kt-layout-id_9b2820-75\"><div class=\"kt-row-column-wrap kt-has-2-columns kt-gutter-default kt-v-gutter-default kt-row-valign-top kt-row-layout-left-golden kt-tab-layout-inherit kt-m-colapse-left-to-right kt-mobile-layout-row\">\n<div class=\"wp-block-kadence-column inner-column-1 kadence-column_5954e5-78\"><div class=\"kt-inside-inner-col\"><style id=\"kb-rowlayout_2d7a2d-b4\">@media all and (min-width: 768px){#kt-layout-id_2d7a2d-b4 > .kt-row-column-wrap > .inner-column-1{flex:0 1 20%;-webkit-flex:0 1 20%;}#kt-layout-id_2d7a2d-b4 > .kt-row-column-wrap > .inner-column-2{flex:0 1 20%;-webkit-flex:0 1 20%;}#kt-layout-id_2d7a2d-b4 > .kt-row-column-wrap > .inner-column-3{flex:0 1 60%;-webkit-flex:0 1 60%;}}<\/style>\n<div class=\"wp-block-kadence-rowlayout alignnone\"><div id=\"kt-layout-id_2d7a2d-b4\" class=\"kt-row-layout-inner kt-layout-id_2d7a2d-b4\"><div class=\"kt-row-column-wrap kt-has-3-columns kt-gutter-default kt-v-gutter-default kt-row-valign-top kt-row-layout-equal kt-tab-layout-inherit kt-m-colapse-left-to-right kt-mobile-layout-row  kt-custom-first-width-20  kt-custom-second-width-20  kt-custom-third-width-60\">\n<div class=\"wp-block-kadence-column inner-column-1 kadence-column_7bf4ce-d2\"><div class=\"kt-inside-inner-col\">\n<p><strong><small>Les Conseillers Principaux<\/small> <small>d\u2019Education<\/small><\/strong><\/p>\n<\/div><\/div>\n\n\n\n<div class=\"wp-block-kadence-column inner-column-2 kadence-column_34abea-5e\"><div class=\"kt-inside-inner-col\">\n<p class=\"has-theme-palette-1-color has-text-color\">Murielle BERTHE<\/p>\n\n\n\n<p class=\"has-theme-palette-1-color has-text-color\">Carole SCHMITT<\/p>\n<\/div><\/div>\n\n\n\n<div class=\"wp-block-kadence-column inner-column-3 kadence-column_049e68-e4\"><div class=\"kt-inside-inner-col\">\n<p class=\"has-small-font-size\">Leurs responsabilit\u00e9s s\u2019exercent dans trois domaines :<\/p>\n\n\n\n<p class=\"has-small-font-size\">Le contr\u00f4le des effectifs, la ponctualit\u00e9 et l\u2019assiduit\u00e9 des \u00e9l\u00e8ves, l\u2019organisation et le contr\u00f4le du travail des assistants&nbsp;d\u2019\u00e9ducation des mouvements des \u00e9l\u00e8ves.<\/p>\n\n\n\n<p class=\"has-small-font-size\">La collaboration avec le personnel enseignant&nbsp;: \u00e9changes d\u2019informations avec les professeurs sur le comportement et&nbsp;l\u2019activit\u00e9 de l\u2019\u00e9l\u00e8ve (r\u00e9sultats, conditions du travail, suivi de la vie de classe\u2026.<\/p>\n\n\n\n<p class=\"has-small-font-size\">L\u2019animation \u00e9ducative (relations et contacts directs avec les \u00e9l\u00e8ves sur le plan collectif (classes ou groupes) et sur le plan individuel (comportements, travail, probl\u00e8mes personnels) ; organisation de la concertation et de la participation (formation, \u00e9lection et r\u00e9unions des d\u00e9l\u00e9gu\u00e9s \u00e9l\u00e8ves).<\/p>\n<\/div><\/div>\n<\/div><\/div><\/div>\n\n\n<style id=\"kb-rowlayout_411d76-28\">@media all and (min-width: 768px){#kt-layout-id_411d76-28 > .kt-row-column-wrap > .inner-column-1{flex:0 1 20%;-webkit-flex:0 1 20%;}#kt-layout-id_411d76-28 > .kt-row-column-wrap > .inner-column-2{flex:0 1 20%;-webkit-flex:0 1 20%;}#kt-layout-id_411d76-28 > .kt-row-column-wrap > .inner-column-3{flex:0 1 60%;-webkit-flex:0 1 60%;}}<\/style>\n<div class=\"wp-block-kadence-rowlayout alignnone\"><div id=\"kt-layout-id_411d76-28\" class=\"kt-row-layout-inner kt-layout-id_411d76-28\"><div class=\"kt-row-column-wrap kt-has-3-columns kt-gutter-default kt-v-gutter-default kt-row-valign-top kt-row-layout-equal kt-tab-layout-inherit kt-m-colapse-left-to-right kt-mobile-layout-row  kt-custom-first-width-20  kt-custom-second-width-20  kt-custom-third-width-60\">\n<div class=\"wp-block-kadence-column inner-column-1 kadence-column_d69bb4-26\"><div class=\"kt-inside-inner-col\">\n<p><\/p>\n<\/div><\/div>\n\n\n\n<div class=\"wp-block-kadence-column inner-column-2 kadence-column_6f71c6-7f\"><div class=\"kt-inside-inner-col\">\n<p class=\"has-theme-palette-1-color has-text-color\"><\/p>\n<\/div><\/div>\n\n\n\n<div class=\"wp-block-kadence-column inner-column-3 kadence-column_759c20-d7\"><div class=\"kt-inside-inner-col\">\n<p>Ligne directe : <strong>03 87 62 99 59<\/strong><\/p>\n\n\n\n<p>mail : viescobtp@gmail.com<\/p>\n<\/div><\/div>\n<\/div><\/div><\/div>\n<\/div><\/div>\n\n\n\n<div class=\"wp-block-kadence-column inner-column-2 kadence-column_8241e5-50\"><div class=\"kt-inside-inner-col\">\n<figure class=\"wp-block-kadence-image kb-image_41632c-ff size-full\"><img loading=\"lazy\" decoding=\"async\" width=\"300\" height=\"350\" src=\"https:\/\/sites.ac-nancy-metz.fr\/lyc-p-montigny-les-metz\/wp-content\/uploads\/2022\/12\/lycee_9.jpg\" alt=\"\" class=\"kb-img wp-image-277\"\/><\/figure>\n<\/div><\/div>\n<\/div><\/div><\/div>\n","protected":false},"excerpt":{"rendered":"<p>Les Conseillers Principaux d\u2019Education Murielle BERTHE Carole SCHMITT Leurs responsabilit\u00e9s s\u2019exercent dans trois domaines : Le contr\u00f4le des effectifs, la ponctualit\u00e9 et l\u2019assiduit\u00e9 des \u00e9l\u00e8ves, l\u2019organisation et le contr\u00f4le du travail des assistants&nbsp;d\u2019\u00e9ducation des mouvements des \u00e9l\u00e8ves. La collaboration avec le personnel enseignant&nbsp;: \u00e9changes d\u2019informations avec les professeurs sur le comportement et&nbsp;l\u2019activit\u00e9 de l\u2019\u00e9l\u00e8ve (r\u00e9sultats,&#8230;<\/p>\n","protected":false},"author":1,"featured_media":0,"parent":17,"menu_order":0,"comment_status":"closed","ping_status":"closed","template":"","meta":{"_kad_post_transparent":"","_kad_post_title":"","_kad_post_layout":"","_kad_post_sidebar_id":"","_kad_post_content_style":"","_kad_post_vertical_padding":"","_kad_post_feature":"","_kad_post_feature_position":"","_kad_post_header":false,"_kad_post_footer":false,"footnotes":""},"class_list":["post-276","page","type-page","status-publish","hentry"],"_links":{"self":[{"href":"https:\/\/sites.ac-nancy-metz.fr\/lyc-p-montigny-les-metz\/wp-json\/wp\/v2\/pages\/276","targetHints":{"allow":["GET"]}}],"collection":[{"href":"https:\/\/sites.ac-nancy-metz.fr\/lyc-p-montigny-les-metz\/wp-json\/wp\/v2\/pages"}],"about":[{"href":"https:\/\/sites.ac-nancy-metz.fr\/lyc-p-montigny-les-metz\/wp-json\/wp\/v2\/types\/page"}],"author":[{"embeddable":true,"href":"https:\/\/sites.ac-nancy-metz.fr\/lyc-p-montigny-les-metz\/wp-json\/wp\/v2\/users\/1"}],"replies":[{"embeddable":true,"href":"https:\/\/sites.ac-nancy-metz.fr\/lyc-p-montigny-les-metz\/wp-json\/wp\/v2\/comments?post=276"}],"version-history":[{"count":5,"href":"https:\/\/sites.ac-nancy-metz.fr\/lyc-p-montigny-les-metz\/wp-json\/wp\/v2\/pages\/276\/revisions"}],"predecessor-version":[{"id":461,"href":"https:\/\/sites.ac-nancy-metz.fr\/lyc-p-montigny-les-metz\/wp-json\/wp\/v2\/pages\/276\/revisions\/461"}],"up":[{"embeddable":true,"href":"https:\/\/sites.ac-nancy-metz.fr\/lyc-p-montigny-les-metz\/wp-json\/wp\/v2\/pages\/17"}],"wp:attachment":[{"href":"https:\/\/sites.ac-nancy-metz.fr\/lyc-p-montigny-les-metz\/wp-json\/wp\/v2\/media?parent=276"}],"curies":[{"name":"wp","href":"https:\/\/api.w.org\/{rel}","templated":true}]}}