{"id":403,"date":"2022-12-28T11:43:41","date_gmt":"2022-12-28T10:43:41","guid":{"rendered":"https:\/\/sites.ac-nancy-metz.fr\/lyc-p-montigny-les-metz\/?page_id=403"},"modified":"2023-01-24T17:44:28","modified_gmt":"2023-01-24T16:44:28","slug":"ulis","status":"publish","type":"page","link":"https:\/\/sites.ac-nancy-metz.fr\/lyc-p-montigny-les-metz\/formations\/dispositifs\/ulis\/","title":{"rendered":"ULIS"},"content":{"rendered":"<style id=\"kb-rowlayout_5fce1a-0f\">@media all and (min-width: 768px){#kt-layout-id_5fce1a-0f > .kt-row-column-wrap > .inner-column-1{flex:0 1 50%;-webkit-flex:0 1 50%;}#kt-layout-id_5fce1a-0f > .kt-row-column-wrap > .inner-column-2{flex:0 1 50%;-webkit-flex:0 1 50%;}}<\/style>\n<div class=\"wp-block-kadence-rowlayout alignnone\"><div id=\"kt-layout-id_5fce1a-0f\" class=\"kt-row-layout-inner kt-layout-id_5fce1a-0f\"><div class=\"kt-row-column-wrap kt-has-2-columns kt-gutter-default kt-v-gutter-default kt-row-valign-top kt-row-layout-right-golden kt-tab-layout-inherit kt-m-colapse-left-to-right kt-mobile-layout-row  kt-custom-first-width-50  kt-custom-second-width-50\">\n<div class=\"wp-block-kadence-column inner-column-1 kadence-column_b1ebb8-fb\"><div class=\"kt-inside-inner-col\">\n<div class=\"wp-block-kadence-advancedgallery kb-gallery-wrap-id-_8e1ca5-cc\"><div class=\"kb-gallery-ul kb-gallery-type-slider kb-gallery-id-_8e1ca5-cc kb-gallery-caption-style-bottom-hover kb-gallery-filter-none\" data-image-filter=\"none\" data-lightbox-caption=\"true\"><div class=\"kt-blocks-carousel kt-carousel-container-dotstyle-dark\"><div class=\"kt-blocks-carousel-init kb-blocks-slider kt-carousel-arrowstyle-whiteondark kt-carousel-dotstyle-dark\" data-slider-anim-speed=\"400\" data-slider-type=\"slider\" data-slider-scroll=\"1\" data-slider-arrows=\"true\" data-slider-dots=\"true\" data-slider-hover-pause=\"false\" data-slider-auto=\"true\" data-slider-speed=\"7000\"><div class=\"kb-slide-item kb-gallery-slide-item\"><div class=\"kadence-blocks-gallery-item\"><div class=\"kadence-blocks-gallery-item-inner\"><figure class=\"kb-gallery-figure kadence-blocks-gallery-item-hide-caption kb-has-image-ratio-land43\"><div class=\"kb-gal-image-radius\"><div class=\"kb-gallery-image-contain kadence-blocks-gallery-intrinsic kb-gallery-image-ratio-land43\"><img loading=\"lazy\" decoding=\"async\" src=\"https:\/\/sites.ac-nancy-metz.fr\/lyc-p-montigny-les-metz\/wp-content\/uploads\/2023\/01\/PresULIS-1.jpg\" width=\"600\" height=\"450\" alt=\"\" data-full-image=\"https:\/\/sites.ac-nancy-metz.fr\/lyc-p-montigny-les-metz\/wp-content\/uploads\/2023\/01\/PresULIS-1.jpg\" data-light-image=\"https:\/\/sites.ac-nancy-metz.fr\/lyc-p-montigny-les-metz\/wp-content\/uploads\/2023\/01\/PresULIS-1.jpg\" data-id=\"478\" data-link=\"https:\/\/sites.ac-nancy-metz.fr\/lyc-p-montigny-les-metz\/actions\/ulis\/microsoft-powerpoint-presentation-ulis-bassin-metz-rentree-201-2\/\" data-custom-link=\"\" data-custom-link-target=\"\" data-sponsored=\"\" class=\"wp-image-478 skip-lazy\"\/><\/div><\/div><\/figure><\/div><\/div><\/div><div class=\"kb-slide-item kb-gallery-slide-item\"><div class=\"kadence-blocks-gallery-item\"><div class=\"kadence-blocks-gallery-item-inner\"><figure class=\"kb-gallery-figure kadence-blocks-gallery-item-hide-caption kb-has-image-ratio-land43\"><div class=\"kb-gal-image-radius\"><div class=\"kb-gallery-image-contain kadence-blocks-gallery-intrinsic kb-gallery-image-ratio-land43\"><img loading=\"lazy\" decoding=\"async\" src=\"https:\/\/sites.ac-nancy-metz.fr\/lyc-p-montigny-les-metz\/wp-content\/uploads\/2023\/01\/PresULIS-2.jpg\" width=\"600\" height=\"450\" alt=\"\" data-full-image=\"https:\/\/sites.ac-nancy-metz.fr\/lyc-p-montigny-les-metz\/wp-content\/uploads\/2023\/01\/PresULIS-2.jpg\" data-light-image=\"https:\/\/sites.ac-nancy-metz.fr\/lyc-p-montigny-les-metz\/wp-content\/uploads\/2023\/01\/PresULIS-2.jpg\" data-id=\"479\" data-link=\"https:\/\/sites.ac-nancy-metz.fr\/lyc-p-montigny-les-metz\/actions\/ulis\/microsoft-powerpoint-presentation-ulis-bassin-metz-rentree-201-3\/\" data-custom-link=\"\" data-custom-link-target=\"\" data-sponsored=\"\" class=\"wp-image-479 skip-lazy\"\/><\/div><\/div><\/figure><\/div><\/div><\/div><div class=\"kb-slide-item kb-gallery-slide-item\"><div class=\"kadence-blocks-gallery-item\"><div class=\"kadence-blocks-gallery-item-inner\"><figure class=\"kb-gallery-figure kadence-blocks-gallery-item-hide-caption kb-has-image-ratio-land43\"><div class=\"kb-gal-image-radius\"><div class=\"kb-gallery-image-contain kadence-blocks-gallery-intrinsic kb-gallery-image-ratio-land43\"><img loading=\"lazy\" decoding=\"async\" src=\"https:\/\/sites.ac-nancy-metz.fr\/lyc-p-montigny-les-metz\/wp-content\/uploads\/2023\/01\/PresULIS-3.jpg\" width=\"600\" height=\"450\" alt=\"\" data-full-image=\"https:\/\/sites.ac-nancy-metz.fr\/lyc-p-montigny-les-metz\/wp-content\/uploads\/2023\/01\/PresULIS-3.jpg\" data-light-image=\"https:\/\/sites.ac-nancy-metz.fr\/lyc-p-montigny-les-metz\/wp-content\/uploads\/2023\/01\/PresULIS-3.jpg\" data-id=\"480\" data-link=\"https:\/\/sites.ac-nancy-metz.fr\/lyc-p-montigny-les-metz\/actions\/ulis\/microsoft-powerpoint-presentation-ulis-bassin-metz-rentree-201-4\/\" data-custom-link=\"\" data-custom-link-target=\"\" data-sponsored=\"\" class=\"wp-image-480 skip-lazy\"\/><\/div><\/div><\/figure><\/div><\/div><\/div><div class=\"kb-slide-item kb-gallery-slide-item\"><div class=\"kadence-blocks-gallery-item\"><div class=\"kadence-blocks-gallery-item-inner\"><figure class=\"kb-gallery-figure kadence-blocks-gallery-item-hide-caption kb-has-image-ratio-land43\"><div class=\"kb-gal-image-radius\"><div class=\"kb-gallery-image-contain kadence-blocks-gallery-intrinsic kb-gallery-image-ratio-land43\"><img loading=\"lazy\" decoding=\"async\" src=\"https:\/\/sites.ac-nancy-metz.fr\/lyc-p-montigny-les-metz\/wp-content\/uploads\/2023\/01\/PresULIS-4.jpg\" width=\"600\" height=\"450\" alt=\"\" data-full-image=\"https:\/\/sites.ac-nancy-metz.fr\/lyc-p-montigny-les-metz\/wp-content\/uploads\/2023\/01\/PresULIS-4.jpg\" data-light-image=\"https:\/\/sites.ac-nancy-metz.fr\/lyc-p-montigny-les-metz\/wp-content\/uploads\/2023\/01\/PresULIS-4.jpg\" data-id=\"481\" data-link=\"https:\/\/sites.ac-nancy-metz.fr\/lyc-p-montigny-les-metz\/actions\/ulis\/microsoft-powerpoint-presentation-ulis-bassin-metz-rentree-201-5\/\" data-custom-link=\"\" data-custom-link-target=\"\" data-sponsored=\"\" class=\"wp-image-481 skip-lazy\"\/><\/div><\/div><\/figure><\/div><\/div><\/div><div class=\"kb-slide-item kb-gallery-slide-item\"><div class=\"kadence-blocks-gallery-item\"><div class=\"kadence-blocks-gallery-item-inner\"><figure class=\"kb-gallery-figure kadence-blocks-gallery-item-hide-caption kb-has-image-ratio-land43\"><div class=\"kb-gal-image-radius\"><div class=\"kb-gallery-image-contain kadence-blocks-gallery-intrinsic kb-gallery-image-ratio-land43\"><img loading=\"lazy\" decoding=\"async\" src=\"https:\/\/sites.ac-nancy-metz.fr\/lyc-p-montigny-les-metz\/wp-content\/uploads\/2023\/01\/PresULIS-5.jpg\" width=\"600\" height=\"450\" alt=\"\" data-full-image=\"https:\/\/sites.ac-nancy-metz.fr\/lyc-p-montigny-les-metz\/wp-content\/uploads\/2023\/01\/PresULIS-5.jpg\" data-light-image=\"https:\/\/sites.ac-nancy-metz.fr\/lyc-p-montigny-les-metz\/wp-content\/uploads\/2023\/01\/PresULIS-5.jpg\" data-id=\"482\" data-link=\"https:\/\/sites.ac-nancy-metz.fr\/lyc-p-montigny-les-metz\/actions\/ulis\/microsoft-powerpoint-presentation-ulis-bassin-metz-rentree-201-6\/\" data-custom-link=\"\" data-custom-link-target=\"\" data-sponsored=\"\" class=\"wp-image-482 skip-lazy\"\/><\/div><\/div><\/figure><\/div><\/div><\/div><div class=\"kb-slide-item kb-gallery-slide-item\"><div class=\"kadence-blocks-gallery-item\"><div class=\"kadence-blocks-gallery-item-inner\"><figure class=\"kb-gallery-figure kadence-blocks-gallery-item-hide-caption kb-has-image-ratio-land43\"><div class=\"kb-gal-image-radius\"><div class=\"kb-gallery-image-contain kadence-blocks-gallery-intrinsic kb-gallery-image-ratio-land43\"><img loading=\"lazy\" decoding=\"async\" src=\"https:\/\/sites.ac-nancy-metz.fr\/lyc-p-montigny-les-metz\/wp-content\/uploads\/2023\/01\/PresULIS-6.jpg\" width=\"600\" height=\"450\" alt=\"\" data-full-image=\"https:\/\/sites.ac-nancy-metz.fr\/lyc-p-montigny-les-metz\/wp-content\/uploads\/2023\/01\/PresULIS-6.jpg\" data-light-image=\"https:\/\/sites.ac-nancy-metz.fr\/lyc-p-montigny-les-metz\/wp-content\/uploads\/2023\/01\/PresULIS-6.jpg\" data-id=\"483\" data-link=\"https:\/\/sites.ac-nancy-metz.fr\/lyc-p-montigny-les-metz\/actions\/ulis\/microsoft-powerpoint-presentation-ulis-bassin-metz-rentree-201-7\/\" data-custom-link=\"\" data-custom-link-target=\"\" data-sponsored=\"\" class=\"wp-image-483 skip-lazy\"\/><\/div><\/div><\/figure><\/div><\/div><\/div><div class=\"kb-slide-item kb-gallery-slide-item\"><div class=\"kadence-blocks-gallery-item\"><div class=\"kadence-blocks-gallery-item-inner\"><figure class=\"kb-gallery-figure kadence-blocks-gallery-item-hide-caption kb-has-image-ratio-land43\"><div class=\"kb-gal-image-radius\"><div class=\"kb-gallery-image-contain kadence-blocks-gallery-intrinsic kb-gallery-image-ratio-land43\"><img loading=\"lazy\" decoding=\"async\" src=\"https:\/\/sites.ac-nancy-metz.fr\/lyc-p-montigny-les-metz\/wp-content\/uploads\/2023\/01\/PresULIS-7.jpg\" width=\"600\" height=\"450\" alt=\"\" data-full-image=\"https:\/\/sites.ac-nancy-metz.fr\/lyc-p-montigny-les-metz\/wp-content\/uploads\/2023\/01\/PresULIS-7.jpg\" data-light-image=\"https:\/\/sites.ac-nancy-metz.fr\/lyc-p-montigny-les-metz\/wp-content\/uploads\/2023\/01\/PresULIS-7.jpg\" data-id=\"484\" data-link=\"https:\/\/sites.ac-nancy-metz.fr\/lyc-p-montigny-les-metz\/actions\/ulis\/microsoft-powerpoint-presentation-ulis-bassin-metz-rentree-201-8\/\" data-custom-link=\"\" data-custom-link-target=\"\" data-sponsored=\"\" class=\"wp-image-484 skip-lazy\"\/><\/div><\/div><\/figure><\/div><\/div><\/div><div class=\"kb-slide-item kb-gallery-slide-item\"><div class=\"kadence-blocks-gallery-item\"><div class=\"kadence-blocks-gallery-item-inner\"><figure class=\"kb-gallery-figure kadence-blocks-gallery-item-hide-caption kb-has-image-ratio-land43\"><div class=\"kb-gal-image-radius\"><div class=\"kb-gallery-image-contain kadence-blocks-gallery-intrinsic kb-gallery-image-ratio-land43\"><img loading=\"lazy\" decoding=\"async\" src=\"https:\/\/sites.ac-nancy-metz.fr\/lyc-p-montigny-les-metz\/wp-content\/uploads\/2023\/01\/PresULIS-8.jpg\" width=\"600\" height=\"450\" alt=\"\" data-full-image=\"https:\/\/sites.ac-nancy-metz.fr\/lyc-p-montigny-les-metz\/wp-content\/uploads\/2023\/01\/PresULIS-8.jpg\" data-light-image=\"https:\/\/sites.ac-nancy-metz.fr\/lyc-p-montigny-les-metz\/wp-content\/uploads\/2023\/01\/PresULIS-8.jpg\" data-id=\"485\" data-link=\"https:\/\/sites.ac-nancy-metz.fr\/lyc-p-montigny-les-metz\/actions\/ulis\/microsoft-powerpoint-presentation-ulis-bassin-metz-rentree-201-9\/\" data-custom-link=\"\" data-custom-link-target=\"\" data-sponsored=\"\" class=\"wp-image-485 skip-lazy\"\/><\/div><\/div><\/figure><\/div><\/div><\/div><div class=\"kb-slide-item kb-gallery-slide-item\"><div class=\"kadence-blocks-gallery-item\"><div class=\"kadence-blocks-gallery-item-inner\"><figure class=\"kb-gallery-figure kadence-blocks-gallery-item-hide-caption kb-has-image-ratio-land43\"><div class=\"kb-gal-image-radius\"><div class=\"kb-gallery-image-contain kadence-blocks-gallery-intrinsic kb-gallery-image-ratio-land43\"><img loading=\"lazy\" decoding=\"async\" src=\"https:\/\/sites.ac-nancy-metz.fr\/lyc-p-montigny-les-metz\/wp-content\/uploads\/2023\/01\/PresULIS-9.jpg\" width=\"600\" height=\"450\" alt=\"\" data-full-image=\"https:\/\/sites.ac-nancy-metz.fr\/lyc-p-montigny-les-metz\/wp-content\/uploads\/2023\/01\/PresULIS-9.jpg\" data-light-image=\"https:\/\/sites.ac-nancy-metz.fr\/lyc-p-montigny-les-metz\/wp-content\/uploads\/2023\/01\/PresULIS-9.jpg\" data-id=\"486\" data-link=\"https:\/\/sites.ac-nancy-metz.fr\/lyc-p-montigny-les-metz\/actions\/ulis\/microsoft-powerpoint-presentation-ulis-bassin-metz-rentree-201-10\/\" data-custom-link=\"\" data-custom-link-target=\"\" data-sponsored=\"\" class=\"wp-image-486 skip-lazy\"\/><\/div><\/div><\/figure><\/div><\/div><\/div><div class=\"kb-slide-item kb-gallery-slide-item\"><div class=\"kadence-blocks-gallery-item\"><div class=\"kadence-blocks-gallery-item-inner\"><figure class=\"kb-gallery-figure kadence-blocks-gallery-item-hide-caption kb-has-image-ratio-land43\"><div class=\"kb-gal-image-radius\"><div class=\"kb-gallery-image-contain kadence-blocks-gallery-intrinsic kb-gallery-image-ratio-land43\"><img loading=\"lazy\" decoding=\"async\" src=\"https:\/\/sites.ac-nancy-metz.fr\/lyc-p-montigny-les-metz\/wp-content\/uploads\/2023\/01\/PresULIS-10.jpg\" width=\"600\" height=\"450\" alt=\"\" data-full-image=\"https:\/\/sites.ac-nancy-metz.fr\/lyc-p-montigny-les-metz\/wp-content\/uploads\/2023\/01\/PresULIS-10.jpg\" data-light-image=\"https:\/\/sites.ac-nancy-metz.fr\/lyc-p-montigny-les-metz\/wp-content\/uploads\/2023\/01\/PresULIS-10.jpg\" data-id=\"487\" data-link=\"https:\/\/sites.ac-nancy-metz.fr\/lyc-p-montigny-les-metz\/actions\/ulis\/microsoft-powerpoint-presentation-ulis-bassin-metz-rentree-201-11\/\" data-custom-link=\"\" data-custom-link-target=\"\" data-sponsored=\"\" class=\"wp-image-487 skip-lazy\"\/><\/div><\/div><\/figure><\/div><\/div><\/div><div class=\"kb-slide-item kb-gallery-slide-item\"><div class=\"kadence-blocks-gallery-item\"><div class=\"kadence-blocks-gallery-item-inner\"><figure class=\"kb-gallery-figure kadence-blocks-gallery-item-hide-caption kb-has-image-ratio-land43\"><div class=\"kb-gal-image-radius\"><div class=\"kb-gallery-image-contain kadence-blocks-gallery-intrinsic kb-gallery-image-ratio-land43\"><img loading=\"lazy\" decoding=\"async\" src=\"https:\/\/sites.ac-nancy-metz.fr\/lyc-p-montigny-les-metz\/wp-content\/uploads\/2023\/01\/PresULIS-11.jpg\" width=\"600\" height=\"450\" alt=\"\" data-full-image=\"https:\/\/sites.ac-nancy-metz.fr\/lyc-p-montigny-les-metz\/wp-content\/uploads\/2023\/01\/PresULIS-11.jpg\" data-light-image=\"https:\/\/sites.ac-nancy-metz.fr\/lyc-p-montigny-les-metz\/wp-content\/uploads\/2023\/01\/PresULIS-11.jpg\" data-id=\"489\" data-link=\"https:\/\/sites.ac-nancy-metz.fr\/lyc-p-montigny-les-metz\/actions\/ulis\/microsoft-powerpoint-presentation-ulis-bassin-metz-rentree-201-12\/\" data-custom-link=\"\" data-custom-link-target=\"\" data-sponsored=\"\" class=\"wp-image-489 skip-lazy\"\/><\/div><\/div><\/figure><\/div><\/div><\/div><div class=\"kb-slide-item kb-gallery-slide-item\"><div class=\"kadence-blocks-gallery-item\"><div class=\"kadence-blocks-gallery-item-inner\"><figure class=\"kb-gallery-figure kadence-blocks-gallery-item-hide-caption kb-has-image-ratio-land43\"><div class=\"kb-gal-image-radius\"><div class=\"kb-gallery-image-contain kadence-blocks-gallery-intrinsic kb-gallery-image-ratio-land43\"><img loading=\"lazy\" decoding=\"async\" src=\"https:\/\/sites.ac-nancy-metz.fr\/lyc-p-montigny-les-metz\/wp-content\/uploads\/2023\/01\/PresULIS-12.jpg\" width=\"600\" height=\"450\" alt=\"\" data-full-image=\"https:\/\/sites.ac-nancy-metz.fr\/lyc-p-montigny-les-metz\/wp-content\/uploads\/2023\/01\/PresULIS-12.jpg\" data-light-image=\"https:\/\/sites.ac-nancy-metz.fr\/lyc-p-montigny-les-metz\/wp-content\/uploads\/2023\/01\/PresULIS-12.jpg\" data-id=\"490\" data-link=\"https:\/\/sites.ac-nancy-metz.fr\/lyc-p-montigny-les-metz\/actions\/ulis\/microsoft-powerpoint-presentation-ulis-bassin-metz-rentree-201-13\/\" data-custom-link=\"\" data-custom-link-target=\"\" data-sponsored=\"\" class=\"wp-image-490 skip-lazy\"\/><\/div><\/div><\/figure><\/div><\/div><\/div><div class=\"kb-slide-item kb-gallery-slide-item\"><div class=\"kadence-blocks-gallery-item\"><div class=\"kadence-blocks-gallery-item-inner\"><figure class=\"kb-gallery-figure kadence-blocks-gallery-item-hide-caption kb-has-image-ratio-land43\"><div class=\"kb-gal-image-radius\"><div class=\"kb-gallery-image-contain kadence-blocks-gallery-intrinsic kb-gallery-image-ratio-land43\"><img loading=\"lazy\" decoding=\"async\" src=\"https:\/\/sites.ac-nancy-metz.fr\/lyc-p-montigny-les-metz\/wp-content\/uploads\/2023\/01\/PresULIS-13.jpg\" width=\"600\" height=\"450\" alt=\"\" data-full-image=\"https:\/\/sites.ac-nancy-metz.fr\/lyc-p-montigny-les-metz\/wp-content\/uploads\/2023\/01\/PresULIS-13.jpg\" data-light-image=\"https:\/\/sites.ac-nancy-metz.fr\/lyc-p-montigny-les-metz\/wp-content\/uploads\/2023\/01\/PresULIS-13.jpg\" data-id=\"491\" data-link=\"https:\/\/sites.ac-nancy-metz.fr\/lyc-p-montigny-les-metz\/actions\/ulis\/microsoft-powerpoint-presentation-ulis-bassin-metz-rentree-201-14\/\" data-custom-link=\"\" data-custom-link-target=\"\" data-sponsored=\"\" class=\"wp-image-491 skip-lazy\"\/><\/div><\/div><\/figure><\/div><\/div><\/div><div class=\"kb-slide-item kb-gallery-slide-item\"><div class=\"kadence-blocks-gallery-item\"><div class=\"kadence-blocks-gallery-item-inner\"><figure class=\"kb-gallery-figure kadence-blocks-gallery-item-hide-caption kb-has-image-ratio-land43\"><div class=\"kb-gal-image-radius\"><div class=\"kb-gallery-image-contain kadence-blocks-gallery-intrinsic kb-gallery-image-ratio-land43\"><img loading=\"lazy\" decoding=\"async\" src=\"https:\/\/sites.ac-nancy-metz.fr\/lyc-p-montigny-les-metz\/wp-content\/uploads\/2023\/01\/PresULIS-14.jpg\" width=\"600\" height=\"450\" alt=\"\" data-full-image=\"https:\/\/sites.ac-nancy-metz.fr\/lyc-p-montigny-les-metz\/wp-content\/uploads\/2023\/01\/PresULIS-14.jpg\" data-light-image=\"https:\/\/sites.ac-nancy-metz.fr\/lyc-p-montigny-les-metz\/wp-content\/uploads\/2023\/01\/PresULIS-14.jpg\" data-id=\"492\" data-link=\"https:\/\/sites.ac-nancy-metz.fr\/lyc-p-montigny-les-metz\/actions\/ulis\/microsoft-powerpoint-presentation-ulis-bassin-metz-rentree-201-15\/\" data-custom-link=\"\" data-custom-link-target=\"\" data-sponsored=\"\" class=\"wp-image-492 skip-lazy\"\/><\/div><\/div><\/figure><\/div><\/div><\/div><div class=\"kb-slide-item kb-gallery-slide-item\"><div class=\"kadence-blocks-gallery-item\"><div class=\"kadence-blocks-gallery-item-inner\"><figure class=\"kb-gallery-figure kadence-blocks-gallery-item-hide-caption kb-has-image-ratio-land43\"><div class=\"kb-gal-image-radius\"><div class=\"kb-gallery-image-contain kadence-blocks-gallery-intrinsic kb-gallery-image-ratio-land43\"><img loading=\"lazy\" decoding=\"async\" src=\"https:\/\/sites.ac-nancy-metz.fr\/lyc-p-montigny-les-metz\/wp-content\/uploads\/2023\/01\/PresULIS-15.jpg\" width=\"600\" height=\"450\" alt=\"\" data-full-image=\"https:\/\/sites.ac-nancy-metz.fr\/lyc-p-montigny-les-metz\/wp-content\/uploads\/2023\/01\/PresULIS-15.jpg\" data-light-image=\"https:\/\/sites.ac-nancy-metz.fr\/lyc-p-montigny-les-metz\/wp-content\/uploads\/2023\/01\/PresULIS-15.jpg\" data-id=\"493\" data-link=\"https:\/\/sites.ac-nancy-metz.fr\/lyc-p-montigny-les-metz\/actions\/ulis\/microsoft-powerpoint-presentation-ulis-bassin-metz-rentree-201-16\/\" data-custom-link=\"\" data-custom-link-target=\"\" data-sponsored=\"\" class=\"wp-image-493 skip-lazy\"\/><\/div><\/div><\/figure><\/div><\/div><\/div><\/div><\/div><\/div><\/div>\n<\/div><\/div>\n\n\n\n<div class=\"wp-block-kadence-column inner-column-2 kadence-column_fe088b-ab\"><div class=\"kt-inside-inner-col\">\n<p class=\"has-small-font-size\">Depuis la rentr\u00e9e de septembre 2019, une ULIS (Unit\u00e9 Localis\u00e9e pour l&rsquo;Inclusion Scolaire) accueille des \u00e9l\u00e8ves au lyc\u00e9e.<br><br>Qu&rsquo;est-ce qu&rsquo;une ULIS ?<br><br>Comment fonctionne-t-elle ?<br><br>Madame Nathalie KLEIN, coordinatrice de l&rsquo;ULIS, vous donne quelques r\u00e9ponses dans ces images tir\u00e9es d&rsquo;un diaporama qu&rsquo;elle a r\u00e9alis\u00e9 ci-contre \u00e0 gauche.<\/p>\n\n\n\n<p class=\"has-small-font-size\">Vous pouvez retrouver l&rsquo;actualit\u00e9 de l&rsquo;ULIS sur&nbsp;<a href=\"https:\/\/www.facebook.com\/ULIS-du-LYBAT-106491667485514\/?modal=admin_todo_tour\" target=\"_blank\" rel=\"noreferrer noopener\">la page Facebook<\/a>&nbsp;qui lui est consacr\u00e9e.<\/p>\n<\/div><\/div>\n<\/div><\/div><\/div>\n","protected":false},"excerpt":{"rendered":"<p>Depuis la rentr\u00e9e de septembre 2019, une ULIS (Unit\u00e9 Localis\u00e9e pour l&rsquo;Inclusion Scolaire) accueille des \u00e9l\u00e8ves au lyc\u00e9e. Qu&rsquo;est-ce qu&rsquo;une ULIS ? Comment fonctionne-t-elle ? Madame Nathalie KLEIN, coordinatrice de l&rsquo;ULIS, vous donne quelques r\u00e9ponses dans ces images tir\u00e9es d&rsquo;un diaporama qu&rsquo;elle a r\u00e9alis\u00e9 ci-contre \u00e0 gauche. Vous pouvez retrouver l&rsquo;actualit\u00e9 de l&rsquo;ULIS sur&nbsp;la page&#8230;<\/p>\n","protected":false},"author":1,"featured_media":0,"parent":497,"menu_order":0,"comment_status":"closed","ping_status":"closed","template":"","meta":{"_kad_post_transparent":"","_kad_post_title":"","_kad_post_layout":"normal","_kad_post_sidebar_id":"","_kad_post_content_style":"","_kad_post_vertical_padding":"","_kad_post_feature":"","_kad_post_feature_position":"","_kad_post_header":false,"_kad_post_footer":false,"footnotes":""},"class_list":["post-403","page","type-page","status-publish","hentry"],"_links":{"self":[{"href":"https:\/\/sites.ac-nancy-metz.fr\/lyc-p-montigny-les-metz\/wp-json\/wp\/v2\/pages\/403","targetHints":{"allow":["GET"]}}],"collection":[{"href":"https:\/\/sites.ac-nancy-metz.fr\/lyc-p-montigny-les-metz\/wp-json\/wp\/v2\/pages"}],"about":[{"href":"https:\/\/sites.ac-nancy-metz.fr\/lyc-p-montigny-les-metz\/wp-json\/wp\/v2\/types\/page"}],"author":[{"embeddable":true,"href":"https:\/\/sites.ac-nancy-metz.fr\/lyc-p-montigny-les-metz\/wp-json\/wp\/v2\/users\/1"}],"replies":[{"embeddable":true,"href":"https:\/\/sites.ac-nancy-metz.fr\/lyc-p-montigny-les-metz\/wp-json\/wp\/v2\/comments?post=403"}],"version-history":[{"count":5,"href":"https:\/\/sites.ac-nancy-metz.fr\/lyc-p-montigny-les-metz\/wp-json\/wp\/v2\/pages\/403\/revisions"}],"predecessor-version":[{"id":496,"href":"https:\/\/sites.ac-nancy-metz.fr\/lyc-p-montigny-les-metz\/wp-json\/wp\/v2\/pages\/403\/revisions\/496"}],"up":[{"embeddable":true,"href":"https:\/\/sites.ac-nancy-metz.fr\/lyc-p-montigny-les-metz\/wp-json\/wp\/v2\/pages\/497"}],"wp:attachment":[{"href":"https:\/\/sites.ac-nancy-metz.fr\/lyc-p-montigny-les-metz\/wp-json\/wp\/v2\/media?parent=403"}],"curies":[{"name":"wp","href":"https:\/\/api.w.org\/{rel}","templated":true}]}}