{"id":408,"date":"2022-12-28T11:56:41","date_gmt":"2022-12-28T10:56:41","guid":{"rendered":"https:\/\/sites.ac-nancy-metz.fr\/lyc-p-montigny-les-metz\/?page_id=408"},"modified":"2022-12-28T12:05:01","modified_gmt":"2022-12-28T11:05:01","slug":"le-jardin-pedagogique","status":"publish","type":"page","link":"https:\/\/sites.ac-nancy-metz.fr\/lyc-p-montigny-les-metz\/actions\/le-jardin-pedagogique\/","title":{"rendered":"Le Jardin P\u00e9dagogique"},"content":{"rendered":"\n<div class=\"wp-block-kadence-rowlayout alignnone\"><div id=\"kt-layout-id_923a71-57\" class=\"kt-row-layout-inner kt-layout-id_923a71-57\"><div class=\"kt-row-column-wrap kt-has-2-columns kt-gutter-default kt-v-gutter-default kt-row-valign-top kt-row-layout-left-golden kt-tab-layout-inherit kt-m-colapse-left-to-right kt-mobile-layout-row\">\n<div class=\"wp-block-kadence-column inner-column-1 kadence-column_5b83d7-b7\"><div class=\"kt-inside-inner-col\">\n<p class=\"has-small-font-size\">Depuis la rentr\u00e9e de septembre 2017, les \u00e9l\u00e8ves du LP du BTP retroussent leurs manches pour implanter un jardin dans leur \u00e9tablissement. Ce projet p\u00e9dagogique intitul\u00e9 : \u00ab Savez-vous planter les choux ? \u00bb est n\u00e9 d&rsquo;une r\u00e9flexion autour du tri des d\u00e9chets. Lors de la Commission Repas du 25 avril 2017, Hassina BOUCHIAT, enseignante en Lettres Histoire, propose la mise en place d&rsquo;un composteur, pour valoriser une partie des d\u00e9chets produits par l&rsquo;\u00e9tablissement.<br>Pour piloter ce projet, il faut un jardinier hors pair et des professionnels soucieux de transmettre leur savoir-faire \u00e0 nos jeunes. Jean-Pierre C\u00c9CILE, enseignant en Maths Sciences, grand amateur de jardins, accepte d&#8217;embl\u00e9e de s&rsquo;impliquer dans ce projet, de m\u00eame que tous les coll\u00e8gues d&rsquo;enseignement professionnel (menuisiers, ma\u00e7ons, travaux publics, m\u00e9talliers, menuisiers aluminium verre, techniciens en maintenance des syst\u00e8mes \u00e9nerg\u00e9tique et climatique, peintres, techniciens \u00e9tude en b\u00e2timent) pour amener les lyc\u00e9ens \u00e0 r\u00e9aliser un ouvrage original et esth\u00e9tique. Ce projet f\u00e9d\u00e9rateur aux comp\u00e9tences transversales vise \u00e0&nbsp;:<\/p>\n\n\n\n<ul class=\"has-small-font-size wp-block-list\">\n<li>Int\u00e9grer les \u00e9l\u00e8ves allophones du dispositif UPE2A par une collaboration \u00e9troite entre jeunes nouvellement arriv\u00e9s en France et les autres \u00e9l\u00e8ves ;<\/li>\n\n\n\n<li>Valoriser les formations dispens\u00e9es dans l&rsquo;\u00e9tablissement ;<\/li>\n\n\n\n<li>Mettre en oeuvre un chantier dans lequel interviendront toutes les formations pr\u00e9par\u00e9es dans l&rsquo;\u00e9tablissement, la classe de Troisi\u00e8me pr\u00e9paratoire professionnelle et le dispositif UPE2A, de mani\u00e8re \u00e0 faire travailler les \u00e9l\u00e8ves dans des conditions r\u00e9elles. Le projet sert aussi de support \u00e0 l&rsquo;\u00e9valuation dans le cadre de l&rsquo;examen ;<\/li>\n\n\n\n<li>Apprendre les rudiments du jardinage et par l\u00e0 travailler ensemble dans une logique de d\u00e9veloppement durable ;<\/li>\n\n\n\n<li>Favoriser une rencontre interg\u00e9n\u00e9rationnelle. Il s&rsquo;agit d&rsquo;amener les \u00e9l\u00e8ves de premi\u00e8re ann\u00e9e CAP Ma\u00e7on, les \u00e9l\u00e8ves allophones d&rsquo;UPE2A et les r\u00e9sidents de l&rsquo;EHPAD \u00ab\u00a0Les Acacias\u00a0\u00bb de Montigny-L\u00e8s-Metz \u00e0 se rencontrer pour tisser des liens. L&rsquo;\u00e9criture de soi et\/ou la m\u00e9moire des anciens constitueront le \u00ab\u00a0ciment\u00a0\u00bb de ces rencontres. Le th\u00e8me du jardinage sera abord\u00e9, sachant que nos a\u00een\u00e9s travaillent sur l&rsquo;aromath\u00e9rapie ;<\/li>\n\n\n\n<li>Finaliser le projet par des sorties \u00e0 vis\u00e9e culturelle et \u00e9co citoyenne ;<br>Convier des intervenants ext\u00e9rieurs, sp\u00e9cialistes des questions li\u00e9es \u00e0 la protection de l&rsquo;environnement pour des conf\u00e9rences th\u00e9matiques.<\/li>\n<\/ul>\n\n\n\n<p class=\"has-small-font-size\">Savez-vous planter les choux ? est non seulement une invitation au partage des diff\u00e9rents apprentissages, mais \u00e9galement une invitation \u00e0 d\u00e9couvrir d&rsquo;autres cultures v\u00e9hicul\u00e9es par ces jeunes venus de contr\u00e9es plus ou moins lointaines.<\/p>\n\n\n\n<h4 class=\"wp-block-heading\">Apprendre au contact de l&rsquo;autre, c&rsquo;est s&rsquo;enrichir.<\/h4>\n<\/div><\/div>\n\n\n\n<div class=\"wp-block-kadence-column inner-column-2 kadence-column_a66edf-ee\"><div class=\"kt-inside-inner-col\">\n<figure class=\"wp-block-kadence-image kb-image_216907-43 size-full\"><img loading=\"lazy\" decoding=\"async\" width=\"300\" height=\"178\" src=\"https:\/\/sites.ac-nancy-metz.fr\/lyc-p-montigny-les-metz\/wp-content\/uploads\/2022\/12\/dessinjardin.jpg\" alt=\"\" class=\"kb-img wp-image-410\"\/><\/figure>\n\n\n\n<figure class=\"wp-block-kadence-image kb-image_80bff3-88 size-full\"><img loading=\"lazy\" decoding=\"async\" width=\"400\" height=\"267\" src=\"https:\/\/sites.ac-nancy-metz.fr\/lyc-p-montigny-les-metz\/wp-content\/uploads\/2022\/12\/jardinsmall.jpg\" alt=\"\" class=\"kb-img wp-image-411\"\/><\/figure>\n<\/div><\/div>\n<\/div><\/div><\/div>\n","protected":false},"excerpt":{"rendered":"<p>Depuis la rentr\u00e9e de septembre 2017, les \u00e9l\u00e8ves du LP du BTP retroussent leurs manches pour implanter un jardin dans leur \u00e9tablissement. Ce projet p\u00e9dagogique intitul\u00e9 : \u00ab Savez-vous planter les choux ? \u00bb est n\u00e9 d&rsquo;une r\u00e9flexion autour du tri des d\u00e9chets. Lors de la Commission Repas du 25 avril 2017, Hassina BOUCHIAT, enseignante&#8230;<\/p>\n","protected":false},"author":1,"featured_media":0,"parent":21,"menu_order":0,"comment_status":"closed","ping_status":"closed","template":"","meta":{"_kad_post_transparent":"","_kad_post_title":"","_kad_post_layout":"","_kad_post_sidebar_id":"","_kad_post_content_style":"","_kad_post_vertical_padding":"","_kad_post_feature":"","_kad_post_feature_position":"","_kad_post_header":false,"_kad_post_footer":false,"footnotes":""},"class_list":["post-408","page","type-page","status-publish","hentry"],"_links":{"self":[{"href":"https:\/\/sites.ac-nancy-metz.fr\/lyc-p-montigny-les-metz\/wp-json\/wp\/v2\/pages\/408","targetHints":{"allow":["GET"]}}],"collection":[{"href":"https:\/\/sites.ac-nancy-metz.fr\/lyc-p-montigny-les-metz\/wp-json\/wp\/v2\/pages"}],"about":[{"href":"https:\/\/sites.ac-nancy-metz.fr\/lyc-p-montigny-les-metz\/wp-json\/wp\/v2\/types\/page"}],"author":[{"embeddable":true,"href":"https:\/\/sites.ac-nancy-metz.fr\/lyc-p-montigny-les-metz\/wp-json\/wp\/v2\/users\/1"}],"replies":[{"embeddable":true,"href":"https:\/\/sites.ac-nancy-metz.fr\/lyc-p-montigny-les-metz\/wp-json\/wp\/v2\/comments?post=408"}],"version-history":[{"count":3,"href":"https:\/\/sites.ac-nancy-metz.fr\/lyc-p-montigny-les-metz\/wp-json\/wp\/v2\/pages\/408\/revisions"}],"predecessor-version":[{"id":415,"href":"https:\/\/sites.ac-nancy-metz.fr\/lyc-p-montigny-les-metz\/wp-json\/wp\/v2\/pages\/408\/revisions\/415"}],"up":[{"embeddable":true,"href":"https:\/\/sites.ac-nancy-metz.fr\/lyc-p-montigny-les-metz\/wp-json\/wp\/v2\/pages\/21"}],"wp:attachment":[{"href":"https:\/\/sites.ac-nancy-metz.fr\/lyc-p-montigny-les-metz\/wp-json\/wp\/v2\/media?parent=408"}],"curies":[{"name":"wp","href":"https:\/\/api.w.org\/{rel}","templated":true}]}}