{"id":426,"date":"2022-12-30T11:15:38","date_gmt":"2022-12-30T10:15:38","guid":{"rendered":"https:\/\/sites.ac-nancy-metz.fr\/lyc-p-montigny-les-metz\/?page_id=426"},"modified":"2022-12-30T11:16:13","modified_gmt":"2022-12-30T10:16:13","slug":"les-eco-delegues","status":"publish","type":"page","link":"https:\/\/sites.ac-nancy-metz.fr\/lyc-p-montigny-les-metz\/actions\/les-eco-delegues\/","title":{"rendered":"Les \u00e9co-d\u00e9l\u00e9gu\u00e9s"},"content":{"rendered":"<style id=\"kb-rowlayout_923a71-57\">@media all and (min-width: 768px){#kt-layout-id_923a71-57 > .kt-row-column-wrap > .inner-column-1{flex:0 1 70%;-webkit-flex:0 1 70%;}#kt-layout-id_923a71-57 > .kt-row-column-wrap > .inner-column-2{flex:0 1 30%;-webkit-flex:0 1 30%;}}<\/style>\n<div class=\"wp-block-kadence-rowlayout alignnone\"><div id=\"kt-layout-id_923a71-57\" class=\"kt-row-layout-inner kt-layout-id_923a71-57\"><div class=\"kt-row-column-wrap kt-has-2-columns kt-gutter-default kt-v-gutter-default kt-row-valign-top kt-row-layout-left-golden kt-tab-layout-inherit kt-m-colapse-left-to-right kt-mobile-layout-row  kt-custom-first-width-70  kt-custom-second-width-30\">\n<div class=\"wp-block-kadence-column inner-column-1 kadence-column_5b83d7-b7\"><div class=\"kt-inside-inner-col\">\n<figure class=\"wp-block-kadence-image kb-image_d78bad-24 size-full\"><img loading=\"lazy\" decoding=\"async\" width=\"1024\" height=\"768\" src=\"https:\/\/sites.ac-nancy-metz.fr\/lyc-p-montigny-les-metz\/wp-content\/uploads\/2022\/12\/EcoDelegues.png\" alt=\"\" class=\"kb-img wp-image-427\"\/><\/figure>\n<\/div><\/div>\n\n\n\n<div class=\"wp-block-kadence-column inner-column-2 kadence-column_a66edf-ee\"><div class=\"kt-inside-inner-col\">\n<p class=\"has-small-font-size\">Dans le cadre de la Semaine europ\u00e9enne de la r\u00e9duction des d\u00e9chets, les \u00c9co-d\u00e9l\u00e9gu\u00e9s m\u00e8neront une enqu\u00eate ( du 23 au 27 novembre) sur la gestion des d\u00e9chets dans les diff\u00e9rents ateliers de notre \u00e9tablissement . Une synth\u00e8se et des pistes de r\u00e9flexion seront , par la suite, propos\u00e9es.<\/p>\n\n\n\n<p class=\"has-small-font-size\">Derni\u00e8res actions r\u00e9alis\u00e9es :<br>&#8211; Installation d&rsquo;un panneau incitant \u00e0 utiliser les cendriers sur les grilles de l&rsquo;\u00e9tablissement<br>&#8211; Affichage sur le gaspillage alimentaire install\u00e9 dans le hall de la restauration scolaire<br>&#8211; Vote par le CVL de la charte \u00ab\u00a0Eco-lyc\u00e9en\u00a0\u00bb r\u00e9dig\u00e9e par les Eco-d\u00e9l\u00e9gu\u00e9s que l&rsquo;on retrouvera dans le carnet de liaison de tous les \u00e9l\u00e8ves d\u00e8s septembre 2021<br>&#8211; Affichage sur les 15 \u00e9co-gestes en divers lieux de l&rsquo;\u00e9tablissement<br>&#8211; 15\/9\/21 : Intervention des \u00e9co-d\u00e9l\u00e9gu\u00e9s aupr\u00e8s des classes entrantes pour informer des actions des Eco-D\u00e9l\u00e9gu\u00e9s.<br>&#8211; 22\/9\/21 : Plusieurs ramassages de m\u00e9gots r\u00e9alis\u00e9s par les \u00e9co-d\u00e9l\u00e9gu\u00e9s encadr\u00e9s par les professeurs r\u00e9f\u00e9rents D\u00e9veloppement Durable pendant les r\u00e9cr\u00e9ations.<br>&#8211; 17\/11\/21 : Conception &#8211; Menuiserie : boites de recyclage des instruments d\u2019\u00e9criture contre- plaqu\u00e9 \u2013 15 bo\u00eetes propos\u00e9es<\/p>\n<\/div><\/div>\n<\/div><\/div><\/div>\n","protected":false},"excerpt":{"rendered":"<p>Dans le cadre de la Semaine europ\u00e9enne de la r\u00e9duction des d\u00e9chets, les \u00c9co-d\u00e9l\u00e9gu\u00e9s m\u00e8neront une enqu\u00eate ( du 23 au 27 novembre) sur la gestion des d\u00e9chets dans les diff\u00e9rents ateliers de notre \u00e9tablissement . Une synth\u00e8se et des pistes de r\u00e9flexion seront , par la suite, propos\u00e9es. Derni\u00e8res actions r\u00e9alis\u00e9es :&#8211; Installation d&rsquo;un&#8230;<\/p>\n","protected":false},"author":1,"featured_media":0,"parent":21,"menu_order":0,"comment_status":"closed","ping_status":"closed","template":"","meta":{"_kad_post_transparent":"","_kad_post_title":"","_kad_post_layout":"","_kad_post_sidebar_id":"","_kad_post_content_style":"","_kad_post_vertical_padding":"","_kad_post_feature":"","_kad_post_feature_position":"","_kad_post_header":false,"_kad_post_footer":false,"footnotes":""},"class_list":["post-426","page","type-page","status-publish","hentry"],"_links":{"self":[{"href":"https:\/\/sites.ac-nancy-metz.fr\/lyc-p-montigny-les-metz\/wp-json\/wp\/v2\/pages\/426","targetHints":{"allow":["GET"]}}],"collection":[{"href":"https:\/\/sites.ac-nancy-metz.fr\/lyc-p-montigny-les-metz\/wp-json\/wp\/v2\/pages"}],"about":[{"href":"https:\/\/sites.ac-nancy-metz.fr\/lyc-p-montigny-les-metz\/wp-json\/wp\/v2\/types\/page"}],"author":[{"embeddable":true,"href":"https:\/\/sites.ac-nancy-metz.fr\/lyc-p-montigny-les-metz\/wp-json\/wp\/v2\/users\/1"}],"replies":[{"embeddable":true,"href":"https:\/\/sites.ac-nancy-metz.fr\/lyc-p-montigny-les-metz\/wp-json\/wp\/v2\/comments?post=426"}],"version-history":[{"count":1,"href":"https:\/\/sites.ac-nancy-metz.fr\/lyc-p-montigny-les-metz\/wp-json\/wp\/v2\/pages\/426\/revisions"}],"predecessor-version":[{"id":428,"href":"https:\/\/sites.ac-nancy-metz.fr\/lyc-p-montigny-les-metz\/wp-json\/wp\/v2\/pages\/426\/revisions\/428"}],"up":[{"embeddable":true,"href":"https:\/\/sites.ac-nancy-metz.fr\/lyc-p-montigny-les-metz\/wp-json\/wp\/v2\/pages\/21"}],"wp:attachment":[{"href":"https:\/\/sites.ac-nancy-metz.fr\/lyc-p-montigny-les-metz\/wp-json\/wp\/v2\/media?parent=426"}],"curies":[{"name":"wp","href":"https:\/\/api.w.org\/{rel}","templated":true}]}}