{"id":46,"date":"2022-12-20T17:01:43","date_gmt":"2022-12-20T16:01:43","guid":{"rendered":"https:\/\/sites.ac-nancy-metz.fr\/lyc-p-montigny-les-metz\/?page_id=46"},"modified":"2022-12-21T17:15:03","modified_gmt":"2022-12-21T16:15:03","slug":"le-mot-de-la-proviseure","status":"publish","type":"page","link":"https:\/\/sites.ac-nancy-metz.fr\/lyc-p-montigny-les-metz\/le-lycee\/le-mot-de-la-proviseure\/","title":{"rendered":"Le mot de la Proviseure"},"content":{"rendered":"<style id=\"kb-rowlayout_2e67ba-dc\">#kt-layout-id_2e67ba-dc{margin-top:5px;margin-bottom:5px;}#kt-layout-id_2e67ba-dc > .kt-row-column-wrap{max-width:1000px;margin-left:auto;margin-right:auto;}<\/style>\n<div class=\"wp-block-kadence-rowlayout alignnone\"><div id=\"kt-layout-id_2e67ba-dc\" class=\"kt-row-layout-inner kt-layout-id_2e67ba-dc\"><div class=\"kt-row-column-wrap kt-has-3-columns kt-gutter-narrow kt-v-gutter-default kt-row-valign-top kt-row-layout-equal kt-tab-layout-inherit kt-m-colapse-left-to-right kt-mobile-layout-row\">\n<div class=\"wp-block-kadence-column inner-column-1 kadence-column_ead8b8-da\"><div class=\"kt-inside-inner-col\">\n<p class=\"has-small-font-size\" style=\"padding-right:20px;padding-left:20px\">Le Lyc\u00e9e Professionnel M\u00e9tiers du B\u00e2timent et des Travaux Publics est un \u00e9tablissement qui vient de f\u00eater ses 50 ans. Une longue tradition d\u2019enseignement professionnel s\u2019est donc perp\u00e9tu\u00e9e dans cet \u00e9tablissement enti\u00e8rement r\u00e9nov\u00e9 en 2011-2013. Il constitue un cadre id\u00e9al, compl\u00e9t\u00e9 par un internat convivial, un espace de restauration moderne et un gymnase adapt\u00e9 aux comp\u00e9titions, permettant aux \u00e9l\u00e8ves d\u2019\u00e9tudier et de s\u2019\u00e9panouir dans les meilleures conditions possibles.<br>Le LP du BTP offre une formation de qualit\u00e9 centr\u00e9e autour de trois p\u00f4les :<br>\u2022 Un p\u00f4le formation initiale pr\u00e9parant aux dipl\u00f4mes de niveau V (CAP) et IV (Baccalaur\u00e9at Professionnel) qui permettent aux \u00e9l\u00e8ves de s\u2019ins\u00e9rer dans le monde du travail ou d\u2019acc\u00e9der aux \u00e9tudes sup\u00e9rieures (BTS) ; une classe de troisi\u00e8me pr\u00e9paratoire \u00e0 la voie professionnelle compl\u00e8te l\u2019offre de formation.<br>\u2022 Un p\u00f4le formation tout au long de la vie qui, dans le cadre du GRETA Lorraine Nord permet aux personnes int\u00e9gr\u00e9es dans le monde de l\u2019entreprise ou en recherche d\u2019emploi de valider les acquis de l\u2019exp\u00e9rience, d\u2019augmenter leur niveau de qualification ou de se tenir inform\u00e9s des \u00e9volutions technologiques de leur m\u00e9tier.<br>\u2022 Un p\u00f4le d\u2019aide et de soutien \u00e0 la scolarisation et de lutte contre le d\u00e9crochage scolaire qui, dans le cadre de la MLDS (Mission de Lutte contre le D\u00e9crochage Scolaire) permet \u00e0 des jeunes de 16 \u00e0 26 ans d\u2019int\u00e9grer des dispositifs d\u2019acquisition de la langue fran\u00e7aise (UPE2A pour les jeunes allophones nouvellement arriv\u00e9s) ou de rescolarisation (MOREA, module de repr\u00e9parat on \u00e0 l\u2019examen par alternance).<\/p>\n<\/div><\/div>\n\n\n\n<div class=\"wp-block-kadence-column inner-column-2 kadence-column_b15a5b-93\"><div class=\"kt-inside-inner-col\">\n<p class=\"has-small-font-size\" style=\"padding-right:20px;padding-left:20px\">Ces trois p\u00f4les permettent aux \u00e9l\u00e8ves et aux stagiaires de se construire un bagage intellectuel et personnel solide leur permettant de s\u2019ins\u00e9rer dans le monde professionnel avec un maximum de chance de r\u00e9ussite.<br>Les valeurs que nous d\u00e9fendons au sein de l\u2019\u00e9tablissement permettent la formation du citoyen de demain : le go\u00fbt d\u2019apprendre, la responsabilit\u00e9 de chaque \u00e9l\u00e8ve devant ses apprentissages et son parcours scolaire, la volont\u00e9 d\u2019aller au meilleur de ses possibilit\u00e9s, le respect de soi et des autres, l\u2019esprit de tol\u00e9rance et de solidarit\u00e9\u2026<br>Pour toutes les personnes qui vont d\u00e9buter une formation au LP du BTP, je vous souhaite d\u2019y conna\u00eetre la r\u00e9ussite de vos projets professionnel et personnel, d\u2019y vivre un temps de formation agr\u00e9able et enrichissant.<br>Toute l\u2019\u00e9quipe p\u00e9dagogique et \u00e9ducative esp\u00e8re que vous en garderez le meilleur souvenir possible et que cela vous permettra de trouver la meilleure voie vers un avenir heureux.<\/p>\n<\/div><\/div>\n\n\n<style id=\"kb-column_437a59-9b\">.kadence-column_437a59-9b > .kt-inside-inner-col{justify-content:flex-start;flex-direction:column;display:flex;}.kadence-column_437a59-9b > .kt-inside-inner-col > .aligncenter{width:100%;}.kt-row-column-wrap > .kadence-column_437a59-9b{align-self:flex-start;}.kt-inner-column-height-full:not(.kt-has-1-columns) > .wp-block-kadence-column.kadence-column_437a59-9b{align-self:auto;}.kt-inner-column-height-full:not(.kt-has-1-columns) > .wp-block-kadence-column.kadence-column_437a59-9b > .kt-inside-inner-col{display:flex;flex-direction:column;justify-content:flex-start;}.kadence-column_437a59-9b{text-align:center;}<\/style>\n<div class=\"wp-block-kadence-column inner-column-3 kadence-column_437a59-9b kb-section-dir-vertical\"><div class=\"kt-inside-inner-col\">\n<div class=\"wp-block-kadence-image kb-image_ece111-d8\"><figure class=\"aligncenter size-full\"><img loading=\"lazy\" decoding=\"async\" width=\"675\" height=\"450\" src=\"https:\/\/sites.ac-nancy-metz.fr\/lyc-p-montigny-les-metz\/wp-content\/uploads\/2022\/12\/lycee_f2.jpg\" alt=\"\" class=\"kb-img wp-image-108\"\/><\/figure><\/div>\n<\/div><\/div>\n<\/div><\/div><\/div>\n","protected":false},"excerpt":{"rendered":"<p>Le Lyc\u00e9e Professionnel M\u00e9tiers du B\u00e2timent et des Travaux Publics est un \u00e9tablissement qui vient de f\u00eater ses 50 ans. Une longue tradition d\u2019enseignement professionnel s\u2019est donc perp\u00e9tu\u00e9e dans cet \u00e9tablissement enti\u00e8rement r\u00e9nov\u00e9 en 2011-2013. Il constitue un cadre id\u00e9al, compl\u00e9t\u00e9 par un internat convivial, un espace de restauration moderne et un gymnase adapt\u00e9 aux&#8230;<\/p>\n","protected":false},"author":1,"featured_media":0,"parent":12,"menu_order":0,"comment_status":"closed","ping_status":"closed","template":"","meta":{"_kad_post_transparent":"","_kad_post_title":"","_kad_post_layout":"fullwidth","_kad_post_sidebar_id":"","_kad_post_content_style":"","_kad_post_vertical_padding":"default","_kad_post_feature":"","_kad_post_feature_position":"","_kad_post_header":false,"_kad_post_footer":false,"footnotes":""},"class_list":["post-46","page","type-page","status-publish","hentry"],"_links":{"self":[{"href":"https:\/\/sites.ac-nancy-metz.fr\/lyc-p-montigny-les-metz\/wp-json\/wp\/v2\/pages\/46","targetHints":{"allow":["GET"]}}],"collection":[{"href":"https:\/\/sites.ac-nancy-metz.fr\/lyc-p-montigny-les-metz\/wp-json\/wp\/v2\/pages"}],"about":[{"href":"https:\/\/sites.ac-nancy-metz.fr\/lyc-p-montigny-les-metz\/wp-json\/wp\/v2\/types\/page"}],"author":[{"embeddable":true,"href":"https:\/\/sites.ac-nancy-metz.fr\/lyc-p-montigny-les-metz\/wp-json\/wp\/v2\/users\/1"}],"replies":[{"embeddable":true,"href":"https:\/\/sites.ac-nancy-metz.fr\/lyc-p-montigny-les-metz\/wp-json\/wp\/v2\/comments?post=46"}],"version-history":[{"count":11,"href":"https:\/\/sites.ac-nancy-metz.fr\/lyc-p-montigny-les-metz\/wp-json\/wp\/v2\/pages\/46\/revisions"}],"predecessor-version":[{"id":113,"href":"https:\/\/sites.ac-nancy-metz.fr\/lyc-p-montigny-les-metz\/wp-json\/wp\/v2\/pages\/46\/revisions\/113"}],"up":[{"embeddable":true,"href":"https:\/\/sites.ac-nancy-metz.fr\/lyc-p-montigny-les-metz\/wp-json\/wp\/v2\/pages\/12"}],"wp:attachment":[{"href":"https:\/\/sites.ac-nancy-metz.fr\/lyc-p-montigny-les-metz\/wp-json\/wp\/v2\/media?parent=46"}],"curies":[{"name":"wp","href":"https:\/\/api.w.org\/{rel}","templated":true}]}}