{"id":219,"date":"2017-02-11T23:29:27","date_gmt":"2017-02-11T22:29:27","guid":{"rendered":"http:\/\/localhost\/STAN-wordpress\/?page_id=219"},"modified":"2025-07-24T23:59:07","modified_gmt":"2025-07-24T21:59:07","slug":"sections-europeenne","status":"publish","type":"page","link":"https:\/\/sites.ac-nancy-metz.fr\/lyc-stanislas-villers\/00stanwp\/sections-europeenne\/","title":{"rendered":"Sections Europ\u00e9enne"},"content":{"rendered":"<div class=\"wp-block-image\">\n<figure class=\"alignleft\"><img loading=\"lazy\" decoding=\"async\" width=\"520\" height=\"169\" src=\"http:\/\/sites.ac-nancy-metz.fr\/lyc-stanislas-villers\/0stanwp\/wp-content\/uploads\/2017\/02\/banhot-eur.jpg\" alt=\"\" class=\"wp-image-481\" srcset=\"https:\/\/sites.ac-nancy-metz.fr\/lyc-stanislas-villers\/00stanwp\/wp-content\/uploads\/2017\/02\/banhot-eur.jpg 520w, https:\/\/sites.ac-nancy-metz.fr\/lyc-stanislas-villers\/00stanwp\/wp-content\/uploads\/2017\/02\/banhot-eur-300x98.jpg 300w\" sizes=\"(max-width: 520px) 100vw, 520px\" \/><\/figure>\n<\/div>\n\n\n<p class=\"has-text-align-left\"><\/p>\n\n\n\n<p>&nbsp;<\/p>\n\n\n\n<p>*<\/p>\n\n\n\n<p>&nbsp;<\/p>\n\n\n\n<p>&nbsp;<\/p>\n\n\n\n\n\n<p>&nbsp;<\/p>\n\n\n\n<figure class=\"wp-block-image\"><img loading=\"lazy\" decoding=\"async\" width=\"838\" height=\"1205\" src=\"http:\/\/sites.ac-nancy-metz.fr\/lyc-stanislas-villers\/0stanwp\/wp-content\/uploads\/2022\/06\/echfranall2022-2023.png\" alt=\"\" class=\"wp-image-4119\" srcset=\"https:\/\/sites.ac-nancy-metz.fr\/lyc-stanislas-villers\/00stanwp\/wp-content\/uploads\/2022\/06\/echfranall2022-2023.png 838w, https:\/\/sites.ac-nancy-metz.fr\/lyc-stanislas-villers\/00stanwp\/wp-content\/uploads\/2022\/06\/echfranall2022-2023-209x300.png 209w, https:\/\/sites.ac-nancy-metz.fr\/lyc-stanislas-villers\/00stanwp\/wp-content\/uploads\/2022\/06\/echfranall2022-2023-712x1024.png 712w, https:\/\/sites.ac-nancy-metz.fr\/lyc-stanislas-villers\/00stanwp\/wp-content\/uploads\/2022\/06\/echfranall2022-2023-768x1104.png 768w, https:\/\/sites.ac-nancy-metz.fr\/lyc-stanislas-villers\/00stanwp\/wp-content\/uploads\/2022\/06\/echfranall2022-2023-751x1080.png 751w\" sizes=\"(max-width: 838px) 100vw, 838px\" \/><\/figure>\n\n\n\n<p><\/p>\n\n\n\n<blockquote class=\"wp-block-quote is-layout-flow wp-block-quote-is-layout-flow\">\n<p class=\"has-text-align-center\"><strong>Lien vers le site de notre lyc\u00e9e partenaire<\/strong> (la page d\u2019accueil vers la derni\u00e8re publication, suite \u00e0 notre rencontre de mai 2022) : <a href=\"http:\/\/nordpfalzgymnasium.de\/2022\/06\/03\/deutsch-franzoesische-freundschaft-endlich-wieder-live\/\">http:\/\/nordpfalzgymnasium.de\/ <\/a><a href=\"http:\/\/nordpfalzgymnasium.de\/2022\/06\/03\/deutsch-franzoesische-freundschaft-endlich-wieder-live\/\" target=\"_blank\" rel=\"noopener noreferrer\">2022\/06\/03\/deutsch-franzoesische-freundschaft-endlich-wieder-live\/<\/a><\/p>\n\n\n\n<p class=\"has-text-align-center\">lien direct vers le pdf du communiqu\u00e9 : <a href=\"http:\/\/nordpfalzgymnasium.de\/wp-content\/uploads\/2022\/06\/2022-05-23-Bericht-Drittortbegegnung.pdf\">http:\/\/nordpfalzgymnasium.de\/wp-content\/<\/a><a href=\"http:\/\/nordpfalzgymnasium.de\/wp-content\/uploads\/2022\/06\/2022-05-23-Bericht-Drittortbegegnung.pdf\" target=\"_blank\" rel=\"noopener noreferrer\">uploads\/2022\/06\/2022-05-23-Bericht-Drittortbegegnung.pdf<\/a><\/p>\n<\/blockquote>\n\n\n\n<p>&nbsp;<\/p>\n\n\n\n<figure class=\"wp-block-image\"><img decoding=\"async\" src=\"http:\/\/sites.ac-nancy-metz.fr\/lyc-stanislas-villers\/0stanwp\/wp-content\/uploads\/2021\/02\/euroall1-2020-1024x558.jpg\" alt=\"\" class=\"wp-image-3241\"\/><\/figure>\n\n\n\n<p><\/p>\n\n\n\n<p class=\"has-text-align-center\"><a href=\"http:\/\/sites.ac-nancy-metz.fr\/lyc-stanislas-villers\/00stanwp\/dnl-hg-all\/\" target=\"_blank\" rel=\"noreferrer noopener\"><span style=\"font-size: 14pt;\">Pr\u00e9sentation de la section DNL Histoire G\u00e9ographie en allemand ici<\/span><\/a><\/p>\n\n\n\n<figure class=\"wp-block-image\"><img decoding=\"async\" src=\"http:\/\/sites.ac-nancy-metz.fr\/lyc-stanislas-villers\/0stanwp\/wp-content\/uploads\/2021\/02\/euroall2-2020-1024x548.jpg\" alt=\"\" class=\"wp-image-3243\"\/><\/figure>\n\n\n\n<p><\/p>\n\n\n\n<h1 class=\"wp-block-heading\">Section Europ\u00e9enne Anglais<\/h1>\n\n\n<p><iframe loading=\"lazy\" title=\"Pr\u00e9sentation de la Section Europ\u00e9enne Anglais - Lyc\u00e9e Stanislas 54600 Villers-L\u00e8s-Nancy\" width=\"500\" height=\"281\" src=\"https:\/\/www.youtube.com\/embed\/8AX_QidNcIs?feature=oembed\" frameborder=\"0\" allow=\"accelerometer; autoplay; clipboard-write; encrypted-media; gyroscope; picture-in-picture; web-share\" referrerpolicy=\"strict-origin-when-cross-origin\" allowfullscreen><\/iframe><\/p>\n\n\n\n<p class=\"has-text-align-center\"><\/p>\n","protected":false},"excerpt":{"rendered":"<p>&nbsp; * &nbsp; &nbsp; &nbsp; Lien vers le site de notre lyc\u00e9e partenaire (la page d\u2019accueil vers la derni\u00e8re publication, suite \u00e0 notre rencontre de mai 2022) : http:\/\/nordpfalzgymnasium.de\/ 2022\/06\/03\/deutsch-franzoesische-freundschaft-endlich-wieder-live\/ lien direct vers le pdf du communiqu\u00e9 : http:\/\/nordpfalzgymnasium.de\/wp-content\/uploads\/2022\/06\/2022-05-23-Bericht-Drittortbegegnung.pdf &nbsp; Pr\u00e9sentation de la section DNL Histoire G\u00e9ographie en allemand ici Section Europ\u00e9enne Anglais<\/p>\n","protected":false},"author":1,"featured_media":3619,"parent":0,"menu_order":0,"comment_status":"closed","ping_status":"closed","template":"","meta":{"saved_in_kubio":false,"footnotes":""},"class_list":["post-219","page","type-page","status-publish","has-post-thumbnail","hentry"],"kubio_ai_page_context":{"short_desc":"","purpose":"general"},"jetpack_sharing_enabled":true,"_links":{"self":[{"href":"https:\/\/sites.ac-nancy-metz.fr\/lyc-stanislas-villers\/00stanwp\/wp-json\/wp\/v2\/pages\/219","targetHints":{"allow":["GET"]}}],"collection":[{"href":"https:\/\/sites.ac-nancy-metz.fr\/lyc-stanislas-villers\/00stanwp\/wp-json\/wp\/v2\/pages"}],"about":[{"href":"https:\/\/sites.ac-nancy-metz.fr\/lyc-stanislas-villers\/00stanwp\/wp-json\/wp\/v2\/types\/page"}],"author":[{"embeddable":true,"href":"https:\/\/sites.ac-nancy-metz.fr\/lyc-stanislas-villers\/00stanwp\/wp-json\/wp\/v2\/users\/1"}],"replies":[{"embeddable":true,"href":"https:\/\/sites.ac-nancy-metz.fr\/lyc-stanislas-villers\/00stanwp\/wp-json\/wp\/v2\/comments?post=219"}],"version-history":[{"count":2,"href":"https:\/\/sites.ac-nancy-metz.fr\/lyc-stanislas-villers\/00stanwp\/wp-json\/wp\/v2\/pages\/219\/revisions"}],"predecessor-version":[{"id":6193,"href":"https:\/\/sites.ac-nancy-metz.fr\/lyc-stanislas-villers\/00stanwp\/wp-json\/wp\/v2\/pages\/219\/revisions\/6193"}],"wp:featuredmedia":[{"embeddable":true,"href":"https:\/\/sites.ac-nancy-metz.fr\/lyc-stanislas-villers\/00stanwp\/wp-json\/wp\/v2\/media\/3619"}],"wp:attachment":[{"href":"https:\/\/sites.ac-nancy-metz.fr\/lyc-stanislas-villers\/00stanwp\/wp-json\/wp\/v2\/media?parent=219"}],"curies":[{"name":"wp","href":"https:\/\/api.w.org\/{rel}","templated":true}]}}