{"id":2432,"date":"2019-09-04T14:50:10","date_gmt":"2019-09-04T12:50:10","guid":{"rendered":"http:\/\/sites.ac-nancy-metz.fr\/lyc-stanislas-villers\/0stanwp\/adverts\/add\/"},"modified":"2019-09-04T14:50:10","modified_gmt":"2019-09-04T12:50:10","slug":"add","status":"publish","type":"page","link":"https:\/\/sites.ac-nancy-metz.fr\/lyc-stanislas-villers\/00stanwp\/adverts\/add\/","title":{"rendered":"Proposer une offre ou une demande d&#8217;emploi ou de stage"},"content":{"rendered":"<blockquote><p><strong>Quelques informations importantes concernant le service de publication des petites annonces d&rsquo;offres et de demandes d&#8217;emploi ou de stage sur le site du Lyc\u00e9e Stanislas<\/strong><\/p><\/blockquote>\n<p>Professionnels, vous pouvez d\u00e9poser une offre d&#8217;emploi ou de stage\u00a0 \u00e0 destination de nos \u00e9l\u00e8ves en remplissant le formulaire propos\u00e9. <span style=\"background-color: #ffff00;\">Votre N\u00b0 de SIRET doit obligatoirement appara\u00eetre dans l\u2019annonce d\u00e9pos\u00e9e.<\/span><\/p>\n<p>Nos \u00e9l\u00e8ves <span style=\"background-color: #ffff00;\"><strong>majeurs<\/strong><\/span> peuvent d\u00e9poser une demande d&#8217;emploi ou d&rsquo;extra \u00e0 destination des professionnels en remplissant le formulaire propos\u00e9.<\/p>\n<p>L&rsquo;acc\u00e8s en consultation est ouvert \u00e0 tous<\/p>\n<p><a href=\"http:\/\/sites.ac-nancy-metz.fr\/lyc-stanislas-villers\/0stanwp\/adverts\/add\/\"><strong>D\u00e9poser une offre ou une demande d&#8217;emploi ou de stage<\/strong><\/a><\/p>\n<p>L&rsquo;annonce ne sera publi\u00e9e qu&rsquo;une fois v\u00e9rifi\u00e9e par notre administrateur, nous-nous r\u00e9servons le droit de ne pas publier une annonce qui nous para\u00eetrait inappropri\u00e9e, incompl\u00e8te ou ne correspondant pas aux finalit\u00e9s et aux contraintes l\u00e9gales du service propos\u00e9.<\/p>\n<p>Ce service vous est propos\u00e9 gratuitement, notre responsabilit\u00e9 s&rsquo;arr\u00eate \u00e0 la publication de l&rsquo;annonce afin de vous assurer une visibilit\u00e9 aupr\u00e8s de nos \u00e9l\u00e8ves et \u00e9tudiants ou des professionnels du secteur choisi.<\/p>\n<p>Une offre d&#8217;emploi ou de stage restera visible sur notre site 3 mois, elle sera automatiquement effac\u00e9e pass\u00e9 ce d\u00e9lai.<\/p>\n\r\n                    \r\n    \r\n<form action=\"\" method=\"post\" class=\"adverts-form adverts-form-aligned\">\r\n    <fieldset>\r\n        \r\n                <input type=\"hidden\" name=\"_post_id\" id=\"_post_id\"  \/>                <input type=\"hidden\" name=\"_adverts_action\" id=\"_adverts_action\" value=\"preview\"  \/>                <input type=\"hidden\" name=\"_wpadverts_checksum\" id=\"_wpadverts_checksum\" value=\"7d56ab2fa0d0ede8af96615ca845e3d0\"  \/>                <input type=\"hidden\" name=\"_wpadverts_checksum_nonce\" id=\"_wpadverts_checksum_nonce\" value=\"15bc8bc9b0\"  \/>                <input type=\"hidden\" name=\"_post_id_nonce\" id=\"_post_id_nonce\"  \/>                <input type=\"hidden\" name=\"_timetrap_field\" id=\"_timetrap_field\" value=\"U2oxTzROSll4ZUhKQ2J3OGJjcG9Wdz09\"  \/>                \r\n                \r\n        <div class=\"adverts-control-group adverts-field-header adverts-field-name-_contact_information \">\r\n            \r\n                        <div class=\"adverts-field-header\">\r\n                <span class=\"adverts-field-header-title\">Information de contact<\/span>\r\n                            <\/div>\r\n                        \r\n                        \r\n        <\/div>\r\n                \r\n        <div class=\"adverts-control-group adverts-field-account adverts-field-name-_adverts_account \">\r\n            \r\n                        \r\n            <label for=\"_adverts_account\">\r\n                Compte                            <\/label>\r\n            \r\n            <div class=\"adverts-form-input-group adverts-form-input-group-checkbox adverts-field-rows-1\" ><div ><label for=\"_adverts_account_1\" ><input type=\"checkbox\" name=\"_adverts_account[]\" id=\"_adverts_account_1\" value=\"1\"  \/> Me cr\u00e9er un compte afin que je puisse g\u00e9rer mes annonces (un mot-de-passe vous sera envoy\u00e9) ou <a href=\"https:\/\/sites.ac-nancy-metz.fr\/lyc-stanislas-villers\/00stanwp\/wp-login.php?redirect_to=https%3A%2F%2Fsites.ac-nancy-metz.fr%2Flyc-stanislas-villers%2F00stanwp%2Fadverts%2Fadd%2F\">Connexion<\/a><\/label><\/div><\/div>\r\n                        \r\n                        \r\n        <\/div>\r\n                \r\n        <div class=\"adverts-control-group adverts-field-text adverts-field-name-adverts_person \">\r\n            \r\n                        \r\n            <label for=\"adverts_person\">\r\n                Personne de contact                                <span class=\"adverts-form-required\">*<\/span>\r\n                            <\/label>\r\n            \r\n            <input type=\"text\" name=\"adverts_person\" id=\"adverts_person\"  \/>\r\n                        \r\n                        \r\n        <\/div>\r\n                \r\n        <div class=\"adverts-control-group adverts-field-text adverts-field-name-adverts_email \">\r\n            \r\n                        \r\n            <label for=\"adverts_email\">\r\n                E mail                                <span class=\"adverts-form-required\">*<\/span>\r\n                            <\/label>\r\n            \r\n            <input type=\"text\" name=\"adverts_email\" id=\"adverts_email\"  \/>\r\n                        \r\n                        \r\n        <\/div>\r\n                \r\n        <div class=\"adverts-control-group adverts-field-text adverts-field-name-adverts_phone \">\r\n            \r\n                        \r\n            <label for=\"adverts_phone\">\r\n                N\u00b0 de t\u00e9l\u00e9phone                            <\/label>\r\n            \r\n            <input type=\"text\" name=\"adverts_phone\" id=\"adverts_phone\"  \/>\r\n                        \r\n                        \r\n        <\/div>\r\n                \r\n        <div class=\"adverts-control-group adverts-field-header adverts-field-name-_item_information \">\r\n            \r\n                        <div class=\"adverts-field-header\">\r\n                <span class=\"adverts-field-header-title\">Texte d&#039;information<\/span>\r\n                            <\/div>\r\n                        \r\n                        \r\n        <\/div>\r\n                \r\n        <div class=\"adverts-control-group adverts-field-text adverts-field-name-post_title \">\r\n            \r\n                        \r\n            <label for=\"post_title\">\r\n                Titre                                <span class=\"adverts-form-required\">*<\/span>\r\n                            <\/label>\r\n            \r\n            <input type=\"text\" name=\"post_title\" id=\"post_title\"  \/>\r\n                        \r\n                        \r\n        <\/div>\r\n                \r\n        <div class=\"adverts-control-group adverts-field-select adverts-field-name-advert_category \">\r\n            \r\n                        \r\n            <label for=\"advert_category\">\r\n                Cat\u00e9gorie                            <\/label>\r\n            \r\n            <select id=\"advert_category\" name=\"advert_category[]\" class=\" adverts-multiselect adverts-max-choices[10]\" multiple=\"multiple\" ><option value=\"205\" >Demande d\u2019emploi Biotechnologies \/ Scientifique<\/option><option value=\"206\" >Demande d\u2019emploi en Boulangerie-P\u00e2tisserie<\/option><option value=\"207\" >Demande d\u2019emploi en cuisine<\/option><option value=\"208\" >Demande d\u2019emploi en service<\/option><option value=\"211\" >Offre de stage en Boulangerie-P\u00e2tisserie<\/option><option value=\"212\" >Offre de stage en cuisine<\/option><option value=\"219\" >Offre de stage en service<\/option><option value=\"214\" >Offres d\u2019emploi Biotechnologies \/ Scientifique<\/option><option value=\"215\" >Offres d\u2019emploi en Boulangerie-P\u00e2tisserie<\/option><option value=\"216\" >Offres d\u2019emploi en cuisine<\/option><option value=\"217\" >Offres d\u2019emploi en service<\/option><\/select>\r\n                        \r\n                        \r\n        <\/div>\r\n                \r\n        <div class=\"adverts-control-group adverts-field-gallery adverts-field-name-gallery \">\r\n            \r\n                        \r\n            <label for=\"gallery\">\r\n                Galerie                            <\/label>\r\n            \r\n            \n\n        <div id=\"adverts-plupload-upload-ui-gallery\" class=\"adverts-plupload-upload-ui adverts-browser-frontend\">\n        <div id=\"adverts-drag-drop-area-gallery\"class=\"adverts-drag-drop-area\">\n        \n        <\/div>\n        <div class=\"adverts-gallery\">\n            <p>D\u00e9poser les fichiers ici pour les ajouter<\/p>\n            <p><a href=\"#\" id=\"adverts-plupload-browse-button-gallery\" class=\"adverts-plupload-browse-button adverts-button\">Ajouter des images\u2026<\/a><\/p>\n        <\/div>\n        <div class=\"adverts-gallery-uploads\">\n\n        <\/div>\n\n    <\/div>\n        \n            \n    \r\n                        \r\n                        \r\n        <\/div>\r\n                \r\n        <div class=\"adverts-control-group adverts-field-textarea adverts-field-name-post_content \">\r\n            \r\n                        \r\n            <label for=\"post_content\">\r\n                Description                                 <span class=\"adverts-form-required\">*<\/span>\r\n                            <\/label>\r\n            \r\n            <div id=\"wp-post_content-wrap\" class=\"wp-core-ui wp-editor-wrap tmce-active\"><link rel='stylesheet' id='dashicons-css' href='https:\/\/sites.ac-nancy-metz.fr\/lyc-stanislas-villers\/00stanwp\/wp-includes\/css\/dashicons.min.css?ver=6.9.4' type='text\/css' media='all' \/>\n<link rel='stylesheet' id='editor-buttons-css' href='https:\/\/sites.ac-nancy-metz.fr\/lyc-stanislas-villers\/00stanwp\/wp-includes\/css\/editor.min.css?ver=6.9.4' type='text\/css' media='all' \/>\n<div id=\"wp-post_content-editor-container\" class=\"wp-editor-container\"><textarea class=\"wp-editor-area\" rows=\"8\" autocomplete=\"off\" cols=\"40\" name=\"post_content\" id=\"post_content\"><\/textarea><\/div>\n<\/div>\n\n\r\n                        \r\n                        \r\n        <\/div>\r\n                \r\n        <div class=\"adverts-control-group adverts-field-text adverts-field-name-adverts_price \">\r\n            \r\n                        \r\n            <label for=\"adverts_price\">\r\n                Prix                            <\/label>\r\n            \r\n            <input type=\"text\" name=\"adverts_price\" id=\"adverts_price\" class=\"adverts-filter-money\"  \/>\r\n                        \r\n                        \r\n        <\/div>\r\n                \r\n        <div class=\"adverts-control-group adverts-field-text adverts-field-name-adverts_location \">\r\n            \r\n                        \r\n            <label for=\"adverts_location\">\r\n                Localit\u00e9                            <\/label>\r\n            \r\n            <input type=\"text\" name=\"adverts_location\" id=\"adverts_location\"  \/>\r\n                        \r\n                        \r\n        <\/div>\r\n                \r\n        <div class=\"adverts-control-group adverts-field-actions\">\r\n\r\n            <input type=\"submit\" name=\"submit\" value=\"Pr\u00e9visualiser\" style=\"font-size:1.2em\" class=\"adverts-button adverts-cancel-unload\" \/>\r\n        <\/div>\r\n        \r\n    <\/fieldset>\r\n<\/form>\n","protected":false},"excerpt":{"rendered":"<p>Quelques informations importantes concernant le service de publication des petites annonces d&rsquo;offres et de demandes d&#8217;emploi ou de stage sur le site du Lyc\u00e9e Stanislas Professionnels, vous pouvez d\u00e9poser une offre d&#8217;emploi ou de stage\u00a0 \u00e0 destination de nos \u00e9l\u00e8ves en remplissant le formulaire propos\u00e9. Votre N\u00b0 de SIRET doit obligatoirement appara\u00eetre dans l\u2019annonce d\u00e9pos\u00e9e. [&hellip;]<\/p>\n","protected":false},"author":1,"featured_media":2466,"parent":2430,"menu_order":0,"comment_status":"closed","ping_status":"closed","template":"","meta":{"saved_in_kubio":false,"footnotes":""},"class_list":["post-2432","page","type-page","status-publish","has-post-thumbnail","hentry"],"kubio_ai_page_context":{"short_desc":"","purpose":"general"},"jetpack_sharing_enabled":true,"_links":{"self":[{"href":"https:\/\/sites.ac-nancy-metz.fr\/lyc-stanislas-villers\/00stanwp\/wp-json\/wp\/v2\/pages\/2432","targetHints":{"allow":["GET"]}}],"collection":[{"href":"https:\/\/sites.ac-nancy-metz.fr\/lyc-stanislas-villers\/00stanwp\/wp-json\/wp\/v2\/pages"}],"about":[{"href":"https:\/\/sites.ac-nancy-metz.fr\/lyc-stanislas-villers\/00stanwp\/wp-json\/wp\/v2\/types\/page"}],"author":[{"embeddable":true,"href":"https:\/\/sites.ac-nancy-metz.fr\/lyc-stanislas-villers\/00stanwp\/wp-json\/wp\/v2\/users\/1"}],"replies":[{"embeddable":true,"href":"https:\/\/sites.ac-nancy-metz.fr\/lyc-stanislas-villers\/00stanwp\/wp-json\/wp\/v2\/comments?post=2432"}],"version-history":[{"count":0,"href":"https:\/\/sites.ac-nancy-metz.fr\/lyc-stanislas-villers\/00stanwp\/wp-json\/wp\/v2\/pages\/2432\/revisions"}],"up":[{"embeddable":true,"href":"https:\/\/sites.ac-nancy-metz.fr\/lyc-stanislas-villers\/00stanwp\/wp-json\/wp\/v2\/pages\/2430"}],"wp:featuredmedia":[{"embeddable":true,"href":"https:\/\/sites.ac-nancy-metz.fr\/lyc-stanislas-villers\/00stanwp\/wp-json\/wp\/v2\/media\/2466"}],"wp:attachment":[{"href":"https:\/\/sites.ac-nancy-metz.fr\/lyc-stanislas-villers\/00stanwp\/wp-json\/wp\/v2\/media?parent=2432"}],"curies":[{"name":"wp","href":"https:\/\/api.w.org\/{rel}","templated":true}]}}