{"id":5330,"date":"2025-07-24T23:23:09","date_gmt":"2025-07-24T21:23:09","guid":{"rendered":"http:\/\/localhost\/STAN-wordpress\/?page_id=48"},"modified":"2025-07-24T23:25:08","modified_gmt":"2025-07-24T21:25:08","slug":"intendance","status":"publish","type":"page","link":"https:\/\/sites.ac-nancy-metz.fr\/lyc-stanislas-villers\/00stanwp\/services\/intendance\/","title":{"rendered":"Intendance"},"content":{"rendered":"\n<p class=\"has-text-align-left Style28\"><strong>PR\u00c9SENTATION DU SERVICE D&rsquo;INTENDANCE<\/strong><\/p>\n\n\n\n<p><strong>PR\u00c9SENTATION DU SERVICE D\u2019 INTENDANCE<\/strong><\/p>\n\n\n\n<p>Gestion mat\u00e9rielle et financi\u00e8re du lyc\u00e9e Stanislas.<\/p>\n\n\n\n<p><strong>Si\u00e8ge Agence Comptable&nbsp;(suivi comptabilit\u00e9)<\/strong><\/p>\n\n\n\n<p>Lyc\u00e9e Stanislas<br>Lyc\u00e9e Georges de la Tour &#8211; Nancy<br>Coll\u00e8ge Georges de la Tour &#8211; Nancy<br>Coll\u00e8ge La Fontaine \u2013 Laxou<br>Lyc\u00e9e Jacques Callot \u2013 Vand\u0153uvre<\/p>\n\n\n\n<p>Coll\u00e8ge Jacques Callot Vand\u0153uvre<br>Coll\u00e8ge Simone de Beauvoir \u2013 Vand\u0153uvre<\/p>\n\n\n\n<p><strong><u>PERSONNELS D\u2019INTENDANCE<\/u><\/strong><strong><u><\/u><\/strong><\/p>\n\n\n\n<p><em>Mme YONGBLOUTT Nad\u00e8ge&nbsp;<\/em>: <em>Secr\u00e9taire g\u00e9n\u00e9rale agent comptable<br><\/em><br><em>Mme LUPINSKA Joanna&nbsp;: gestionnaire d\u00e9l\u00e9gu\u00e9e<\/em><em><\/em><\/p>\n\n\n\n<p><em>M. LOCATELLI Benjamin<\/em><em><\/em><\/p>\n\n\n\n<p><em>M. TSCHEILLER Philippe<\/em><em><\/em><\/p>\n\n\n\n<p><em>Mme SAYONS Amandine<\/em><em><\/em><\/p>\n\n\n\n<p><em>Mme THUOT Myriam<\/em><em><\/em><\/p>\n\n\n\n<p><strong><u>PERSONNELS D\u2019AGENCE COMPTABLE<\/u><\/strong><strong><u><\/u><\/strong><\/p>\n\n\n\n<p><em>M. DEGUIGNIERE Axel&nbsp;: fond\u00e9 de pouvoir<\/em><em><\/em><\/p>\n\n\n\n<p><em>Mme SCHNEGG Sandrine<\/em><em><\/em><\/p>\n\n\n\n<p><em>M. DEBIAS C\u00e9dric<\/em><em><\/em><\/p>\n\n\n\n<p><strong><u>PERSONNELS D\u2019ACCUEIL<\/u><\/strong><br><br><em>Mme LEPRIVEY Patricia \u2013 Mme WEINLAND Annick<\/em><\/p>\n\n\n\n<p><strong><u>PERSONNELS DE CUISINE<\/u><\/strong><br><br><\/p>\n\n\n\n<p><em>M. ANCELET J\u00e9r\u00f4me, chef de cuisine<\/em><\/p>\n\n\n\n<p><em>M. AZIZ Rabi<\/em><\/p>\n\n\n\n<p><em>Mme VUIDARD Nicole<\/em><\/p>\n\n\n\n<p><em>Mme WINTZ Sylvie<\/em><\/p>\n\n\n\n<p><em>M. MARIE JOSEPH Fabrice<\/em><\/p>\n\n\n\n<p><em>Mme PHILIS Ang\u00e9lique<\/em><\/p>\n\n\n\n<p><em>M. X<\/em><\/p>\n\n\n\n<p><strong>Magasini\u00e8res&nbsp;:<\/strong><\/p>\n\n\n\n<p><em>Mme GIGLEUX Nathalie \u2013 Mme MICHEL Elodie<\/em><\/p>\n\n\n\n<p><em>Mme WUNN Isabelle<\/em><\/p>\n\n\n\n<p><strong><u>PERSONNELS DE MAINTENANCE<\/u><\/strong><\/p>\n\n\n\n<p><em>Mme DOUBLET Isabelle, agent chef maintenance et entretien<\/em><\/p>\n\n\n\n<p><em>M. BERTRAND R\u00e9my<\/em><\/p>\n\n\n\n<p><em>M. SANDRON Jean-Luc<\/em><\/p>\n\n\n\n<p><em>M. TAINGLAND Cyrille<\/em><\/p>\n\n\n\n<p><em>M. DE DEUS Denis<\/em><\/p>\n\n\n\n<p><em>M. PERRIN K\u00e9vin<\/em><\/p>\n\n\n\n<p><strong><u>PERSONNELS D\u2019ENTRETIEN<\/u><\/strong><\/p>\n\n\n\n<p><em>Mme ARENA Judith<\/em><\/p>\n\n\n\n<p><em>Mme BIRACH Constance \u2013 Mme PETERMAN<\/em><\/p>\n\n\n\n<p><em>Mme HEDDAR Nadia<\/em><\/p>\n\n\n\n<p><em>Mme FAKROUNE<\/em><\/p>\n\n\n\n<p><em>Mme GENIN Agn\u00e8s<\/em><\/p>\n\n\n\n<p><em>Mme MARCHAL<\/em><\/p>\n\n\n\n<p><em>Mme MERCIER Kris<\/em><\/p>\n\n\n\n<p><em>Mme MOREL Sophie<\/em><\/p>\n\n\n\n<p><em>Mme SCHOUG Isabelle<\/em><\/p>\n\n\n\n<p><em>Mme THIERRY Alyssa<\/em><\/p>\n\n\n\n<p><em>Mme ROUILLON Christine \u2013 Mme WEINLAND Annick, ling\u00e8res<\/em><\/p>\n\n\n\n<p><strong><u>PERSONNELS DE L\u2019EQUIPE INFORMATIQUE<\/u><\/strong><\/p>\n\n\n\n<p><em>En service partag\u00e9 sur plusieurs \u00e9tablissements<\/em><\/p>\n\n\n\n<p><em>M. DE LA CRUZ Marc<\/em><\/p>\n\n\n\n<p><em>M. MACHKOUR Aziz<\/em><\/p>\n\n\n\n<p><strong><u>PERSONNELS DE LABORATOIRE<\/u><\/strong><\/p>\n\n\n\n<p><em>M. AUBERTIN Alain<\/em><\/p>\n\n\n\n<p><em>M. DIDIOT Laurent<\/em><\/p>\n\n\n\n<p><em>M. GELER Bertrand<\/em><\/p>\n\n\n\n<p><em>M. ROUSSEL Marc<\/em><\/p>\n","protected":false},"excerpt":{"rendered":"<p>PR\u00c9SENTATION DU SERVICE D&rsquo;INTENDANCE PR\u00c9SENTATION DU SERVICE D\u2019 INTENDANCE Gestion mat\u00e9rielle et financi\u00e8re du lyc\u00e9e Stanislas. Si\u00e8ge Agence Comptable&nbsp;(suivi comptabilit\u00e9) Lyc\u00e9e StanislasLyc\u00e9e Georges de la Tour &#8211; NancyColl\u00e8ge Georges de la Tour &#8211; NancyColl\u00e8ge La Fontaine \u2013 LaxouLyc\u00e9e Jacques Callot \u2013 Vand\u0153uvre Coll\u00e8ge Jacques Callot Vand\u0153uvreColl\u00e8ge Simone de Beauvoir \u2013 Vand\u0153uvre PERSONNELS D\u2019INTENDANCE Mme YONGBLOUTT [&hellip;]<\/p>\n","protected":false},"author":1,"featured_media":0,"parent":62,"menu_order":0,"comment_status":"closed","ping_status":"closed","template":"","meta":{"saved_in_kubio":false,"footnotes":""},"class_list":["post-5330","page","type-page","status-publish","hentry"],"kubio_ai_page_context":{"short_desc":"","purpose":"general"},"jetpack_sharing_enabled":true,"_links":{"self":[{"href":"https:\/\/sites.ac-nancy-metz.fr\/lyc-stanislas-villers\/00stanwp\/wp-json\/wp\/v2\/pages\/5330","targetHints":{"allow":["GET"]}}],"collection":[{"href":"https:\/\/sites.ac-nancy-metz.fr\/lyc-stanislas-villers\/00stanwp\/wp-json\/wp\/v2\/pages"}],"about":[{"href":"https:\/\/sites.ac-nancy-metz.fr\/lyc-stanislas-villers\/00stanwp\/wp-json\/wp\/v2\/types\/page"}],"author":[{"embeddable":true,"href":"https:\/\/sites.ac-nancy-metz.fr\/lyc-stanislas-villers\/00stanwp\/wp-json\/wp\/v2\/users\/1"}],"replies":[{"embeddable":true,"href":"https:\/\/sites.ac-nancy-metz.fr\/lyc-stanislas-villers\/00stanwp\/wp-json\/wp\/v2\/comments?post=5330"}],"version-history":[{"count":4,"href":"https:\/\/sites.ac-nancy-metz.fr\/lyc-stanislas-villers\/00stanwp\/wp-json\/wp\/v2\/pages\/5330\/revisions"}],"predecessor-version":[{"id":6160,"href":"https:\/\/sites.ac-nancy-metz.fr\/lyc-stanislas-villers\/00stanwp\/wp-json\/wp\/v2\/pages\/5330\/revisions\/6160"}],"up":[{"embeddable":true,"href":"https:\/\/sites.ac-nancy-metz.fr\/lyc-stanislas-villers\/00stanwp\/wp-json\/wp\/v2\/pages\/62"}],"wp:attachment":[{"href":"https:\/\/sites.ac-nancy-metz.fr\/lyc-stanislas-villers\/00stanwp\/wp-json\/wp\/v2\/media?parent=5330"}],"curies":[{"name":"wp","href":"https:\/\/api.w.org\/{rel}","templated":true}]}}