{"id":2221,"date":"2022-12-01T18:44:15","date_gmt":"2022-12-01T17:44:15","guid":{"rendered":"https:\/\/sites.ac-nancy-metz.fr\/mathematiques\/?page_id=2221"},"modified":"2024-09-17T08:08:59","modified_gmt":"2024-09-17T07:08:59","slug":"au-college","status":"publish","type":"page","link":"https:\/\/sites.ac-nancy-metz.fr\/mathematiques\/enseigner\/au-college\/","title":{"rendered":"Enseigner au coll\u00e8ge"},"content":{"rendered":"\n<hr class=\"wp-block-separator has-alpha-channel-opacity\"\/>\n\n\n<ul class=\"wp-block-latest-posts__list has-dates has-author wp-block-latest-posts\"><li><div class=\"wp-block-latest-posts__featured-image alignleft\"><a href=\"https:\/\/sites.ac-nancy-metz.fr\/mathematiques\/modalites-dattribution-du-dnb-a-compter-de-2026-epreuve-de-mathematiques\/\" aria-label=\"Modalit\u00e9s d\u2019attribution du DNB \u00e0 compter de 2026\u00a0&#8211; Epreuve de math\u00e9matiques\"><img loading=\"lazy\" decoding=\"async\" width=\"150\" height=\"150\" src=\"https:\/\/sites.ac-nancy-metz.fr\/mathematiques\/wp-content\/uploads\/image-DNB-150x150.jpg\" class=\"attachment-thumbnail size-thumbnail wp-post-image\" alt=\"\" style=\"max-width:150px;max-height:150px;\" \/><\/a><\/div><a class=\"wp-block-latest-posts__post-title\" href=\"https:\/\/sites.ac-nancy-metz.fr\/mathematiques\/modalites-dattribution-du-dnb-a-compter-de-2026-epreuve-de-mathematiques\/\">Modalit\u00e9s d\u2019attribution du DNB \u00e0 compter de 2026\u00a0&#8211; Epreuve de math\u00e9matiques<\/a><div class=\"wp-block-latest-posts__post-author\">par Nadine Joseph<\/div><time datetime=\"2025-09-16T08:03:06+01:00\" class=\"wp-block-latest-posts__post-date\">16\/09\/2025<\/time><div class=\"wp-block-latest-posts__post-excerpt\">Cet article reprend l\u2019essentiel des \u00e9volutions majeures des modalit\u00e9s d\u2019attribution du DNB en ce qui concerne notre discipline. Pour plus de d\u00e9tails, nous vous invitons \u00e0 prendre connaissance de l\u2019int\u00e9gralit\u00e9 de la note de service du 2\/09\/2025, publi\u00e9e au bulletin officiel le 4 09 25. Les \u00e9preuves terminales de l\u2019examen sont prises en compte \u00e0&#8230;<\/div><\/li>\n<li><a class=\"wp-block-latest-posts__post-title\" href=\"https:\/\/sites.ac-nancy-metz.fr\/mathematiques\/olympiades-de-mathematiques-de-quatrieme-concours-rene-merkhoffer-2025\/\">Olympiades de Math\u00e9matiques de Quatri\u00e8me (concours Ren\u00e9 Merkhoffer) &#8211; 2025<\/a><div class=\"wp-block-latest-posts__post-author\">par Mohammed HAYOUNI<\/div><time datetime=\"2025-01-23T14:17:49+01:00\" class=\"wp-block-latest-posts__post-date\">23\/01\/2025<\/time><div class=\"wp-block-latest-posts__post-excerpt\">Olympiades de Math\u00e9matiques de Quatri\u00e8me (concours Ren\u00e9 Merkhoffer) &#8211; 2025 Pour la septi\u00e8me ann\u00e9e, l\u2019acad\u00e9mie de Nancy-Metz organise le concours intitul\u00e9 \u00ab&nbsp;Les olympiades inter-acad\u00e9miques de 4e&nbsp;\u00bb, ou encore \u00ab&nbsp;le concours Ren\u00e9 Merkhoffer&nbsp;\u00bb. Dans le m\u00eame esprit que les olympiades d\u00e9j\u00e0 propos\u00e9es \u00e0 nos lyc\u00e9ens pour les \u00e9l\u00e8ves de premi\u00e8re, l\u2019objectif est de stimuler les \u00e9l\u00e8ves&#8230;<\/div><\/li>\n<li><div class=\"wp-block-latest-posts__featured-image alignleft\"><a href=\"https:\/\/sites.ac-nancy-metz.fr\/mathematiques\/evaluations-nationales-et-tests-de-positionnement-rentree-2024-2025\/\" aria-label=\"\u00c9valuations nationales et tests de positionnement (Rentr\u00e9e 2024-2025)\"><img loading=\"lazy\" decoding=\"async\" width=\"150\" height=\"150\" src=\"https:\/\/sites.ac-nancy-metz.fr\/mathematiques\/wp-content\/uploads\/evaluations-150x150.jpg\" class=\"attachment-thumbnail size-thumbnail wp-post-image\" alt=\"\" style=\"max-width:150px;max-height:150px;\" \/><\/a><\/div><a class=\"wp-block-latest-posts__post-title\" href=\"https:\/\/sites.ac-nancy-metz.fr\/mathematiques\/evaluations-nationales-et-tests-de-positionnement-rentree-2024-2025\/\">\u00c9valuations nationales et tests de positionnement (Rentr\u00e9e 2024-2025)<\/a><div class=\"wp-block-latest-posts__post-author\">par Christophe THOMAS<\/div><time datetime=\"2024-09-15T13:51:18+01:00\" class=\"wp-block-latest-posts__post-date\">15\/09\/2024<\/time><div class=\"wp-block-latest-posts__post-excerpt\">Chaque \u00e9l\u00e8ve de sixi\u00e8me et de quatri\u00e8me et les \u00e9l\u00e8ves de cinqui\u00e8me et troisi\u00e8me des \u00e9tablissements pr\u00e9figurateurs et volontaires passent un test de fluence ainsi qu\u2019une \u00e9valuation sur support num\u00e9rique permettant d\u2019identifier ses acquis et ses besoins en fran\u00e7ais et en math\u00e9matiques.&nbsp;&nbsp;&nbsp;&nbsp;&nbsp;&nbsp;&nbsp;&nbsp;&nbsp; Les tests de positionnement en d\u00e9but de lyc\u00e9e concernent tous les \u00e9l\u00e8ves de&#8230;<\/div><\/li>\n<li><div class=\"wp-block-latest-posts__featured-image alignleft\"><a href=\"https:\/\/sites.ac-nancy-metz.fr\/mathematiques\/olympiades-de-mathematiques-de-quatrieme-concours-rene-merkhoffer-2023\/\" aria-label=\"Olympiades de Math\u00e9matiques de Quatri\u00e8me (concours Ren\u00e9 Merkhoffer) &#8211; 2023\"><img loading=\"lazy\" decoding=\"async\" width=\"150\" height=\"150\" src=\"https:\/\/sites.ac-nancy-metz.fr\/mathematiques\/wp-content\/uploads\/image_libre_droit-150x150.jpg\" class=\"attachment-thumbnail size-thumbnail wp-post-image\" alt=\"\" style=\"max-width:150px;max-height:150px;\" \/><\/a><\/div><a class=\"wp-block-latest-posts__post-title\" href=\"https:\/\/sites.ac-nancy-metz.fr\/mathematiques\/olympiades-de-mathematiques-de-quatrieme-concours-rene-merkhoffer-2023\/\">Olympiades de Math\u00e9matiques de Quatri\u00e8me (concours Ren\u00e9 Merkhoffer) &#8211; 2023<\/a><div class=\"wp-block-latest-posts__post-author\">par Mohammed HAYOUNI<\/div><time datetime=\"2023-01-09T20:12:22+01:00\" class=\"wp-block-latest-posts__post-date\">09\/01\/2023<\/time><div class=\"wp-block-latest-posts__post-excerpt\">Pour la cinqui\u00e8me ann\u00e9e, l\u2019acad\u00e9mie de Nancy-Metz organise le concours intitul\u00e9 \u00ab&nbsp;Les olympiades inter-acad\u00e9miques de 4\u00e8me&nbsp;\u00bb, ou encore \u00ab&nbsp;le concours Ren\u00e9 Merkhoffer&nbsp;\u00bb. Dans le m\u00eame esprit que les olympiades d\u00e9j\u00e0 propos\u00e9es \u00e0 nos lyc\u00e9ens pour les \u00e9l\u00e8ves de premi\u00e8re, l\u2019objectif est de stimuler les \u00e9l\u00e8ves en les confrontant des situations probl\u00e8mes o\u00f9 chacun est en&#8230;<\/div><\/li>\n<li><div class=\"wp-block-latest-posts__featured-image alignleft\"><a href=\"https:\/\/sites.ac-nancy-metz.fr\/mathematiques\/lettre-de-rentree-2022\/\" aria-label=\"Lettre de rentr\u00e9e 2022\"><img loading=\"lazy\" decoding=\"async\" width=\"150\" height=\"150\" src=\"https:\/\/sites.ac-nancy-metz.fr\/mathematiques\/wp-content\/uploads\/lettre-150x150.jpg\" class=\"attachment-thumbnail size-thumbnail wp-post-image\" alt=\"\" style=\"max-width:150px;max-height:150px;\" \/><\/a><\/div><a class=\"wp-block-latest-posts__post-title\" href=\"https:\/\/sites.ac-nancy-metz.fr\/mathematiques\/lettre-de-rentree-2022\/\">Lettre de rentr\u00e9e 2022<\/a><div class=\"wp-block-latest-posts__post-author\">par Nadine Antonaccio<\/div><time datetime=\"2022-09-23T13:46:31+01:00\" class=\"wp-block-latest-posts__post-date\">23\/09\/2022<\/time><div class=\"wp-block-latest-posts__post-excerpt\">Nous vous esp\u00e9rons tous en bonne sant\u00e9 ainsi que vos proches et vous souhaitons une ann\u00e9e scolaire sereine. Nous tenons \u00e0 vous remercier pour votre engagement au service de la r\u00e9ussite des \u00e9l\u00e8ves et le travail fourni au travers des diff\u00e9rentes missions d\u2019enseignement et d\u2019\u00e9valuation au cours de la pr\u00e9c\u00e9dente ann\u00e9e. Nous souhaitons la bienvenue&#8230;<\/div><\/li>\n<li><div class=\"wp-block-latest-posts__featured-image alignleft\"><a href=\"https:\/\/sites.ac-nancy-metz.fr\/mathematiques\/calendrier-2023-des-examens\/\" aria-label=\"Calendrier 2023 des examens\"><img loading=\"lazy\" decoding=\"async\" width=\"150\" height=\"150\" src=\"https:\/\/sites.ac-nancy-metz.fr\/mathematiques\/wp-content\/uploads\/calendrier-150x150.jpg\" class=\"attachment-thumbnail size-thumbnail wp-post-image\" alt=\"\" style=\"max-width:150px;max-height:150px;\" \/><\/a><\/div><a class=\"wp-block-latest-posts__post-title\" href=\"https:\/\/sites.ac-nancy-metz.fr\/mathematiques\/calendrier-2023-des-examens\/\">Calendrier 2023 des examens<\/a><div class=\"wp-block-latest-posts__post-author\">par Nadine Antonaccio<\/div><time datetime=\"2022-09-22T13:57:24+01:00\" class=\"wp-block-latest-posts__post-date\">22\/09\/2022<\/time><div class=\"wp-block-latest-posts__post-excerpt\">Le calendrier 2023 du dipl\u00f4me national du brevet et du baccalaur\u00e9at est publi\u00e9 au&nbsp;BO n\u00b035 du 22 septembre 2022<\/div><\/li>\n<li><div class=\"wp-block-latest-posts__featured-image alignleft\"><a href=\"https:\/\/sites.ac-nancy-metz.fr\/mathematiques\/olympiades-de-mathematiques-de-quatrieme-concours-rene-merkhoffer-2022\/\" aria-label=\"Olympiades de Math\u00e9matiques de Quatri\u00e8me (concours Ren\u00e9 Merkhoffer) &#8211; 2022\"><img loading=\"lazy\" decoding=\"async\" width=\"150\" height=\"150\" src=\"https:\/\/sites.ac-nancy-metz.fr\/mathematiques\/wp-content\/uploads\/09-150x150.jpg\" class=\"attachment-thumbnail size-thumbnail wp-post-image\" alt=\"\" style=\"max-width:150px;max-height:150px;\" \/><\/a><\/div><a class=\"wp-block-latest-posts__post-title\" href=\"https:\/\/sites.ac-nancy-metz.fr\/mathematiques\/olympiades-de-mathematiques-de-quatrieme-concours-rene-merkhoffer-2022\/\">Olympiades de Math\u00e9matiques de Quatri\u00e8me (concours Ren\u00e9 Merkhoffer) &#8211; 2022<\/a><div class=\"wp-block-latest-posts__post-author\">par Mohammed HAYOUNI<\/div><time datetime=\"2022-01-20T19:56:00+01:00\" class=\"wp-block-latest-posts__post-date\">20\/01\/2022<\/time><div class=\"wp-block-latest-posts__post-excerpt\">Pour la quatri\u00e8me ann\u00e9e, l\u2019acad\u00e9mie de Nancy-Metz organise le concours intitul\u00e9 \u00ab&nbsp;Les olympiades inter-acad\u00e9miques de 4\u00e8me&nbsp;\u00bb, ou encore \u00ab&nbsp;le concours Ren\u00e9 Merkhoffer&nbsp;\u00bb. Dans le m\u00eame esprit que les olympiades d\u00e9j\u00e0 propos\u00e9es \u00e0 nos lyc\u00e9ens pour les \u00e9l\u00e8ves de premi\u00e8re, l\u2019objectif est de stimuler les \u00e9l\u00e8ves en les confrontant des situations probl\u00e8mes o\u00f9 chacun est en&#8230;<\/div><\/li>\n<li><div class=\"wp-block-latest-posts__featured-image alignleft\"><a href=\"https:\/\/sites.ac-nancy-metz.fr\/mathematiques\/le-socle-commun-de-connaissances-de-competences-et-de-culture\/\" aria-label=\"Le socle commun de connaissances, de comp\u00e9tences et de culture\"><img loading=\"lazy\" decoding=\"async\" width=\"150\" height=\"150\" src=\"https:\/\/sites.ac-nancy-metz.fr\/mathematiques\/wp-content\/uploads\/student-g6599a7475_1920-150x150.jpg\" class=\"attachment-thumbnail size-thumbnail wp-post-image\" alt=\"\" style=\"max-width:150px;max-height:150px;\" \/><\/a><\/div><a class=\"wp-block-latest-posts__post-title\" href=\"https:\/\/sites.ac-nancy-metz.fr\/mathematiques\/le-socle-commun-de-connaissances-de-competences-et-de-culture\/\">Le socle commun de connaissances, de comp\u00e9tences et de culture<\/a><div class=\"wp-block-latest-posts__post-author\">par Christophe THOMAS<\/div><time datetime=\"2021-10-25T07:37:00+01:00\" class=\"wp-block-latest-posts__post-date\">25\/10\/2021<\/time><div class=\"wp-block-latest-posts__post-excerpt\">Le socle commun de connaissances, de comp\u00e9tences et de culture identifie les connaissances et comp\u00e9tences qui doivent \u00eatre acquises \u00e0 l\u2019issue de la scolarit\u00e9 obligatoire. Il s\u2019articule autour de cinq domaines donnant une vision d\u2019ensemble des objectifs des programmes de l\u2019\u00e9cole \u00e9l\u00e9mentaire et du coll\u00e8ge qui d\u00e9clinent et pr\u00e9cisent ce nouveau socle. Sa ma\u00eetrise s\u2019acquiert&#8230;<\/div><\/li>\n<\/ul>","protected":false},"excerpt":{"rendered":"","protected":false},"author":9,"featured_media":0,"parent":2218,"menu_order":1,"comment_status":"closed","ping_status":"closed","template":"","meta":{"footnotes":""},"class_list":["post-2221","page","type-page","status-publish","hentry"],"_links":{"self":[{"href":"https:\/\/sites.ac-nancy-metz.fr\/mathematiques\/wp-json\/wp\/v2\/pages\/2221","targetHints":{"allow":["GET"]}}],"collection":[{"href":"https:\/\/sites.ac-nancy-metz.fr\/mathematiques\/wp-json\/wp\/v2\/pages"}],"about":[{"href":"https:\/\/sites.ac-nancy-metz.fr\/mathematiques\/wp-json\/wp\/v2\/types\/page"}],"author":[{"embeddable":true,"href":"https:\/\/sites.ac-nancy-metz.fr\/mathematiques\/wp-json\/wp\/v2\/users\/9"}],"replies":[{"embeddable":true,"href":"https:\/\/sites.ac-nancy-metz.fr\/mathematiques\/wp-json\/wp\/v2\/comments?post=2221"}],"version-history":[{"count":7,"href":"https:\/\/sites.ac-nancy-metz.fr\/mathematiques\/wp-json\/wp\/v2\/pages\/2221\/revisions"}],"predecessor-version":[{"id":4268,"href":"https:\/\/sites.ac-nancy-metz.fr\/mathematiques\/wp-json\/wp\/v2\/pages\/2221\/revisions\/4268"}],"up":[{"embeddable":true,"href":"https:\/\/sites.ac-nancy-metz.fr\/mathematiques\/wp-json\/wp\/v2\/pages\/2218"}],"wp:attachment":[{"href":"https:\/\/sites.ac-nancy-metz.fr\/mathematiques\/wp-json\/wp\/v2\/media?parent=2221"}],"curies":[{"name":"wp","href":"https:\/\/api.w.org\/{rel}","templated":true}]}}