{"id":2518,"date":"2022-12-04T19:38:56","date_gmt":"2022-12-04T18:38:56","guid":{"rendered":"https:\/\/sites.ac-nancy-metz.fr\/mathematiques\/?page_id=2518"},"modified":"2025-09-25T15:21:12","modified_gmt":"2025-09-25T14:21:12","slug":"ressources-presentees-en-formation","status":"publish","type":"page","link":"https:\/\/sites.ac-nancy-metz.fr\/mathematiques\/se-former\/ressources-presentees-en-formation\/","title":{"rendered":"Ressources pr\u00e9sent\u00e9es en formation"},"content":{"rendered":"\n<hr class=\"wp-block-separator has-alpha-channel-opacity is-style-wide\"\/>\n\n\n\n<p class=\"has-medium-font-size\"><strong>&#8211; <\/strong><a href=\"https:\/\/sites.ac-nancy-metz.fr\/mathematiques\/se-former\/ressources-presentees-en-formation\/accueil-des-tuteurs-en-mathematiques-et-nsi-2025-2026\/\"><strong>Accueil des tuteurs des laur\u00e9at de concours, EPR et professeurs en d\u00e9tachement, en Math\u00e9matiques et NSI 2025-2026<\/strong> <\/a><\/p>\n\n\n\n<p class=\"has-medium-font-size\">&#8211; <a href=\"https:\/\/sites.ac-nancy-metz.fr\/mathematiques\/se-former\/ressources-presentees-en-formation\/mathematiques-et-nsi-2024-2025-professeurs-stagiaires-et-epr\/\"><strong>Math\u00e9matiques et NSI 2025-2026 &#8211; Professeurs stagiaires et EPR<\/strong><\/a><\/p>\n\n\n\n<h2 class=\"wp-block-heading has-medium-font-size\">&#8211; <a href=\"https:\/\/sites.ac-nancy-metz.fr\/mathematiques\/Math\u00e9matiques et NSI 2025-2026 - Professeurs stagiaires et EPR\/\" data-type=\"link\" data-id=\"https:\/\/sites.ac-nancy-metz.fr\/mathematiques\/mathematiques-2024-2025-nouveaux-programme-du-cycle-3-rentree-2025\/\">Diaporama : Webinaire \u00ab\u00a0Nouveau programme de math\u00e9matiques en Cycle 3 \u00e0 la rentr\u00e9e 2025\u00a0\u00bb  (19 juin 2025)<\/a><\/h2>\n\n\n\n<h6 class=\"wp-block-heading has-medium-font-size\">&#8211; <a href=\"https:\/\/sites.ac-nancy-metz.fr\/mathematiques\/se-former\/ressources-presentees-en-formation\/mathematiques-et-nsi-2024-2025-professeurs-stagiaires-et-epr\/\">Diaporama : Accueil Stagiaires et EPR de Math\u00e9matiques (27 ao\u00fbt 2024)<\/a><\/h6>\n\n\n\n<h6 class=\"wp-block-heading has-medium-font-size\">&#8211; <a href=\"https:\/\/sites.ac-nancy-metz.fr\/mathematiques\/?page_id=3751\">L&rsquo;oral de la classe de seconde au Grand Oral (Janvier 2024)<\/a><\/h6>\n\n\n\n<div class=\"wp-block-group is-nowrap is-layout-flex wp-container-core-group-is-layout-ad2f72ca wp-block-group-is-layout-flex\">\n<h6 class=\"wp-block-heading has-medium-font-size\">&#8211; <a href=\"https:\/\/sites.ac-nancy-metz.fr\/mathematiques\/loral-de-la-classe-de-seconde-au-grand-oral\/\">L&rsquo;oral de la classe de seconde au Grand Oral (Janvier 2023)<\/a><\/h6>\n<\/div>\n\n\n\n<h2 class=\"wp-block-heading has-medium-font-size\">&#8211; <a href=\"https:\/\/sites.ac-nancy-metz.fr\/mathematiques\/se-former\/ressources-presentees-en-formation\/formation-des-tuteurs-2024\/\">Formation des tuteurs des laur\u00e9at de concours et des \u00e9tudiants contractuels alternant (EPR) &#8211; septembre 2024<\/a><\/h2>\n\n\n\n<p><\/p>\n\n\n\n<p><\/p>\n","protected":false},"excerpt":{"rendered":"<p>&#8211; Accueil des tuteurs des laur\u00e9at de concours, EPR et professeurs en d\u00e9tachement, en Math\u00e9matiques et NSI 2025-2026 &#8211; Math\u00e9matiques et NSI 2025-2026 &#8211; Professeurs stagiaires&#8230;<\/p>\n","protected":false},"author":9,"featured_media":0,"parent":2225,"menu_order":0,"comment_status":"closed","ping_status":"closed","template":"","meta":{"footnotes":""},"class_list":["post-2518","page","type-page","status-publish","hentry"],"_links":{"self":[{"href":"https:\/\/sites.ac-nancy-metz.fr\/mathematiques\/wp-json\/wp\/v2\/pages\/2518","targetHints":{"allow":["GET"]}}],"collection":[{"href":"https:\/\/sites.ac-nancy-metz.fr\/mathematiques\/wp-json\/wp\/v2\/pages"}],"about":[{"href":"https:\/\/sites.ac-nancy-metz.fr\/mathematiques\/wp-json\/wp\/v2\/types\/page"}],"author":[{"embeddable":true,"href":"https:\/\/sites.ac-nancy-metz.fr\/mathematiques\/wp-json\/wp\/v2\/users\/9"}],"replies":[{"embeddable":true,"href":"https:\/\/sites.ac-nancy-metz.fr\/mathematiques\/wp-json\/wp\/v2\/comments?post=2518"}],"version-history":[{"count":32,"href":"https:\/\/sites.ac-nancy-metz.fr\/mathematiques\/wp-json\/wp\/v2\/pages\/2518\/revisions"}],"predecessor-version":[{"id":4599,"href":"https:\/\/sites.ac-nancy-metz.fr\/mathematiques\/wp-json\/wp\/v2\/pages\/2518\/revisions\/4599"}],"up":[{"embeddable":true,"href":"https:\/\/sites.ac-nancy-metz.fr\/mathematiques\/wp-json\/wp\/v2\/pages\/2225"}],"wp:attachment":[{"href":"https:\/\/sites.ac-nancy-metz.fr\/mathematiques\/wp-json\/wp\/v2\/media?parent=2518"}],"curies":[{"name":"wp","href":"https:\/\/api.w.org\/{rel}","templated":true}]}}