{"id":4869,"date":"2026-03-27T11:15:41","date_gmt":"2026-03-27T10:15:41","guid":{"rendered":"https:\/\/sites.ac-nancy-metz.fr\/mawebradio\/?page_id=4869"},"modified":"2026-03-27T11:15:41","modified_gmt":"2026-03-27T10:15:41","slug":"rabelais-webradio","status":"publish","type":"page","link":"https:\/\/sites.ac-nancy-metz.fr\/mawebradio\/rabelais-webradio\/","title":{"rendered":"Rabelais Webradio &#8211; Coll\u00e8ge Fran\u00e7ois Rabelais (57)"},"content":{"rendered":"\n<figure class=\"wp-block-image alignfull size-large\"><img loading=\"lazy\" decoding=\"async\" width=\"1024\" height=\"220\" src=\"https:\/\/sites.ac-nancy-metz.fr\/mawebradio\/wp-content\/uploads\/banniere_rabelais-1024x220.png\" alt=\"\" class=\"wp-image-4870\" srcset=\"https:\/\/sites.ac-nancy-metz.fr\/mawebradio\/wp-content\/uploads\/banniere_rabelais-1024x220.png 1024w, https:\/\/sites.ac-nancy-metz.fr\/mawebradio\/wp-content\/uploads\/banniere_rabelais-300x64.png 300w, https:\/\/sites.ac-nancy-metz.fr\/mawebradio\/wp-content\/uploads\/banniere_rabelais-768x165.png 768w, https:\/\/sites.ac-nancy-metz.fr\/mawebradio\/wp-content\/uploads\/banniere_rabelais-1536x329.png 1536w, https:\/\/sites.ac-nancy-metz.fr\/mawebradio\/wp-content\/uploads\/banniere_rabelais.png 1600w\" sizes=\"auto, (max-width: 1024px) 100vw, 1024px\" \/><\/figure>\n\n\n\n<h2 class=\"wp-block-heading\" style=\"font-size:17px\"><strong><strong>La voix du coll\u00e8ge<\/strong><\/strong><\/h2>\n\n\n\n<p>La webradio du coll\u00e8ge Rabelais s&rsquo;adresse \u00e0 tous les personnels du coll\u00e8ge, elle a pour but de valoriser les productions \u00e9crites et orales des \u00e9l\u00e8ves \u00e0 travers un dispositif ludique.<\/p>\n\n\n\n<div style=\"height:59px\" aria-hidden=\"true\" class=\"wp-block-spacer\"><\/div>\n\n\n\n<div class=\"custom-widget\">\n  <div class=\"horizontal-bar\"><\/div>\n  <h2 class=\"entry-title\">Fiche d&rsquo;identit\u00e9<\/h2>\n<\/div>\n<h2 id=\"section1\"><\/h2>\n\n\n\n<div class=\"wp-block-columns is-layout-flex wp-container-core-columns-is-layout-1 wp-block-columns-is-layout-flex\">\n<div class=\"wp-block-column is-layout-flow wp-block-column-is-layout-flow\">\n<p class=\"has-text-align-center has-medium-font-size\"><strong>Structure<\/strong><\/p>\n\n\n\n<p class=\"has-text-align-center has-background\" style=\"background-color:#7bdbb545\">Rabelais Webradio c&rsquo;est la WebRadio produite <br>par le coll\u00e8ge Fran\u00e7ois Rabelais de Metz (57)<\/p>\n<\/div>\n\n\n\n<div class=\"wp-block-column is-layout-flow wp-block-column-is-layout-flow\">\n<p class=\"has-text-align-center has-medium-font-size\"><strong>Directeur de publication<\/strong><\/p>\n\n\n\n<p class=\"has-text-align-center has-background\" style=\"background-color:#8dd2fc4a\">La directrice de publication est <br><strong>Carole Rossignol<\/strong>, principale<\/p>\n<\/div>\n\n\n\n<div class=\"wp-block-column is-layout-flow wp-block-column-is-layout-flow\">\n<p class=\"has-text-align-center has-medium-font-size\"><strong>Nous contacter<\/strong><\/p>\n\n\n\n<p class=\"has-text-align-center has-background\" style=\"background-color:#cf2d2d29\">Plus d&rsquo;informations sur Rabelais Webradio aupr\u00e8s de <a href=\"mailto:\u00a0Pauline.Maisse@ac-nancy-metz.fr\">Pauline Maisse<\/a>, professeure documentaliste, responsable de publication<\/p>\n<\/div>\n<\/div>\n\n\n\n<div style=\"height:60px\" aria-hidden=\"true\" class=\"wp-block-spacer\"><\/div>\n\n\n\n<div class=\"custom-widget\">\n  <div class=\"horizontal-bar\"><\/div>\n  <h2 class=\"entry-title\">Les derni\u00e8res \u00e9missions<\/h2>\n<\/div>\n<h2 id=\"section1\"><\/h2>\n\n\n\n    <style>\n        \/* Grille en 3 colonnes *\/\n        .post-grid {\n            display: grid;\n            grid-template-columns: repeat(3, 1fr);\n            gap: 20px;\n        }\n        \/* Chaque colonne devient un conteneur flex vertical *\/\n        .grid-item {\n            border: 1px solid #ddd;\n            padding: 15px;\n            border-radius: 20px;\n            display: flex;\n            flex-direction: column;\n        }\n        \/* Image \u00e0 la une : hauteur max 350px *\/\n        .post-thumbnail img {\n            width: 100%;\n            height: auto;\n            max-height: 350px;\n            object-fit: cover;\n            border-radius: 20px 20px 0 0;\n        }\n        .post-title a {\n            color: #000;\n            text-decoration: none;\n        }\n        .post-date {\n            font-size: 1.1em;\n            color: #666;\n            margin-top: 5px;\n            margin-bottom: 10px; \/* Espacement de 10px sous la date *\/\n        }\n        .calendar-icon {\n            margin-right: 5px;\n        }\n        \/* La zone du bouton est pouss\u00e9e en bas gr\u00e2ce \u00e0 margin-top: auto *\/\n        .learn-more {\n            margin-top: auto;\n            padding-top: 50px; \/* Espace de 50px entre le contenu et le bouton *\/\n        }\n        .btn-learn-more {\n            display: block;\n            width: 100%;\n            background-color: #fff;\n            border: 2px solid #000;\n            border-radius: 50px;\n            color: #000;\n            text-align: center;\n            padding: 10px;\n            text-decoration: none;\n        }\n        .btn-learn-more:hover {\n            background-color: #f9f9f9;\n        }\n        \/* Styles de la pagination en noir et active en gras sans surbrillance bleue *\/\n        .pagination {\n            margin-top: 20px;\n            text-align: center;\n        }\n        .pagination .page-numbers {\n            color: #000;\n            margin: 0 5px;\n            text-decoration: none;\n            outline: none;\n        }\n        .pagination .page-numbers:focus,\n        .pagination .page-numbers:hover {\n            outline: none;\n            box-shadow: none;\n        }\n        .pagination .page-numbers.current {\n            font-weight: bold;\n        }\n\n        \/* Responsive : 2 colonnes sur \u00e9cran moyen et 1 colonne sur petit \u00e9cran *\/\n        @media (max-width: 768px) {\n            .post-grid {\n                grid-template-columns: repeat(2, 1fr);\n            }\n        }\n        @media (max-width: 480px) {\n            .post-grid {\n                grid-template-columns: 1fr;\n            }\n        }\n    <\/style>\n\n            <div class=\"post-grid\">\n                            <div class=\"grid-item\">\n                                            <div class=\"post-thumbnail\">\n                            <a href=\"https:\/\/sites.ac-nancy-metz.fr\/mawebradio\/presentation-du-college-rabelais-en-6-langues\/\">\n                                <img loading=\"lazy\" decoding=\"async\" width=\"1920\" height=\"1080\" src=\"https:\/\/sites.ac-nancy-metz.fr\/mawebradio\/wp-content\/uploads\/image_une_radio_rabelais.jpg\" class=\"attachment-full size-full wp-post-image\" alt=\"\" style=\"max-height:350px; width:auto; object-fit:cover;\" srcset=\"https:\/\/sites.ac-nancy-metz.fr\/mawebradio\/wp-content\/uploads\/image_une_radio_rabelais.jpg 1920w, https:\/\/sites.ac-nancy-metz.fr\/mawebradio\/wp-content\/uploads\/image_une_radio_rabelais-300x169.jpg 300w, https:\/\/sites.ac-nancy-metz.fr\/mawebradio\/wp-content\/uploads\/image_une_radio_rabelais-1024x576.jpg 1024w, https:\/\/sites.ac-nancy-metz.fr\/mawebradio\/wp-content\/uploads\/image_une_radio_rabelais-768x432.jpg 768w, https:\/\/sites.ac-nancy-metz.fr\/mawebradio\/wp-content\/uploads\/image_une_radio_rabelais-1536x864.jpg 1536w\" sizes=\"auto, (max-width: 1920px) 100vw, 1920px\" \/>                            <\/a>\n                        <\/div>\n                                        <h2 class=\"post-title\">\n                        <a href=\"https:\/\/sites.ac-nancy-metz.fr\/mawebradio\/presentation-du-college-rabelais-en-6-langues\/\">Pr\u00e9sentation du coll\u00e8ge Rabelais en 6 langues.<\/a>\n                    <\/h2>\n                    <div class=\"post-date\">\n                        <i class=\"fa fa-calendar calendar-icon\" aria-hidden=\"true\"><\/i>30\/03\/2026                    <\/div>\n                    \n                    <!-- Contenu tronqu\u00e9 \u00e0 300 caract\u00e8res -->\n                    <div class=\"post-content\">\n                        Les \u00e9l\u00e8ves de 5\u00b02 de Mme Azari-Kulling ont r\u00e9alis\u00e9 des pr\u00e9sentations du coll\u00e8ge dans leurs langues d'origine ainsi qu'en Anglais et en Allemand \u00e0 destination des nouveaux \u00e9l\u00e8ves et de leurs familles.\n\n\n\nEpisode 1 Alikhan pr\u00e9sente le coll\u00e8ge en Russe\n\n\n\n\n\n\n\nEpisode 2 Sabrin pr\u00e9sente le coll\u00e8ge en Ara...                    <\/div>\n\n                    <div class=\"learn-more\">\n                        <a href=\"https:\/\/sites.ac-nancy-metz.fr\/mawebradio\/presentation-du-college-rabelais-en-6-langues\/\" class=\"btn-learn-more\">En savoir plus<\/a>\n                    <\/div>\n                <\/div>\n                            <div class=\"grid-item\">\n                                            <div class=\"post-thumbnail\">\n                            <a href=\"https:\/\/sites.ac-nancy-metz.fr\/mawebradio\/le-bestiaire-de-la-poesie\/\">\n                                <img loading=\"lazy\" decoding=\"async\" width=\"1920\" height=\"1080\" src=\"https:\/\/sites.ac-nancy-metz.fr\/mawebradio\/wp-content\/uploads\/image_une_radio_rabelais.jpg\" class=\"attachment-full size-full wp-post-image\" alt=\"\" style=\"max-height:350px; width:auto; object-fit:cover;\" srcset=\"https:\/\/sites.ac-nancy-metz.fr\/mawebradio\/wp-content\/uploads\/image_une_radio_rabelais.jpg 1920w, https:\/\/sites.ac-nancy-metz.fr\/mawebradio\/wp-content\/uploads\/image_une_radio_rabelais-300x169.jpg 300w, https:\/\/sites.ac-nancy-metz.fr\/mawebradio\/wp-content\/uploads\/image_une_radio_rabelais-1024x576.jpg 1024w, https:\/\/sites.ac-nancy-metz.fr\/mawebradio\/wp-content\/uploads\/image_une_radio_rabelais-768x432.jpg 768w, https:\/\/sites.ac-nancy-metz.fr\/mawebradio\/wp-content\/uploads\/image_une_radio_rabelais-1536x864.jpg 1536w\" sizes=\"auto, (max-width: 1920px) 100vw, 1920px\" \/>                            <\/a>\n                        <\/div>\n                                        <h2 class=\"post-title\">\n                        <a href=\"https:\/\/sites.ac-nancy-metz.fr\/mawebradio\/le-bestiaire-de-la-poesie\/\">Le Bestiaire de la po\u00e9sie<\/a>\n                    <\/h2>\n                    <div class=\"post-date\">\n                        <i class=\"fa fa-calendar calendar-icon\" aria-hidden=\"true\"><\/i>30\/03\/2026                    <\/div>\n                    \n                    <!-- Contenu tronqu\u00e9 \u00e0 300 caract\u00e8res -->\n                    <div class=\"post-content\">\n                        Les \u00e9l\u00e8ves de 6\u00b03 de Mme Charollais ont r\u00e9dig\u00e9 des po\u00e9sies inspir\u00e9es de leurs animaux f\u00e9tiches. Un bel exercice d'imagination et de diction!\n\n\n\nBestiaire 01 Les animaux marins\n\n\n\n\n\n\n\nBestiaire 02 Les f\u00e9lins\n\n\n\n\n\n\n\nBestiaire 03 Les f\u00e9lins bis\n\n\n\n\n\n\n\nBestiaire 04 Les animaux domestiques\n\n\n\n\n\n\n\nBestiai...                    <\/div>\n\n                    <div class=\"learn-more\">\n                        <a href=\"https:\/\/sites.ac-nancy-metz.fr\/mawebradio\/le-bestiaire-de-la-poesie\/\" class=\"btn-learn-more\">En savoir plus<\/a>\n                    <\/div>\n                <\/div>\n                            <div class=\"grid-item\">\n                                            <div class=\"post-thumbnail\">\n                            <a href=\"https:\/\/sites.ac-nancy-metz.fr\/mawebradio\/la-poesie-dans-tous-ses-etats\/\">\n                                <img loading=\"lazy\" decoding=\"async\" width=\"1920\" height=\"1080\" src=\"https:\/\/sites.ac-nancy-metz.fr\/mawebradio\/wp-content\/uploads\/image_une_radio_rabelais.jpg\" class=\"attachment-full size-full wp-post-image\" alt=\"\" style=\"max-height:350px; width:auto; object-fit:cover;\" srcset=\"https:\/\/sites.ac-nancy-metz.fr\/mawebradio\/wp-content\/uploads\/image_une_radio_rabelais.jpg 1920w, https:\/\/sites.ac-nancy-metz.fr\/mawebradio\/wp-content\/uploads\/image_une_radio_rabelais-300x169.jpg 300w, https:\/\/sites.ac-nancy-metz.fr\/mawebradio\/wp-content\/uploads\/image_une_radio_rabelais-1024x576.jpg 1024w, https:\/\/sites.ac-nancy-metz.fr\/mawebradio\/wp-content\/uploads\/image_une_radio_rabelais-768x432.jpg 768w, https:\/\/sites.ac-nancy-metz.fr\/mawebradio\/wp-content\/uploads\/image_une_radio_rabelais-1536x864.jpg 1536w\" sizes=\"auto, (max-width: 1920px) 100vw, 1920px\" \/>                            <\/a>\n                        <\/div>\n                                        <h2 class=\"post-title\">\n                        <a href=\"https:\/\/sites.ac-nancy-metz.fr\/mawebradio\/la-poesie-dans-tous-ses-etats\/\">Les objets qui nous parlent<\/a>\n                    <\/h2>\n                    <div class=\"post-date\">\n                        <i class=\"fa fa-calendar calendar-icon\" aria-hidden=\"true\"><\/i>27\/03\/2026                    <\/div>\n                    \n                    <!-- Contenu tronqu\u00e9 \u00e0 300 caract\u00e8res -->\n                    <div class=\"post-content\">\n                        Ce podcast compte 5 \u00e9pisodes et s'intitule : la po\u00e9sie dans tous ses \u00e9tats. Les \u00e9l\u00e8ves de Monsieur Ringuede ont r\u00e9alis\u00e9 des mises en voix sensibles de po\u00e8mes c\u00e9l\u00e8bres. Ces \u00e9pisodes explorent les effets de la multimodalit\u00e9 (lecture, chanson, onomatop\u00e9es) dans la communication orale.\n\n\n\n\u00c9pisode 1 : le...                    <\/div>\n\n                    <div class=\"learn-more\">\n                        <a href=\"https:\/\/sites.ac-nancy-metz.fr\/mawebradio\/la-poesie-dans-tous-ses-etats\/\" class=\"btn-learn-more\">En savoir plus<\/a>\n                    <\/div>\n                <\/div>\n                    <\/div>\n\n        <!-- Pagination -->\n        <div class=\"pagination\">\n                    <\/div>\n    \n","protected":false},"excerpt":{"rendered":"<p>La voix du coll\u00e8ge La webradio du coll\u00e8ge Rabelais s&rsquo;adresse \u00e0 tous les personnels du coll\u00e8ge, elle a pour but de valoriser les productions \u00e9crites et&#8230;<\/p>\n","protected":false},"author":1,"featured_media":4870,"parent":0,"menu_order":0,"comment_status":"closed","ping_status":"closed","template":"","meta":{"footnotes":""},"class_list":["post-4869","page","type-page","status-publish","has-post-thumbnail","hentry"],"_links":{"self":[{"href":"https:\/\/sites.ac-nancy-metz.fr\/mawebradio\/wp-json\/wp\/v2\/pages\/4869","targetHints":{"allow":["GET"]}}],"collection":[{"href":"https:\/\/sites.ac-nancy-metz.fr\/mawebradio\/wp-json\/wp\/v2\/pages"}],"about":[{"href":"https:\/\/sites.ac-nancy-metz.fr\/mawebradio\/wp-json\/wp\/v2\/types\/page"}],"author":[{"embeddable":true,"href":"https:\/\/sites.ac-nancy-metz.fr\/mawebradio\/wp-json\/wp\/v2\/users\/1"}],"replies":[{"embeddable":true,"href":"https:\/\/sites.ac-nancy-metz.fr\/mawebradio\/wp-json\/wp\/v2\/comments?post=4869"}],"version-history":[{"count":2,"href":"https:\/\/sites.ac-nancy-metz.fr\/mawebradio\/wp-json\/wp\/v2\/pages\/4869\/revisions"}],"predecessor-version":[{"id":4872,"href":"https:\/\/sites.ac-nancy-metz.fr\/mawebradio\/wp-json\/wp\/v2\/pages\/4869\/revisions\/4872"}],"wp:featuredmedia":[{"embeddable":true,"href":"https:\/\/sites.ac-nancy-metz.fr\/mawebradio\/wp-json\/wp\/v2\/media\/4870"}],"wp:attachment":[{"href":"https:\/\/sites.ac-nancy-metz.fr\/mawebradio\/wp-json\/wp\/v2\/media?parent=4869"}],"curies":[{"name":"wp","href":"https:\/\/api.w.org\/{rel}","templated":true}]}}