{"id":134,"date":"2025-11-25T11:33:34","date_gmt":"2025-11-25T10:33:34","guid":{"rendered":"https:\/\/sites.ac-nancy-metz.fr\/micro-lycee-54\/?page_id=134"},"modified":"2026-04-07T12:17:25","modified_gmt":"2026-04-07T10:17:25","slug":"les-projets-du-jeudi","status":"publish","type":"page","link":"https:\/\/sites.ac-nancy-metz.fr\/micro-lycee-54\/?page_id=134","title":{"rendered":"Les projets du jeudi"},"content":{"rendered":"<p>Nos jeudis apr\u00e8s-midi sont consacr\u00e9s aux projets.<\/p>\n<p>Voici quelques exemples :<\/p>\n<ul>\n<li>films suivis de d\u00e9bats<\/li>\n<li>visites des mus\u00e9es r\u00e9gionaux (Aquarium, Jardin botanique, Beaux Arts, Pompidou Metz,&#8230;)<\/li>\n<li>initiation au trap\u00e8ze volant<\/li>\n<li>visite de la maison des femmes de Nancy<\/li>\n<li>sortie \u00e0 Verdun<\/li>\n<li>participation \u00e0 la finale r\u00e9gionale de Ma Th\u00e8se en 180 secondes<\/li>\n<li>journ\u00e9e des sciences<\/li>\n<li>&#8230;<\/li>\n<\/ul>\n<p>Certains jeudis sont \u00e9galement consacr\u00e9s aux concertations des enseignant\u00b7es parfois ouvertes aux \u00e9l\u00e8ves.<\/p>\n<p>Les jeudis apr\u00e8s-midi sont \u00e9galement utiles pour s&rsquo;entra\u00eener aux \u00e9preuves type bac.<\/p>\n<\/p>\n\n\n<div class=\"wp-block-columns is-layout-flex wp-container-core-columns-is-layout-28f84493 wp-block-columns-is-layout-flex\">\n<div class=\"wp-block-column is-layout-flow wp-block-column-is-layout-flow\" style=\"flex-basis:100%\">\n<div class=\"wp-block-columns is-layout-flex wp-container-core-columns-is-layout-28f84493 wp-block-columns-is-layout-flex\">\n<div class=\"wp-block-column is-layout-flow wp-block-column-is-layout-flow\" style=\"flex-basis:100%\">\n<figure class=\"wp-block-gallery has-nested-images columns-default is-cropped wp-block-gallery-1 is-layout-flex wp-block-gallery-is-layout-flex\">\n<figure class=\"wp-block-image size-large\"><img loading=\"lazy\" decoding=\"async\" width=\"768\" height=\"1024\" data-id=\"201\" src=\"https:\/\/sites.ac-nancy-metz.fr\/micro-lycee-54\/wp-content\/uploads\/2025\/11\/IMG_3164-768x1024.jpeg\" alt=\"\" class=\"wp-image-201\" srcset=\"https:\/\/sites.ac-nancy-metz.fr\/micro-lycee-54\/wp-content\/uploads\/2025\/11\/IMG_3164-768x1024.jpeg 768w, https:\/\/sites.ac-nancy-metz.fr\/micro-lycee-54\/wp-content\/uploads\/2025\/11\/IMG_3164-225x300.jpeg 225w, https:\/\/sites.ac-nancy-metz.fr\/micro-lycee-54\/wp-content\/uploads\/2025\/11\/IMG_3164-1152x1536.jpeg 1152w, https:\/\/sites.ac-nancy-metz.fr\/micro-lycee-54\/wp-content\/uploads\/2025\/11\/IMG_3164.jpeg 1536w\" sizes=\"auto, (max-width: 768px) 100vw, 768px\" \/><figcaption class=\"wp-element-caption\">Visite des serres du Jardin Botanique de Nancy (septembre 2024)<\/figcaption><\/figure>\n\n\n\n<figure class=\"wp-block-image size-large\"><img loading=\"lazy\" decoding=\"async\" width=\"768\" height=\"1024\" data-id=\"137\" src=\"https:\/\/sites.ac-nancy-metz.fr\/micro-lycee-54\/wp-content\/uploads\/2025\/11\/IMG_8127-768x1024.jpeg\" alt=\"\" class=\"wp-image-137\" srcset=\"https:\/\/sites.ac-nancy-metz.fr\/micro-lycee-54\/wp-content\/uploads\/2025\/11\/IMG_8127-768x1024.jpeg 768w, https:\/\/sites.ac-nancy-metz.fr\/micro-lycee-54\/wp-content\/uploads\/2025\/11\/IMG_8127-225x300.jpeg 225w, https:\/\/sites.ac-nancy-metz.fr\/micro-lycee-54\/wp-content\/uploads\/2025\/11\/IMG_8127-1152x1536.jpeg 1152w, https:\/\/sites.ac-nancy-metz.fr\/micro-lycee-54\/wp-content\/uploads\/2025\/11\/IMG_8127.jpeg 1536w\" sizes=\"auto, (max-width: 768px) 100vw, 768px\" \/><figcaption class=\"wp-element-caption\">Sortie au MEM\u00d4 Max\u00e9ville pour une initiation au trap\u00e8ze volant (f\u00e9vrier 2025)<\/figcaption><\/figure>\n<\/figure>\n<\/div>\n<\/div>\n<\/div>\n<\/div>\n\n\n\n<figure class=\"wp-block-gallery has-nested-images columns-default is-cropped wp-block-gallery-2 is-layout-flex wp-block-gallery-is-layout-flex\">\n<figure class=\"wp-block-image size-large\"><img loading=\"lazy\" decoding=\"async\" width=\"768\" height=\"1024\" data-id=\"256\" src=\"https:\/\/sites.ac-nancy-metz.fr\/micro-lycee-54\/wp-content\/uploads\/2026\/03\/webradio-ML-1-768x1024.jpg\" alt=\"\" class=\"wp-image-256\" srcset=\"https:\/\/sites.ac-nancy-metz.fr\/micro-lycee-54\/wp-content\/uploads\/2026\/03\/webradio-ML-1-768x1024.jpg 768w, https:\/\/sites.ac-nancy-metz.fr\/micro-lycee-54\/wp-content\/uploads\/2026\/03\/webradio-ML-1-225x300.jpg 225w, https:\/\/sites.ac-nancy-metz.fr\/micro-lycee-54\/wp-content\/uploads\/2026\/03\/webradio-ML-1-1152x1536.jpg 1152w, https:\/\/sites.ac-nancy-metz.fr\/micro-lycee-54\/wp-content\/uploads\/2026\/03\/webradio-ML-1.jpg 1200w\" sizes=\"auto, (max-width: 768px) 100vw, 768px\" \/><figcaption class=\"wp-element-caption\">Atelier Webradio autour des parcours (f\u00e9vrier 2026)<\/figcaption><\/figure>\n\n\n\n<figure class=\"wp-block-image size-large\"><img loading=\"lazy\" decoding=\"async\" width=\"1024\" height=\"771\" data-id=\"243\" src=\"https:\/\/sites.ac-nancy-metz.fr\/micro-lycee-54\/wp-content\/uploads\/2026\/03\/jardin-botanique-1-1024x771.jpg\" alt=\"\" class=\"wp-image-243\" srcset=\"https:\/\/sites.ac-nancy-metz.fr\/micro-lycee-54\/wp-content\/uploads\/2026\/03\/jardin-botanique-1-1024x771.jpg 1024w, https:\/\/sites.ac-nancy-metz.fr\/micro-lycee-54\/wp-content\/uploads\/2026\/03\/jardin-botanique-1-300x226.jpg 300w, https:\/\/sites.ac-nancy-metz.fr\/micro-lycee-54\/wp-content\/uploads\/2026\/03\/jardin-botanique-1-768x578.jpg 768w, https:\/\/sites.ac-nancy-metz.fr\/micro-lycee-54\/wp-content\/uploads\/2026\/03\/jardin-botanique-1-1536x1157.jpg 1536w, https:\/\/sites.ac-nancy-metz.fr\/micro-lycee-54\/wp-content\/uploads\/2026\/03\/jardin-botanique-1.jpg 2040w\" sizes=\"auto, (max-width: 1024px) 100vw, 1024px\" \/><figcaption class=\"wp-element-caption\">Sortie au Jardin Botanique du Montet (mars 2026)<\/figcaption><\/figure>\n\n\n\n<figure class=\"wp-block-image size-large\"><img loading=\"lazy\" decoding=\"async\" width=\"759\" height=\"1024\" data-id=\"259\" src=\"https:\/\/sites.ac-nancy-metz.fr\/micro-lycee-54\/wp-content\/uploads\/2026\/03\/WhatsApp-Image-2026-03-12-at-19.46.40-759x1024.jpeg\" alt=\"\" class=\"wp-image-259\" srcset=\"https:\/\/sites.ac-nancy-metz.fr\/micro-lycee-54\/wp-content\/uploads\/2026\/03\/WhatsApp-Image-2026-03-12-at-19.46.40-759x1024.jpeg 759w, https:\/\/sites.ac-nancy-metz.fr\/micro-lycee-54\/wp-content\/uploads\/2026\/03\/WhatsApp-Image-2026-03-12-at-19.46.40-222x300.jpeg 222w, https:\/\/sites.ac-nancy-metz.fr\/micro-lycee-54\/wp-content\/uploads\/2026\/03\/WhatsApp-Image-2026-03-12-at-19.46.40-768x1036.jpeg 768w, https:\/\/sites.ac-nancy-metz.fr\/micro-lycee-54\/wp-content\/uploads\/2026\/03\/WhatsApp-Image-2026-03-12-at-19.46.40-1139x1536.jpeg 1139w, https:\/\/sites.ac-nancy-metz.fr\/micro-lycee-54\/wp-content\/uploads\/2026\/03\/WhatsApp-Image-2026-03-12-at-19.46.40.jpeg 1518w\" sizes=\"auto, (max-width: 759px) 100vw, 759px\" \/><figcaption class=\"wp-element-caption\">Participation \u00e0 la finale r\u00e9gionale de Ma Th\u00e8se en 180 sec &#8211; vote pour le prix des lyc\u00e9ens (mars 2026)<\/figcaption><\/figure>\n<\/figure>\n\n\n\n<figure class=\"wp-block-image size-large\"><img loading=\"lazy\" decoding=\"async\" width=\"1024\" height=\"768\" src=\"https:\/\/sites.ac-nancy-metz.fr\/micro-lycee-54\/wp-content\/uploads\/2026\/03\/VR-ML-1024x768.jpg\" alt=\"\" class=\"wp-image-253\" srcset=\"https:\/\/sites.ac-nancy-metz.fr\/micro-lycee-54\/wp-content\/uploads\/2026\/03\/VR-ML-1024x768.jpg 1024w, https:\/\/sites.ac-nancy-metz.fr\/micro-lycee-54\/wp-content\/uploads\/2026\/03\/VR-ML-300x225.jpg 300w, https:\/\/sites.ac-nancy-metz.fr\/micro-lycee-54\/wp-content\/uploads\/2026\/03\/VR-ML-768x576.jpg 768w, https:\/\/sites.ac-nancy-metz.fr\/micro-lycee-54\/wp-content\/uploads\/2026\/03\/VR-ML-1536x1152.jpg 1536w, https:\/\/sites.ac-nancy-metz.fr\/micro-lycee-54\/wp-content\/uploads\/2026\/03\/VR-ML.jpg 1600w\" sizes=\"auto, (max-width: 1024px) 100vw, 1024px\" \/><figcaption class=\"wp-element-caption\">d\u00e9couverte des m\u00e9tiers gr\u00e2ce \u00e0 la VR (f\u00e9vrier 2026)<\/figcaption><\/figure>\n\n\n\n<figure class=\"wp-block-image size-large is-style-default\"><img loading=\"lazy\" decoding=\"async\" width=\"1024\" height=\"768\" src=\"https:\/\/sites.ac-nancy-metz.fr\/micro-lycee-54\/wp-content\/uploads\/2026\/03\/jardin-bota-1-1024x768.jpg\" alt=\"\" class=\"wp-image-240\" srcset=\"https:\/\/sites.ac-nancy-metz.fr\/micro-lycee-54\/wp-content\/uploads\/2026\/03\/jardin-bota-1-1024x768.jpg 1024w, https:\/\/sites.ac-nancy-metz.fr\/micro-lycee-54\/wp-content\/uploads\/2026\/03\/jardin-bota-1-300x225.jpg 300w, https:\/\/sites.ac-nancy-metz.fr\/micro-lycee-54\/wp-content\/uploads\/2026\/03\/jardin-bota-1-768x576.jpg 768w, https:\/\/sites.ac-nancy-metz.fr\/micro-lycee-54\/wp-content\/uploads\/2026\/03\/jardin-bota-1-1536x1152.jpg 1536w, https:\/\/sites.ac-nancy-metz.fr\/micro-lycee-54\/wp-content\/uploads\/2026\/03\/jardin-bota-1.jpg 1600w\" sizes=\"auto, (max-width: 1024px) 100vw, 1024px\" \/><figcaption class=\"wp-element-caption\">Brainstorming sur notre prochaine vid\u00e9o en plein air<\/figcaption><\/figure>\n\n\n\n<figure class=\"wp-block-gallery has-nested-images columns-default is-cropped wp-block-gallery-3 is-layout-flex wp-block-gallery-is-layout-flex\">\n<figure class=\"wp-block-image size-large\"><img loading=\"lazy\" decoding=\"async\" width=\"768\" height=\"1024\" data-id=\"263\" src=\"https:\/\/sites.ac-nancy-metz.fr\/micro-lycee-54\/wp-content\/uploads\/2026\/04\/WhatsApp-Image-2026-04-02-at-15.30.062-768x1024.jpeg\" alt=\"\" class=\"wp-image-263\" srcset=\"https:\/\/sites.ac-nancy-metz.fr\/micro-lycee-54\/wp-content\/uploads\/2026\/04\/WhatsApp-Image-2026-04-02-at-15.30.062-768x1024.jpeg 768w, https:\/\/sites.ac-nancy-metz.fr\/micro-lycee-54\/wp-content\/uploads\/2026\/04\/WhatsApp-Image-2026-04-02-at-15.30.062-225x300.jpeg 225w, https:\/\/sites.ac-nancy-metz.fr\/micro-lycee-54\/wp-content\/uploads\/2026\/04\/WhatsApp-Image-2026-04-02-at-15.30.062-1152x1536.jpeg 1152w, https:\/\/sites.ac-nancy-metz.fr\/micro-lycee-54\/wp-content\/uploads\/2026\/04\/WhatsApp-Image-2026-04-02-at-15.30.062.jpeg 1200w\" sizes=\"auto, (max-width: 768px) 100vw, 768px\" \/><figcaption class=\"wp-element-caption\">Visite de la mine de sel de Varang\u00e9ville &#8211; mars 2026<\/figcaption><\/figure>\n\n\n\n<figure class=\"wp-block-image size-large\"><img loading=\"lazy\" decoding=\"async\" width=\"1024\" height=\"768\" data-id=\"265\" src=\"https:\/\/sites.ac-nancy-metz.fr\/micro-lycee-54\/wp-content\/uploads\/2026\/04\/WhatsApp-Image-2026-04-02-at-15.30.061-1024x768.jpeg\" alt=\"\" class=\"wp-image-265\" srcset=\"https:\/\/sites.ac-nancy-metz.fr\/micro-lycee-54\/wp-content\/uploads\/2026\/04\/WhatsApp-Image-2026-04-02-at-15.30.061-1024x768.jpeg 1024w, https:\/\/sites.ac-nancy-metz.fr\/micro-lycee-54\/wp-content\/uploads\/2026\/04\/WhatsApp-Image-2026-04-02-at-15.30.061-300x225.jpeg 300w, https:\/\/sites.ac-nancy-metz.fr\/micro-lycee-54\/wp-content\/uploads\/2026\/04\/WhatsApp-Image-2026-04-02-at-15.30.061-768x576.jpeg 768w, https:\/\/sites.ac-nancy-metz.fr\/micro-lycee-54\/wp-content\/uploads\/2026\/04\/WhatsApp-Image-2026-04-02-at-15.30.061-1536x1152.jpeg 1536w, https:\/\/sites.ac-nancy-metz.fr\/micro-lycee-54\/wp-content\/uploads\/2026\/04\/WhatsApp-Image-2026-04-02-at-15.30.061.jpeg 1600w\" sizes=\"auto, (max-width: 1024px) 100vw, 1024px\" \/><figcaption class=\"wp-element-caption\">Visite de la mine de sel de Varang\u00e9ville &#8211; mars 2026<\/figcaption><\/figure>\n\n\n\n<figure class=\"wp-block-image size-large\"><img loading=\"lazy\" decoding=\"async\" width=\"1024\" height=\"768\" data-id=\"264\" src=\"https:\/\/sites.ac-nancy-metz.fr\/micro-lycee-54\/wp-content\/uploads\/2026\/04\/WhatsApp-Image-2026-04-02-at-15.30.06-1024x768.jpeg\" alt=\"\" class=\"wp-image-264\" srcset=\"https:\/\/sites.ac-nancy-metz.fr\/micro-lycee-54\/wp-content\/uploads\/2026\/04\/WhatsApp-Image-2026-04-02-at-15.30.06-1024x768.jpeg 1024w, https:\/\/sites.ac-nancy-metz.fr\/micro-lycee-54\/wp-content\/uploads\/2026\/04\/WhatsApp-Image-2026-04-02-at-15.30.06-300x225.jpeg 300w, https:\/\/sites.ac-nancy-metz.fr\/micro-lycee-54\/wp-content\/uploads\/2026\/04\/WhatsApp-Image-2026-04-02-at-15.30.06-768x576.jpeg 768w, https:\/\/sites.ac-nancy-metz.fr\/micro-lycee-54\/wp-content\/uploads\/2026\/04\/WhatsApp-Image-2026-04-02-at-15.30.06-1536x1152.jpeg 1536w, https:\/\/sites.ac-nancy-metz.fr\/micro-lycee-54\/wp-content\/uploads\/2026\/04\/WhatsApp-Image-2026-04-02-at-15.30.06.jpeg 1600w\" sizes=\"auto, (max-width: 1024px) 100vw, 1024px\" \/><figcaption class=\"wp-element-caption\">Visite de la mine de sel de Varang\u00e9ville &#8211; mars 2026<\/figcaption><\/figure>\n<\/figure>\n\n\n\n<p><\/p>\n","protected":false},"excerpt":{"rendered":"<p>Nos jeudis apr\u00e8s-midi sont consacr\u00e9s aux projets. Voici quelques exemples : films suivis de d\u00e9bats visites des mus\u00e9es r\u00e9gionaux (Aquarium, Jardin botanique, Beaux Arts, Pompidou Metz,&#8230;) initiation au trap\u00e8ze volant visite de la maison des femmes de Nancy sortie \u00e0 Verdun participation \u00e0 la finale r\u00e9gionale de Ma Th\u00e8se en 180 secondes journ\u00e9e des sciences [&hellip;]<\/p>\n","protected":false},"author":2,"featured_media":137,"parent":0,"menu_order":0,"comment_status":"closed","ping_status":"closed","template":"","meta":{"footnotes":""},"class_list":["post-134","page","type-page","status-publish","has-post-thumbnail","hentry"],"_links":{"self":[{"href":"https:\/\/sites.ac-nancy-metz.fr\/micro-lycee-54\/index.php?rest_route=\/wp\/v2\/pages\/134","targetHints":{"allow":["GET"]}}],"collection":[{"href":"https:\/\/sites.ac-nancy-metz.fr\/micro-lycee-54\/index.php?rest_route=\/wp\/v2\/pages"}],"about":[{"href":"https:\/\/sites.ac-nancy-metz.fr\/micro-lycee-54\/index.php?rest_route=\/wp\/v2\/types\/page"}],"author":[{"embeddable":true,"href":"https:\/\/sites.ac-nancy-metz.fr\/micro-lycee-54\/index.php?rest_route=\/wp\/v2\/users\/2"}],"replies":[{"embeddable":true,"href":"https:\/\/sites.ac-nancy-metz.fr\/micro-lycee-54\/index.php?rest_route=%2Fwp%2Fv2%2Fcomments&post=134"}],"version-history":[{"count":10,"href":"https:\/\/sites.ac-nancy-metz.fr\/micro-lycee-54\/index.php?rest_route=\/wp\/v2\/pages\/134\/revisions"}],"predecessor-version":[{"id":267,"href":"https:\/\/sites.ac-nancy-metz.fr\/micro-lycee-54\/index.php?rest_route=\/wp\/v2\/pages\/134\/revisions\/267"}],"wp:featuredmedia":[{"embeddable":true,"href":"https:\/\/sites.ac-nancy-metz.fr\/micro-lycee-54\/index.php?rest_route=\/wp\/v2\/media\/137"}],"wp:attachment":[{"href":"https:\/\/sites.ac-nancy-metz.fr\/micro-lycee-54\/index.php?rest_route=%2Fwp%2Fv2%2Fmedia&parent=134"}],"curies":[{"name":"wp","href":"https:\/\/api.w.org\/{rel}","templated":true}]}}