{"id":22,"date":"2025-08-25T17:19:26","date_gmt":"2025-08-25T15:19:26","guid":{"rendered":"https:\/\/sites.ac-nancy-metz.fr\/micro-lycee-54\/?page_id=22"},"modified":"2025-11-25T15:15:03","modified_gmt":"2025-11-25T14:15:03","slug":"qui-sommes-nous","status":"publish","type":"page","link":"https:\/\/sites.ac-nancy-metz.fr\/micro-lycee-54\/?page_id=22","title":{"rendered":"Qui Sommes-nous ?"},"content":{"rendered":"\n<p>L&rsquo;objectif d&rsquo;un micro-lyc\u00e9e est de permettre \u00e0 des personnes de raccrocher avec le syst\u00e8me scolaire.<\/p>\n\n\n\n<p>Notre structure ne pr\u00e9pare qu&rsquo;au baccalaur\u00e9at g\u00e9n\u00e9ral.<\/p>\n\n\n\n<p>Pour y parvenir, nous proposons diff\u00e9rents parcours. Les \u00e9l\u00e8ves ont moins d&rsquo;heures de cours que dans un lyc\u00e9e classique, afin de leur permettre de s&rsquo;approprier les cours en partie \u00e0 leur rythme et quand ils se sentent pr\u00eats.<\/p>\n\n\n\n<p>L&rsquo;\u00e9quipe enseignante veille alors \u00e0 personnaliser les diff\u00e9rents parcours pour aider les \u00e9l\u00e8ves \u00e0 raccrocher.<\/p>\n\n\n\n<p>Cela n\u00e9cessite un contrat d&rsquo;engagement entre l&rsquo;\u00e9l\u00e8ve et la structure.<\/p>\n\n\n\n<p>Vous pouvez aussi d\u00e9couvrir le micro-lyc\u00e9e via cette vid\u00e9o construite avec des \u00e9l\u00e8ves en 2021-22 (les locaux ont chang\u00e9 depuis) :<\/p>\n\n\n\n<figure class=\"wp-block-embed is-type-rich is-provider-prise-en-charge-des-contenus-embarqu-s wp-block-embed-prise-en-charge-des-contenus-embarqu-s wp-embed-aspect-16-9 wp-has-aspect-ratio\"><div class=\"wp-block-embed__wrapper\">\n<iframe loading=\"lazy\" title=\"Le microlyc\u00e9e : un dispositif au service des raccrocheurs scolaires\" width=\"500\" height=\"281\" src=\"https:\/\/www.youtube.com\/embed\/aPG8Z6B-K8c?feature=oembed\" frameborder=\"0\" allow=\"accelerometer; autoplay; clipboard-write; encrypted-media; gyroscope; picture-in-picture; web-share\" referrerpolicy=\"strict-origin-when-cross-origin\" allowfullscreen><\/iframe>\n<\/div><\/figure>\n","protected":false},"excerpt":{"rendered":"<p>L&rsquo;objectif d&rsquo;un micro-lyc\u00e9e est de permettre \u00e0 des personnes de raccrocher avec le syst\u00e8me scolaire. Notre structure ne pr\u00e9pare qu&rsquo;au baccalaur\u00e9at g\u00e9n\u00e9ral. Pour y parvenir, nous proposons diff\u00e9rents parcours. Les \u00e9l\u00e8ves ont moins d&rsquo;heures de cours que dans un lyc\u00e9e classique, afin de leur permettre de s&rsquo;approprier les cours en partie \u00e0 leur rythme et [&hellip;]<\/p>\n","protected":false},"author":1,"featured_media":0,"parent":0,"menu_order":0,"comment_status":"closed","ping_status":"closed","template":"","meta":{"footnotes":""},"class_list":["post-22","page","type-page","status-publish","hentry"],"_links":{"self":[{"href":"https:\/\/sites.ac-nancy-metz.fr\/micro-lycee-54\/index.php?rest_route=\/wp\/v2\/pages\/22","targetHints":{"allow":["GET"]}}],"collection":[{"href":"https:\/\/sites.ac-nancy-metz.fr\/micro-lycee-54\/index.php?rest_route=\/wp\/v2\/pages"}],"about":[{"href":"https:\/\/sites.ac-nancy-metz.fr\/micro-lycee-54\/index.php?rest_route=\/wp\/v2\/types\/page"}],"author":[{"embeddable":true,"href":"https:\/\/sites.ac-nancy-metz.fr\/micro-lycee-54\/index.php?rest_route=\/wp\/v2\/users\/1"}],"replies":[{"embeddable":true,"href":"https:\/\/sites.ac-nancy-metz.fr\/micro-lycee-54\/index.php?rest_route=%2Fwp%2Fv2%2Fcomments&post=22"}],"version-history":[{"count":3,"href":"https:\/\/sites.ac-nancy-metz.fr\/micro-lycee-54\/index.php?rest_route=\/wp\/v2\/pages\/22\/revisions"}],"predecessor-version":[{"id":170,"href":"https:\/\/sites.ac-nancy-metz.fr\/micro-lycee-54\/index.php?rest_route=\/wp\/v2\/pages\/22\/revisions\/170"}],"wp:attachment":[{"href":"https:\/\/sites.ac-nancy-metz.fr\/micro-lycee-54\/index.php?rest_route=%2Fwp%2Fv2%2Fmedia&parent=22"}],"curies":[{"name":"wp","href":"https:\/\/api.w.org\/{rel}","templated":true}]}}