{"id":25,"date":"2025-08-25T17:20:46","date_gmt":"2025-08-25T15:20:46","guid":{"rendered":"https:\/\/sites.ac-nancy-metz.fr\/micro-lycee-54\/?page_id=25"},"modified":"2025-11-27T09:17:36","modified_gmt":"2025-11-27T08:17:36","slug":"notre-offre-de-formation","status":"publish","type":"page","link":"https:\/\/sites.ac-nancy-metz.fr\/micro-lycee-54\/?page_id=25","title":{"rendered":"Notre offre de formation"},"content":{"rendered":"\n<p>Nous pr\u00e9parons exclusivement au baccalaur\u00e9at g\u00e9n\u00e9ral.<\/p>\n\n\n\n<p>Nous proposons alors 3 parcours :<\/p>\n\n\n\n<ul class=\"wp-block-list\">\n<li>Le parcours Accueil : il s&rsquo;agit de reprendre le rythme des cours. On suit les programmes de premi\u00e8re, tout en faisant de la mise \u00e0 niveau si n\u00e9cessaire. Cela dit, il n&rsquo;y a pas encore l&rsquo;objectif de pr\u00e9parer les \u00e9preuves du baccalaur\u00e9at. Il n&rsquo;y a alors pas de notes, donc pas de pression. On s&rsquo;engage alors dans un parcours en 3 ans.<\/li>\n\n\n\n<li>Le parcours Pr\u00e9paratoire : c&rsquo;est comme le parcours accueil, mais on pr\u00e9pare d\u00e9j\u00e0 les \u00e9preuves de fin de premi\u00e8re (Fran\u00e7ais \u00e9crit et oral, math\u00e9matiques) et on valide le contr\u00f4le continu : il faut donc des notes. On s&rsquo;engage alors dans un parcours en 2 ans.<\/li>\n\n\n\n<li>Le parcours Terminal : il faut ici avoir d\u00e9j\u00e0 valid\u00e9 les notes de premi\u00e8re, que ce soit le contr\u00f4le continu ou les \u00e9preuves finales. On se dirige vers un bac en un an. Il faut alors \u00eatre pr\u00eat en quelques mois. Ce parcours est exceptionnel, nous conseillons un parcours sur au moins deux ans.<\/li>\n<\/ul>\n\n\n\n<p>La r\u00e9forme du lyc\u00e9e demande par ailleurs de choisir 3 sp\u00e9cialit\u00e9s en premi\u00e8re, et de n&rsquo;en garder que 2 en terminale. Nous proposons les sp\u00e9cialit\u00e9s suivantes :<\/p>\n\n\n\n<ul class=\"wp-block-list\">\n<li>Langues, Litt\u00e9rature et Culture Etrang\u00e8re (LLCE) en Anglais<\/li>\n\n\n\n<li>Humanit\u00e9s, Litt\u00e9rature et Philosophie (HLP)<\/li>\n\n\n\n<li>Sciences Economiques et Sociales (SES)<\/li>\n\n\n\n<li>Physique-Chimie<\/li>\n\n\n\n<li>Math\u00e9matiques<\/li>\n\n\n\n<li>Histoire G\u00e9ographie G\u00e9opolitique Sciences Politiques (HGGSP)<\/li>\n\n\n\n<li>Sciences de la Vie et de la Terre (SVT)<\/li>\n<\/ul>\n","protected":false},"excerpt":{"rendered":"<p>Nous pr\u00e9parons exclusivement au baccalaur\u00e9at g\u00e9n\u00e9ral. Nous proposons alors 3 parcours : La r\u00e9forme du lyc\u00e9e demande par ailleurs de choisir 3 sp\u00e9cialit\u00e9s en premi\u00e8re, et de n&rsquo;en garder que 2 en terminale. Nous proposons les sp\u00e9cialit\u00e9s suivantes :<\/p>\n","protected":false},"author":1,"featured_media":0,"parent":0,"menu_order":0,"comment_status":"closed","ping_status":"closed","template":"","meta":{"footnotes":""},"class_list":["post-25","page","type-page","status-publish","hentry"],"_links":{"self":[{"href":"https:\/\/sites.ac-nancy-metz.fr\/micro-lycee-54\/index.php?rest_route=\/wp\/v2\/pages\/25","targetHints":{"allow":["GET"]}}],"collection":[{"href":"https:\/\/sites.ac-nancy-metz.fr\/micro-lycee-54\/index.php?rest_route=\/wp\/v2\/pages"}],"about":[{"href":"https:\/\/sites.ac-nancy-metz.fr\/micro-lycee-54\/index.php?rest_route=\/wp\/v2\/types\/page"}],"author":[{"embeddable":true,"href":"https:\/\/sites.ac-nancy-metz.fr\/micro-lycee-54\/index.php?rest_route=\/wp\/v2\/users\/1"}],"replies":[{"embeddable":true,"href":"https:\/\/sites.ac-nancy-metz.fr\/micro-lycee-54\/index.php?rest_route=%2Fwp%2Fv2%2Fcomments&post=25"}],"version-history":[{"count":5,"href":"https:\/\/sites.ac-nancy-metz.fr\/micro-lycee-54\/index.php?rest_route=\/wp\/v2\/pages\/25\/revisions"}],"predecessor-version":[{"id":212,"href":"https:\/\/sites.ac-nancy-metz.fr\/micro-lycee-54\/index.php?rest_route=\/wp\/v2\/pages\/25\/revisions\/212"}],"wp:attachment":[{"href":"https:\/\/sites.ac-nancy-metz.fr\/micro-lycee-54\/index.php?rest_route=%2Fwp%2Fv2%2Fmedia&parent=25"}],"curies":[{"name":"wp","href":"https:\/\/api.w.org\/{rel}","templated":true}]}}