{"id":2191,"date":"2023-08-27T23:51:57","date_gmt":"2023-08-27T21:51:57","guid":{"rendered":"https:\/\/sites.ac-nancy-metz.fr\/physique\/wp_local\/?page_id=2191"},"modified":"2025-12-31T10:25:02","modified_gmt":"2025-12-31T09:25:02","slug":"exemples-dactivites","status":"publish","type":"page","link":"https:\/\/sites.ac-nancy-metz.fr\/physique\/wp_local\/?page_id=2191","title":{"rendered":"Exemples d\u2019activit\u00e9s"},"content":{"rendered":"\n<b>Des id\u00e9es d&rsquo;activit\u00e9s orales par th\u00e8me<\/b> : <br>\n<dd><ul><li><u><font color=\"#ff0000\"><b>THEME D\u00e9veloppement durable : <\/b><\/font><\/u><\/li>\n<dd><ul><li>Activity : <a href=\"DNL\/ActivityPlasticPollution.pptx\" target=\"_blank\" rel=\"noopener\">The plastic Pollution<\/a>\n             ( + <a href=\"DNL\/PlasticsChallenge_PupilActivitySheets.pdf\" target=\"_blank\" rel=\"noopener\">Pupil activity sheets<\/a>)<\/li> <\/ul><\/dd>\n<\/ul><\/dd>\n\n<dd><ul><li><u><font color=\"#ff0000\"><b>THEME Art : <\/b><\/font><\/u><\/li>\n<dd><ul><li>Activity : Virtual images &#8230; \u00e0 venir<\/li>\n        <li>Activity : Powers of the eye &#8230; \u00e0 venir<\/li> <\/ul><\/dd>\n<\/ul><\/dd>\n\n<dd><ul><li><u><font color=\"#ff0000\"><b>THEME Sport : <\/b><\/font><\/u><\/li>\n<dd><ul><li>Activity : <a href=\"DNL\/ActivityAnatomyOfaSneaker.pdf\" target=\"_blank\" rel=\"noopener\">The wildly complex anatomy of a sneaker<\/a><\/li>\n        <li>Activity : <a href=\"DNL\/FicheActiviteAction.docx\" target=\"_blank\" rel=\"noopener\">Action<\/a><\/li> \n<\/ul><\/dd>\n<\/ul><\/dd>\n\n<dd><ul><li><u><font color=\"#ff0000\"><b>THEME Univers :<\/b><\/u><\/font><\/li>\n<dd><ul>\n  <li>Activity : <a href=\"DNL\/FicheActiviteGames.docx\" target=\"_blank\" rel=\"noopener\">Game creation about the Universe<\/a><\/li> \n  <li>Activity : <a href=\"DNL\/FicheActiviteSong.docx\" target=\"_blank\" rel=\"noopener\">Song<\/a><\/li>\n  <li>Activity : <a href=\"DNL\/FicheActiviteSpeedDating.docx\" target=\"_blank\" rel=\"noopener\">Speed dating<\/a><\/li>\n  <li>Activity : <a href=\"DNL\/ActivitySpaceTalkshow.pdf\" target=\"_blank\" rel=\"noopener\">Space Talkshow<\/a><\/li>\n<\/ul><\/dd>\n<\/ul><\/dd>\n\n<dd><ul><li><u><font color=\"#ff0000\"><b>THEME Nourriture : <\/b><\/font><\/u><\/li>\n<dd><ul><li>Activity : <a href=\"DNL\/FicheActiviteTopChef.docx\" target=\"_blank\" rel=\"noopener\">Top Chef<\/a><\/li> <\/ul><\/dd>\n<\/ul><\/dd>\n\n<\/ul><\/dd>\n","protected":false},"excerpt":{"rendered":"<p>Des id\u00e9es d&rsquo;activit\u00e9s orales par th\u00e8me : THEME D\u00e9veloppement durable : Activity : The plastic Pollution ( + Pupil activity sheets) THEME Art : Activity : Virtual images &#8230; \u00e0 venir Activity : Powers of the eye &#8230; \u00e0 venir THEME Sport : Activity : The wildly complex anatomy of a sneaker Activity : Action THEME Univers : Activity : Game creation about the Universe Activity : Song Activity : Speed dating Activity : Space Talkshow THEME Nourriture : Activity : Top Chef<\/p>\n","protected":false},"author":1,"featured_media":0,"parent":2159,"menu_order":0,"comment_status":"closed","ping_status":"closed","template":"","meta":{"footnotes":""},"class_list":["post-2191","page","type-page","status-publish","hentry"],"_links":{"self":[{"href":"https:\/\/sites.ac-nancy-metz.fr\/physique\/wp_local\/index.php?rest_route=\/wp\/v2\/pages\/2191","targetHints":{"allow":["GET"]}}],"collection":[{"href":"https:\/\/sites.ac-nancy-metz.fr\/physique\/wp_local\/index.php?rest_route=\/wp\/v2\/pages"}],"about":[{"href":"https:\/\/sites.ac-nancy-metz.fr\/physique\/wp_local\/index.php?rest_route=\/wp\/v2\/types\/page"}],"author":[{"embeddable":true,"href":"https:\/\/sites.ac-nancy-metz.fr\/physique\/wp_local\/index.php?rest_route=\/wp\/v2\/users\/1"}],"replies":[{"embeddable":true,"href":"https:\/\/sites.ac-nancy-metz.fr\/physique\/wp_local\/index.php?rest_route=%2Fwp%2Fv2%2Fcomments&post=2191"}],"version-history":[{"count":38,"href":"https:\/\/sites.ac-nancy-metz.fr\/physique\/wp_local\/index.php?rest_route=\/wp\/v2\/pages\/2191\/revisions"}],"predecessor-version":[{"id":4306,"href":"https:\/\/sites.ac-nancy-metz.fr\/physique\/wp_local\/index.php?rest_route=\/wp\/v2\/pages\/2191\/revisions\/4306"}],"up":[{"embeddable":true,"href":"https:\/\/sites.ac-nancy-metz.fr\/physique\/wp_local\/index.php?rest_route=\/wp\/v2\/pages\/2159"}],"wp:attachment":[{"href":"https:\/\/sites.ac-nancy-metz.fr\/physique\/wp_local\/index.php?rest_route=%2Fwp%2Fv2%2Fmedia&parent=2191"}],"curies":[{"name":"wp","href":"https:\/\/api.w.org\/{rel}","templated":true}]}}