{"id":2756,"date":"2023-11-24T19:21:22","date_gmt":"2023-11-24T18:21:22","guid":{"rendered":"https:\/\/sites.ac-nancy-metz.fr\/physique\/wp_local\/?page_id=2756"},"modified":"2024-05-31T20:22:06","modified_gmt":"2024-05-31T18:22:06","slug":"grand-oral","status":"publish","type":"page","link":"https:\/\/sites.ac-nancy-metz.fr\/physique\/wp_local\/?page_id=2756","title":{"rendered":"Grand oral"},"content":{"rendered":"\n<figure class=\"wp-block-image size-full\"><img loading=\"lazy\" decoding=\"async\" width=\"900\" height=\"450\" src=\"https:\/\/sites.ac-nancy-metz.fr\/physique\/wp_local\/wp-content\/uploads\/2023\/11\/GrandOral99991small-2.png\" alt=\"\" class=\"wp-image-2803\" srcset=\"https:\/\/sites.ac-nancy-metz.fr\/physique\/wp_local\/wp-content\/uploads\/2023\/11\/GrandOral99991small-2.png 900w, https:\/\/sites.ac-nancy-metz.fr\/physique\/wp_local\/wp-content\/uploads\/2023\/11\/GrandOral99991small-2-300x150.png 300w, https:\/\/sites.ac-nancy-metz.fr\/physique\/wp_local\/wp-content\/uploads\/2023\/11\/GrandOral99991small-2-768x384.png 768w\" sizes=\"auto, (max-width: 900px) 100vw, 900px\" \/><\/figure>\n\n\n\n<figure class=\"wp-block-image size-full\"><img loading=\"lazy\" decoding=\"async\" width=\"314\" height=\"95\" src=\"https:\/\/sites.ac-nancy-metz.fr\/physique\/wp_local\/wp-content\/uploads\/2024\/05\/logo_GrandOral.png\" alt=\"\" class=\"wp-image-3302\" srcset=\"https:\/\/sites.ac-nancy-metz.fr\/physique\/wp_local\/wp-content\/uploads\/2024\/05\/logo_GrandOral.png 314w, https:\/\/sites.ac-nancy-metz.fr\/physique\/wp_local\/wp-content\/uploads\/2024\/05\/logo_GrandOral-300x91.png 300w\" sizes=\"auto, (max-width: 314px) 100vw, 314px\" \/><\/figure>\n\n\n\n<p>Pour les coll\u00e8gues qui n&rsquo;auraient pas pu suivre le webinaire d\u00e9di\u00e9 au grand oral, vous trouverez sur la page ci-dessous un lien qui vous permettra d&rsquo;en voir un enregistrement ainsi que le diaporama (d\u00e9but de la vid\u00e9o \u00e0 28 min): <a href=\"https:\/\/pedagogie.ac-nancy-metz.fr\/grand-oral\/\" target=\"_blank\" rel=\"noreferrer noopener\">https:\/\/pedagogie.ac-nancy-metz.fr\/grand-oral\/<\/a><\/p>\n\n\n\n<h2 class=\"wp-block-heading\">Session 2024 <\/h2>\n\n\n\n<p>Pour tenir compte de l\u2019\u00e9volution des modalit\u00e9s de l&rsquo;\u00e9preuve du Grand oral&nbsp;, \u00e0 compter de la session 2024 :<\/p>\n\n\n\n<p>(<a href=\"https:\/\/eduscol.education.fr\/727\/detail-des-epreuves-du-baccalaureat-general\" target=\"_blank\" rel=\"noreferrer noopener\">https:\/\/eduscol.education.fr\/727\/detail-des-epreuves-du-baccalaureat-general<\/a>) <\/p>\n\n\n\n<ul class=\"wp-block-list\">\n<li>Le <em>vad\u00e9m\u00e9cum<\/em> acad\u00e9mique actualis\u00e9 : <a href=\"..\/wp_local\/IPR\/Vademecum-Grand-Oral-2024-DEF.pdf\" data-type=\"link\" data-id=\"IPR\/Vademecum-Grand-Oral-2024-DEF.pdf\" target=\"_blank\" rel=\"noreferrer noopener\"><img decoding=\"async\" width=\"3%\" style=\"vertical-align:middle;\" src=\"images\/pdf.png\">Vademecum Grand oral<\/a><br><\/li>\n<\/ul>\n\n\n\n<ul class=\"wp-block-list\">\n<li>La version consolid\u00e9e des textes de cadrage pour le bac g\u00e9n\u00e9ral  : &nbsp;<a href=\"..\/wp_local\/IPR\/voie-g_grand-oral_doc-consolide.pdf\" data-type=\"link\" data-id=\"..\/\/IPR\/voie-g_grand-oral_doc-consolide.pdf\" target=\"_blank\" rel=\"noreferrer noopener\"><img decoding=\"async\" style=\"vertical-align:middle;\" src=\"images\/pdf.png\" width=\"3%\">bac g\u00e9n\u00e9ral<\/a><\/li>\n<\/ul>\n\n\n\n<ul class=\"wp-block-list\">\n<li>La version consolid\u00e9e des textes de cadrage pour le bac technologique : &nbsp; <a href=\"..\/wp_local\/IPR\/voie-t_grand-oral_doc-consolide.pdf\" target=\"_blank\" rel=\"noreferrer noopener\"><img decoding=\"async\" style=\"vertical-align:middle;\" src=\"images\/pdf.png\" width=\"3%\">bac technologique<\/a><\/li>\n<\/ul>\n\n\n\n<p><\/p>\n","protected":false},"excerpt":{"rendered":"<p>Pour les coll\u00e8gues qui n&rsquo;auraient pas pu suivre le webinaire d\u00e9di\u00e9 au grand oral, vous trouverez sur la page ci-dessous un lien qui vous permettra d&rsquo;en voir un enregistrement ainsi que le diaporama (d\u00e9but de la vid\u00e9o \u00e0 28 min): https:\/\/pedagogie.ac-nancy-metz.fr\/grand-oral\/ Session 2024 Pour tenir compte de l\u2019\u00e9volution des modalit\u00e9s de l&rsquo;\u00e9preuve du Grand oral&nbsp;, \u00e0 compter de la session 2024 : (https:\/\/eduscol.education.fr\/727\/detail-des-epreuves-du-baccalaureat-general)<\/p>\n","protected":false},"author":1,"featured_media":0,"parent":0,"menu_order":0,"comment_status":"closed","ping_status":"closed","template":"","meta":{"footnotes":""},"class_list":["post-2756","page","type-page","status-publish","hentry"],"_links":{"self":[{"href":"https:\/\/sites.ac-nancy-metz.fr\/physique\/wp_local\/index.php?rest_route=\/wp\/v2\/pages\/2756","targetHints":{"allow":["GET"]}}],"collection":[{"href":"https:\/\/sites.ac-nancy-metz.fr\/physique\/wp_local\/index.php?rest_route=\/wp\/v2\/pages"}],"about":[{"href":"https:\/\/sites.ac-nancy-metz.fr\/physique\/wp_local\/index.php?rest_route=\/wp\/v2\/types\/page"}],"author":[{"embeddable":true,"href":"https:\/\/sites.ac-nancy-metz.fr\/physique\/wp_local\/index.php?rest_route=\/wp\/v2\/users\/1"}],"replies":[{"embeddable":true,"href":"https:\/\/sites.ac-nancy-metz.fr\/physique\/wp_local\/index.php?rest_route=%2Fwp%2Fv2%2Fcomments&post=2756"}],"version-history":[{"count":40,"href":"https:\/\/sites.ac-nancy-metz.fr\/physique\/wp_local\/index.php?rest_route=\/wp\/v2\/pages\/2756\/revisions"}],"predecessor-version":[{"id":3304,"href":"https:\/\/sites.ac-nancy-metz.fr\/physique\/wp_local\/index.php?rest_route=\/wp\/v2\/pages\/2756\/revisions\/3304"}],"wp:attachment":[{"href":"https:\/\/sites.ac-nancy-metz.fr\/physique\/wp_local\/index.php?rest_route=%2Fwp%2Fv2%2Fmedia&parent=2756"}],"curies":[{"name":"wp","href":"https:\/\/api.w.org\/{rel}","templated":true}]}}

<figure class="wp-block-image size-full"><img loading="lazy" decoding="async" width="900" height="450" src="https://sites.ac-nancy-metz.fr/physique/wp_local/wp-content/uploads/2023/11/GrandOral99991small-2.png" alt="" class="wp-image-2803" srcset="https://sites.ac-nancy-metz.fr/physique/wp_local/wp-content/uploads/2023/11/GrandOral99991small-2.png 900w, https://sites.ac-nancy-metz.fr/physique/wp_local/wp-content/uploads/2023/11/GrandOral99991small-2-300x150.png 300w, https://sites.ac-nancy-metz.fr/physique/wp_local/wp-content/uploads/2023/11/GrandOral99991small-2-768x384.png 768w" sizes="auto, (max-width: 900px) 100vw, 900px" /></figure>



<figure class="wp-block-image size-full"><img loading="lazy" decoding="async" width="314" height="95" src="https://sites.ac-nancy-metz.fr/physique/wp_local/wp-content/uploads/2024/05/logo_GrandOral.png" alt="" class="wp-image-3302" srcset="https://sites.ac-nancy-metz.fr/physique/wp_local/wp-content/uploads/2024/05/logo_GrandOral.png 314w, https://sites.ac-nancy-metz.fr/physique/wp_local/wp-content/uploads/2024/05/logo_GrandOral-300x91.png 300w" sizes="auto, (max-width: 314px) 100vw, 314px" /></figure>



<p>Pour les collègues qui n&rsquo;auraient pas pu suivre le webinaire dédié au grand oral, vous trouverez sur la page ci-dessous un lien qui vous permettra d&rsquo;en voir un enregistrement ainsi que le diaporama (début de la vidéo à 28 min): <a href="https://pedagogie.ac-nancy-metz.fr/grand-oral/" target="_blank" rel="noreferrer noopener">https://pedagogie.ac-nancy-metz.fr/grand-oral/</a></p>



<h2 class="wp-block-heading">Session 2024 </h2>



<p>Pour tenir compte de l’évolution des modalités de l&rsquo;épreuve du Grand oral&nbsp;, à compter de la session 2024 :</p>



<p>(<a href="https://eduscol.education.fr/727/detail-des-epreuves-du-baccalaureat-general" target="_blank" rel="noreferrer noopener">https://eduscol.education.fr/727/detail-des-epreuves-du-baccalaureat-general</a>) </p>



<ul class="wp-block-list">
<li>Le <em>vadémécum</em> académique actualisé : <a href="../wp_local/IPR/Vademecum-Grand-Oral-2024-DEF.pdf" data-type="link" data-id="IPR/Vademecum-Grand-Oral-2024-DEF.pdf" target="_blank" rel="noreferrer noopener"><img decoding="async" width="3%" style="vertical-align:middle;" src="images/pdf.png">Vademecum Grand oral</a><br></li>
</ul>



<ul class="wp-block-list">
<li>La version consolidée des textes de cadrage pour le bac général  : &nbsp;<a href="../wp_local/IPR/voie-g_grand-oral_doc-consolide.pdf" data-type="link" data-id="..//IPR/voie-g_grand-oral_doc-consolide.pdf" target="_blank" rel="noreferrer noopener"><img decoding="async" style="vertical-align:middle;" src="images/pdf.png" width="3%">bac général</a></li>
</ul>



<ul class="wp-block-list">
<li>La version consolidée des textes de cadrage pour le bac technologique : &nbsp; <a href="../wp_local/IPR/voie-t_grand-oral_doc-consolide.pdf" target="_blank" rel="noreferrer noopener"><img decoding="async" style="vertical-align:middle;" src="images/pdf.png" width="3%">bac technologique</a></li>
</ul>



<p></p>

<p>Pour les collègues qui n&rsquo;auraient pas pu suivre le webinaire dédié au grand oral, vous trouverez sur la page ci-dessous un lien qui vous permettra d&rsquo;en voir un enregistrement ainsi que le diaporama (début de la vidéo à 28 min): https://pedagogie.ac-nancy-metz.fr/grand-oral/ Session 2024 Pour tenir compte de l’évolution des modalités de l&rsquo;épreuve du Grand oral&nbsp;, à compter de la session 2024 : (https://eduscol.education.fr/727/detail-des-epreuves-du-baccalaureat-general)</p>
