{"id":3809,"date":"2025-01-08T16:40:15","date_gmt":"2025-01-08T15:40:15","guid":{"rendered":"https:\/\/sites.ac-nancy-metz.fr\/physique\/wp_local\/?page_id=3809"},"modified":"2025-01-09T10:15:19","modified_gmt":"2025-01-09T09:15:19","slug":"principales-ia","status":"publish","type":"page","link":"https:\/\/sites.ac-nancy-metz.fr\/physique\/wp_local\/?page_id=3809","title":{"rendered":"Principales IA"},"content":{"rendered":"\n<p><strong>Site qui recense la grande majorit\u00e9 des IA sur internet<\/strong><\/p>\n\n\n\n<ul class=\"wp-block-list\">\n<li><a href=\"https:\/\/www.aixploria.com\/big-liste-ia\/\" target=\"_blank\" rel=\"noreferrer noopener\">https:\/\/www.aixploria.com\/<\/a><br><\/li>\n<\/ul>\n\n\n\n<p><strong>Les principales IA g\u00e9n\u00e9ratives<\/strong><\/p>\n\n\n\n<ol class=\"wp-block-list\">\n<li>ChatGPT&nbsp;: <a href=\"https:\/\/openai.com\/index\/chatgpt\/\" target=\"_blank\" rel=\"noreferrer noopener\">https:\/\/openai.com\/index\/chatgpt\/<\/a><\/li>\n\n\n\n<li>Perplexity&nbsp;: <a href=\"https:\/\/www.perplexity.ai\/\" target=\"_blank\" rel=\"noreferrer noopener\">https:\/\/www.perplexity.ai\/<\/a><\/li>\n\n\n\n<li>Gemini (Google Bard) : <a href=\"https:\/\/gemini.google.com\/\" target=\"_blank\" rel=\"noreferrer noopener\">https:\/\/gemini.google.com\/<\/a><\/li>\n\n\n\n<li>Microsoft Copilot (Bing Chat) : <a href=\"https:\/\/copilot.microsoft.com\/chats\/\" target=\"_blank\" rel=\"noreferrer noopener\">https:\/\/copilot.microsoft.com\/chats\/<\/a><\/li>\n\n\n\n<li>You chat ; affiche ses sources utilis\u00e9es pour chaque requete : <a href=\"https:\/\/you.com\/\" target=\"_blank\" rel=\"noreferrer noopener\">https:\/\/you.com\/<\/a><\/li>\n\n\n\n<li>Claude ; propose des r\u00e9sultats selon un ensemble de principes \u00e9thiques : <a href=\"https:\/\/www.anthropic.com\/claude\" target=\"_blank\" rel=\"noreferrer noopener\">https:\/\/www.anthropic.com\/claude<\/a><\/li>\n\n\n\n<li>HuggingChat ; cr\u00e9\u00e9 par trois fran\u00e7ais&nbsp;; totalement opensource et s\u2019engage \u00e0 ne pas utiliser les conversations cr\u00e9\u00e9es : <a href=\"https:\/\/huggingface.co\/chat\/\" target=\"_blank\" rel=\"noreferrer noopener\">https:\/\/huggingface.co\/chat\/<\/a><\/li>\n\n\n\n<li>Le Chat ; chatbot de la startup fran\u00e7aises Mistral AI : <a href=\"https:\/\/auth.mistral.ai\/ui\/\" target=\"_blank\" rel=\"noreferrer noopener\">https:\/\/auth.mistral.ai\/ui\/<\/a><\/li>\n<\/ol>\n","protected":false},"excerpt":{"rendered":"<p>Site qui recense la grande majorit\u00e9 des IA sur internet Les principales IA g\u00e9n\u00e9ratives<\/p>\n","protected":false},"author":1,"featured_media":0,"parent":0,"menu_order":0,"comment_status":"closed","ping_status":"closed","template":"","meta":{"footnotes":""},"class_list":["post-3809","page","type-page","status-publish","hentry"],"_links":{"self":[{"href":"https:\/\/sites.ac-nancy-metz.fr\/physique\/wp_local\/index.php?rest_route=\/wp\/v2\/pages\/3809","targetHints":{"allow":["GET"]}}],"collection":[{"href":"https:\/\/sites.ac-nancy-metz.fr\/physique\/wp_local\/index.php?rest_route=\/wp\/v2\/pages"}],"about":[{"href":"https:\/\/sites.ac-nancy-metz.fr\/physique\/wp_local\/index.php?rest_route=\/wp\/v2\/types\/page"}],"author":[{"embeddable":true,"href":"https:\/\/sites.ac-nancy-metz.fr\/physique\/wp_local\/index.php?rest_route=\/wp\/v2\/users\/1"}],"replies":[{"embeddable":true,"href":"https:\/\/sites.ac-nancy-metz.fr\/physique\/wp_local\/index.php?rest_route=%2Fwp%2Fv2%2Fcomments&post=3809"}],"version-history":[{"count":4,"href":"https:\/\/sites.ac-nancy-metz.fr\/physique\/wp_local\/index.php?rest_route=\/wp\/v2\/pages\/3809\/revisions"}],"predecessor-version":[{"id":3909,"href":"https:\/\/sites.ac-nancy-metz.fr\/physique\/wp_local\/index.php?rest_route=\/wp\/v2\/pages\/3809\/revisions\/3909"}],"wp:attachment":[{"href":"https:\/\/sites.ac-nancy-metz.fr\/physique\/wp_local\/index.php?rest_route=%2Fwp%2Fv2%2Fmedia&parent=3809"}],"curies":[{"name":"wp","href":"https:\/\/api.w.org\/{rel}","templated":true}]}}