{"id":77,"date":"2023-02-15T15:58:14","date_gmt":"2023-02-15T14:58:14","guid":{"rendered":"https:\/\/sites.ac-nancy-metz.fr\/physique\/wp_local\/?page_id=77"},"modified":"2023-11-25T19:22:52","modified_gmt":"2023-11-25T18:22:52","slug":"terminale","status":"publish","type":"page","link":"https:\/\/sites.ac-nancy-metz.fr\/physique\/wp_local\/?page_id=77","title":{"rendered":"Classe de terminale"},"content":{"rendered":"\n<h2 class=\"wp-block-heading has-text-align-center\"><a style=\"color:#000000;\" href=\"..\/wp_local\/?page_id=2756\">Terminale : Grand Oral<\/a><\/h2>\n\n\n<div class=\"wp-block-image\">\n<figure class=\"aligncenter size-full is-resized\"><a href=\"..\/wp_local\/?page_id=2756\"><img loading=\"lazy\" decoding=\"async\" width=\"900\" height=\"450\" src=\"https:\/\/sites.ac-nancy-metz.fr\/physique\/wp_local\/wp-content\/uploads\/2023\/11\/GrandOral99991small-2.png\" alt=\"\" class=\"wp-image-2803\" style=\"width:294px;height:auto\" srcset=\"https:\/\/sites.ac-nancy-metz.fr\/physique\/wp_local\/wp-content\/uploads\/2023\/11\/GrandOral99991small-2.png 900w, https:\/\/sites.ac-nancy-metz.fr\/physique\/wp_local\/wp-content\/uploads\/2023\/11\/GrandOral99991small-2-300x150.png 300w, https:\/\/sites.ac-nancy-metz.fr\/physique\/wp_local\/wp-content\/uploads\/2023\/11\/GrandOral99991small-2-768x384.png 768w\" sizes=\"auto, (max-width: 900px) 100vw, 900px\" \/><\/a><\/figure><\/div>\n\n\n<h2 class=\"wp-block-heading has-text-align-center\"><a style=\"color:#000000;\" href=\"..\/wp_local\/?page_id=1682\">Terminale : enseignement scientifique<\/a><\/h2>\n\n\n\n<h1 class=\"wp-block-heading has-text-align-center\" id=\"2021\"><a href=\"..\/wp_local\/?page_id=1682\"><img loading=\"lazy\" decoding=\"async\" src=\"http:\/\/sites.ac-nancy-metz.fr\/physique\/SiteAcademiqueOld\/images\/T.jpg\" alt=\"livre\" width=\"150\" height=\"150\"><\/a><\/h1>\n\n\n\n<h2 class=\"wp-block-heading has-text-align-center\"><a style=\"color:#000000;\" href=\"..\/wp_local\/?page_id=1686\">Terminale : enseignement de sp\u00e9cialit\u00e9<\/a><\/h2>\n\n\n\n<p class=\"has-text-align-center\"><a href=\"..\/wp_local\/?page_id=1686\"><img loading=\"lazy\" decoding=\"async\" src=\"http:\/\/sites.ac-nancy-metz.fr\/physique\/SiteAcademiqueOld\/images\/SPE.jpg\" alt=\"ecg\" width=\"150\" height=\"150\"><\/a><\/p>\n\n\n\n<h2 class=\"wp-block-heading has-text-align-center\"><a style=\"color:#000000;\" href=\"..\/wp_local\/?page_id=1690\">Terminale ST2S : physique-chimie pour la sant\u00e9<\/a><\/h2>\n\n\n\n<p class=\"has-text-align-center\"><a href=\"..\/wp_local\/?page_id=1690\"><img loading=\"lazy\" decoding=\"async\" src=\"http:\/\/sites.ac-nancy-metz.fr\/physique\/SiteAcademiqueOld\/images\/ST2S.jpg\" alt=\"s\" width=\"150\" height=\"150\"><\/a><\/p>\n\n\n\n<h2 class=\"wp-block-heading has-text-align-center\"><a style=\"color:#000000;\" href=\"..\/wp_local\/?page_id=1693\">Terminale STI2D : physique-chimie et math\u00e9matiques<\/a><\/h2>\n\n\n\n<p class=\"has-text-align-center\"><a href=\"..\/wp_local\/?page_id=1693\"><img loading=\"lazy\" decoding=\"async\" src=\"http:\/\/sites.ac-nancy-metz.fr\/physique\/SiteAcademiqueOld\/images\/STI.jpg\" alt=\"s\" width=\"150\" height=\"150\"><\/a><\/p>\n\n\n\n<h2 class=\"wp-block-heading has-text-align-center\"><a style=\"color:#000000;\" href=\"..\/wp_local\/?page_id=1697\">Terminale STL : physique-chimie et math\u00e9matiques<\/a><\/h2>\n\n\n\n<p class=\"has-text-align-center\"><a href=\"..\/wp_local\/?page_id=1697\"><img loading=\"lazy\" decoding=\"async\" src=\"http:\/\/sites.ac-nancy-metz.fr\/physique\/SiteAcademiqueOld\/images\/STL.jpg\" alt=\"s\" width=\"150\" height=\"150\"><\/a><\/p>\n\n\n\n<h2 class=\"wp-block-heading has-text-align-center\"><a style=\"color:#000000;\" href=\"..\/wp_local\/?page_id=1702\">Terminale STL : sciences physiques et chimiques en laboratoire<\/a><\/h2>\n\n\n\n<p class=\"has-text-align-center\"><a href=\"..\/wp_local\/?page_id=1702\"><img loading=\"lazy\" decoding=\"async\" src=\"http:\/\/sites.ac-nancy-metz.fr\/physique\/SiteAcademiqueOld\/images\/STLL.jpg\" alt=\"s\" width=\"150\" height=\"150\"><\/a><\/p>\n","protected":false},"excerpt":{"rendered":"<p>Terminale : Grand Oral Terminale : enseignement scientifique Terminale : enseignement de sp\u00e9cialit\u00e9 Terminale ST2S : physique-chimie pour la sant\u00e9 Terminale STI2D : physique-chimie et math\u00e9matiques Terminale STL : physique-chimie et math\u00e9matiques Terminale STL : sciences physiques et chimiques en laboratoire<\/p>\n","protected":false},"author":1,"featured_media":411,"parent":31,"menu_order":0,"comment_status":"closed","ping_status":"closed","template":"","meta":{"footnotes":""},"class_list":["post-77","page","type-page","status-publish","has-post-thumbnail","hentry"],"_links":{"self":[{"href":"https:\/\/sites.ac-nancy-metz.fr\/physique\/wp_local\/index.php?rest_route=\/wp\/v2\/pages\/77","targetHints":{"allow":["GET"]}}],"collection":[{"href":"https:\/\/sites.ac-nancy-metz.fr\/physique\/wp_local\/index.php?rest_route=\/wp\/v2\/pages"}],"about":[{"href":"https:\/\/sites.ac-nancy-metz.fr\/physique\/wp_local\/index.php?rest_route=\/wp\/v2\/types\/page"}],"author":[{"embeddable":true,"href":"https:\/\/sites.ac-nancy-metz.fr\/physique\/wp_local\/index.php?rest_route=\/wp\/v2\/users\/1"}],"replies":[{"embeddable":true,"href":"https:\/\/sites.ac-nancy-metz.fr\/physique\/wp_local\/index.php?rest_route=%2Fwp%2Fv2%2Fcomments&post=77"}],"version-history":[{"count":22,"href":"https:\/\/sites.ac-nancy-metz.fr\/physique\/wp_local\/index.php?rest_route=\/wp\/v2\/pages\/77\/revisions"}],"predecessor-version":[{"id":2817,"href":"https:\/\/sites.ac-nancy-metz.fr\/physique\/wp_local\/index.php?rest_route=\/wp\/v2\/pages\/77\/revisions\/2817"}],"up":[{"embeddable":true,"href":"https:\/\/sites.ac-nancy-metz.fr\/physique\/wp_local\/index.php?rest_route=\/wp\/v2\/pages\/31"}],"wp:featuredmedia":[{"embeddable":true,"href":"https:\/\/sites.ac-nancy-metz.fr\/physique\/wp_local\/index.php?rest_route=\/wp\/v2\/media\/411"}],"wp:attachment":[{"href":"https:\/\/sites.ac-nancy-metz.fr\/physique\/wp_local\/index.php?rest_route=%2Fwp%2Fv2%2Fmedia&parent=77"}],"curies":[{"name":"wp","href":"https:\/\/api.w.org\/{rel}","templated":true}]}}