{"id":1205,"date":"2016-08-14T21:27:43","date_gmt":"2016-08-14T20:27:43","guid":{"rendered":"http:\/\/sites.ac-nancy-metz.fr\/ses\/wordpress\/?page_id=1205"},"modified":"2019-04-09T12:35:50","modified_gmt":"2019-04-09T11:35:50","slug":"les-cartes-mentales","status":"publish","type":"page","link":"https:\/\/sites.ac-nancy-metz.fr\/ses\/wordpress\/accueil\/sequences-pedagogiques\/les-cartes-mentales\/","title":{"rendered":"Les TraAM"},"content":{"rendered":"<p><img loading=\"lazy\" decoding=\"async\" class=\"alignleft wp-image-1187\" src=\"http:\/\/sites.ac-nancy-metz.fr\/ses\/wordpress\/wp-content\/uploads\/2014\/07\/logo_traam_ses-1-300x104.jpeg\" alt=\"logo_traam_ses\" width=\"194\" height=\"67\" srcset=\"https:\/\/sites.ac-nancy-metz.fr\/ses\/wordpress\/wp-content\/uploads\/2014\/07\/logo_traam_ses-1-300x104.jpeg 300w, https:\/\/sites.ac-nancy-metz.fr\/ses\/wordpress\/wp-content\/uploads\/2014\/07\/logo_traam_ses-1.jpeg 512w\" sizes=\"auto, (max-width: 194px) 100vw, 194px\" \/><\/p>\n<p><strong>Qu&rsquo;est-ce que les TraAM (Travaux Acad\u00e9miques Mutualis\u00e9s) ?<\/strong><\/p>\n<p>&nbsp;<\/p>\n<p>Co-pilot\u00e9s par la DNE et l&rsquo;inspection g\u00e9n\u00e9rale, les TRaAM permettent de\u00a0<strong>construire une expertise qui doit contribuer aux actions de formation et d&rsquo;accompagnement des enseignants\u00a0<\/strong>dans le cadre de la strat\u00e9gie pour le num\u00e9rique et ses d\u00e9clinaisons dans les acad\u00e9mies<strong>.\u00a0<\/strong>Fond\u00e9s sur la mutualisation inter-acad\u00e9mique, les TRAAM s&rsquo;appuient sur des exp\u00e9rimentations dans des classes, ils associent les \u00e9quipes acad\u00e9miques du\u00a0<strong>1er et du 2nd degr\u00e9<\/strong>\u00a0\u00e0 la r\u00e9flexion et la production de sc\u00e9narios partag\u00e9s dans l&rsquo;\u00c9dubase.<\/p>\n<p style=\"text-align: right;\">Source: Eduscol.<\/p>\n<p>Le groupe TraAM \u00e9tablit chaque ann\u00e9e un bilan de son travail :<\/p>\n<p><a href=\"http:\/\/sites.ac-nancy-metz.fr\/ses\/fichiers\/Projets_pedagogiques\/TraAM\/bilan_traam_2015_2016.pdf\" target=\"_blank\" rel=\"noopener\">Bilan 2015-2016<\/a>, <a href=\"http:\/\/sites.ac-nancy-metz.fr\/ses\/fichiers\/Projets_pedagogiques\/TraAM\/bilantraam2013_2014.pdf\" target=\"_blank\" rel=\"noopener\">Bilan 2013-2014<\/a>, <a href=\"http:\/\/sites.ac-nancy-metz.fr\/ses\/fichiers\/Projets_pedagogiques\/TraAM\/bilantraam2012_2013.pdf\" target=\"_blank\" rel=\"noopener\">Bilan 2012-2013<\/a>, <a href=\"http:\/\/sites.ac-nancy-metz.fr\/ses\/fichiers\/Projets_pedagogiques\/TraAM\/bilantraam2012.pdf\" target=\"_blank\" rel=\"noopener\">Bilan 2011-2012<\/a><\/p>\n<p>&nbsp;<\/p>\n","protected":false},"excerpt":{"rendered":"<p>Qu&rsquo;est-ce que les TraAM (Travaux Acad\u00e9miques Mutualis\u00e9s) ? &nbsp; Co-pilot\u00e9s par la DNE et l&rsquo;inspection g\u00e9n\u00e9rale, les TRaAM permettent de\u00a0construire une expertise qui doit contribuer aux actions de formation et d&rsquo;accompagnement des enseignants\u00a0dans le cadre de la strat\u00e9gie pour le num\u00e9rique et ses d\u00e9clinaisons dans les acad\u00e9mies.\u00a0Fond\u00e9s sur la mutualisation inter-acad\u00e9mique, les TRAAM s&rsquo;appuient sur &#8230; <span class=\"more\"><a class=\"more-link\" href=\"https:\/\/sites.ac-nancy-metz.fr\/ses\/wordpress\/accueil\/sequences-pedagogiques\/les-cartes-mentales\/\">[Read more&#8230;]<\/a><\/span><\/p>\n","protected":false},"author":3,"featured_media":0,"parent":25,"menu_order":0,"comment_status":"closed","ping_status":"closed","template":"","meta":{"footnotes":""},"class_list":["entry","page","publish","author-marjorie","post-1205"],"_links":{"self":[{"href":"https:\/\/sites.ac-nancy-metz.fr\/ses\/wordpress\/wp-json\/wp\/v2\/pages\/1205","targetHints":{"allow":["GET"]}}],"collection":[{"href":"https:\/\/sites.ac-nancy-metz.fr\/ses\/wordpress\/wp-json\/wp\/v2\/pages"}],"about":[{"href":"https:\/\/sites.ac-nancy-metz.fr\/ses\/wordpress\/wp-json\/wp\/v2\/types\/page"}],"author":[{"embeddable":true,"href":"https:\/\/sites.ac-nancy-metz.fr\/ses\/wordpress\/wp-json\/wp\/v2\/users\/3"}],"replies":[{"embeddable":true,"href":"https:\/\/sites.ac-nancy-metz.fr\/ses\/wordpress\/wp-json\/wp\/v2\/comments?post=1205"}],"version-history":[{"count":13,"href":"https:\/\/sites.ac-nancy-metz.fr\/ses\/wordpress\/wp-json\/wp\/v2\/pages\/1205\/revisions"}],"predecessor-version":[{"id":1446,"href":"https:\/\/sites.ac-nancy-metz.fr\/ses\/wordpress\/wp-json\/wp\/v2\/pages\/1205\/revisions\/1446"}],"up":[{"embeddable":true,"href":"https:\/\/sites.ac-nancy-metz.fr\/ses\/wordpress\/wp-json\/wp\/v2\/pages\/25"}],"wp:attachment":[{"href":"https:\/\/sites.ac-nancy-metz.fr\/ses\/wordpress\/wp-json\/wp\/v2\/media?parent=1205"}],"curies":[{"name":"wp","href":"https:\/\/api.w.org\/{rel}","templated":true}]}}