{"id":25,"date":"2014-07-03T12:43:15","date_gmt":"2014-07-03T11:43:15","guid":{"rendered":"http:\/\/sites.ac-nancy-metz.fr\/ses\/wordpress\/?page_id=25"},"modified":"2019-04-09T16:12:41","modified_gmt":"2019-04-09T15:12:41","slug":"sequences-pedagogiques","status":"publish","type":"page","link":"https:\/\/sites.ac-nancy-metz.fr\/ses\/wordpress\/accueil\/sequences-pedagogiques\/","title":{"rendered":"Projets p\u00e9dagogiques"},"content":{"rendered":"<p>Sont pr\u00e9sent\u00e9s ici diff\u00e9rents projets se proposant de faire d\u00e9couvrir des pratiques p\u00e9dagogiques:<\/p>\n<p><a href=\"http:\/\/sites.ac-nancy-metz.fr\/ses\/wordpress\/accueil\/sequences-pedagogiques\/la-classe-inversee\/\">La classe invers\u00e9e<\/a><\/p>\n<p><a href=\"http:\/\/sites.ac-nancy-metz.fr\/ses\/wordpress\/accueil\/sequences-pedagogiques\/evaluation-par-competence\/\">L&rsquo;\u00e9valuation par comp\u00e9tences<\/a><\/p>\n<p><a href=\"http:\/\/sites.ac-nancy-metz.fr\/ses\/wordpress\/accueil\/sequences-pedagogiques\/les-cartes-mentales\/\">Les TraAm<\/a><\/p>\n<p><a href=\"http:\/\/sites.ac-nancy-metz.fr\/ses\/wordpress\/accueil\/sequences-pedagogiques\/numerique-educatif\/\">Le num\u00e9rique \u00e9ducatif<\/a><\/p>\n<p>&nbsp;<\/p>\n<p>&nbsp;<\/p>\n<p>&nbsp;<\/p>\n<p>&nbsp;<\/p>\n","protected":false},"excerpt":{"rendered":"<p>Sont pr\u00e9sent\u00e9s ici diff\u00e9rents projets se proposant de faire d\u00e9couvrir des pratiques p\u00e9dagogiques: La classe invers\u00e9e L&rsquo;\u00e9valuation par comp\u00e9tences Les TraAm Le num\u00e9rique \u00e9ducatif &nbsp; &nbsp; &nbsp; &nbsp;<\/p>\n","protected":false},"author":1,"featured_media":0,"parent":7,"menu_order":2,"comment_status":"open","ping_status":"open","template":"","meta":{"footnotes":""},"class_list":["entry","page","publish","author-admin","post-25"],"_links":{"self":[{"href":"https:\/\/sites.ac-nancy-metz.fr\/ses\/wordpress\/wp-json\/wp\/v2\/pages\/25","targetHints":{"allow":["GET"]}}],"collection":[{"href":"https:\/\/sites.ac-nancy-metz.fr\/ses\/wordpress\/wp-json\/wp\/v2\/pages"}],"about":[{"href":"https:\/\/sites.ac-nancy-metz.fr\/ses\/wordpress\/wp-json\/wp\/v2\/types\/page"}],"author":[{"embeddable":true,"href":"https:\/\/sites.ac-nancy-metz.fr\/ses\/wordpress\/wp-json\/wp\/v2\/users\/1"}],"replies":[{"embeddable":true,"href":"https:\/\/sites.ac-nancy-metz.fr\/ses\/wordpress\/wp-json\/wp\/v2\/comments?post=25"}],"version-history":[{"count":17,"href":"https:\/\/sites.ac-nancy-metz.fr\/ses\/wordpress\/wp-json\/wp\/v2\/pages\/25\/revisions"}],"predecessor-version":[{"id":1472,"href":"https:\/\/sites.ac-nancy-metz.fr\/ses\/wordpress\/wp-json\/wp\/v2\/pages\/25\/revisions\/1472"}],"up":[{"embeddable":true,"href":"https:\/\/sites.ac-nancy-metz.fr\/ses\/wordpress\/wp-json\/wp\/v2\/pages\/7"}],"wp:attachment":[{"href":"https:\/\/sites.ac-nancy-metz.fr\/ses\/wordpress\/wp-json\/wp\/v2\/media?parent=25"}],"curies":[{"name":"wp","href":"https:\/\/api.w.org\/{rel}","templated":true}]}}