{"id":85,"date":"2014-08-15T14:29:21","date_gmt":"2014-08-15T13:29:21","guid":{"rendered":"http:\/\/sites.ac-nancy-metz.fr\/ses\/wordpress\/?page_id=85"},"modified":"2019-04-09T13:31:39","modified_gmt":"2019-04-09T12:31:39","slug":"evaluation-par-competence","status":"publish","type":"page","link":"https:\/\/sites.ac-nancy-metz.fr\/ses\/wordpress\/accueil\/sequences-pedagogiques\/evaluation-par-competence\/","title":{"rendered":"Evaluation par comp\u00e9tence"},"content":{"rendered":"<p>Les productions de l&rsquo;<span style=\"text-decoration: underline;\">ann\u00e9e 2015-2016<\/span> sur les comp\u00e9tences pour la classe de terminale sont t\u00e9l\u00e9chargeables :<\/p>\n<p>Au <a href=\"http:\/\/sites.ac-nancy-metz.fr\/ses\/fichiers\/Projets_pedagogiques\/competences\/competence2016\/groupe_de_travail_2016.docx\" target=\"_blank\" rel=\"noopener\">format Word<\/a> et <a href=\"http:\/\/sites.ac-nancy-metz.fr\/ses\/fichiers\/Projets_pedagogiques\/competences\/competence2016\/groupe_de_travail_2016.pdf\" target=\"_blank\" rel=\"noopener\">au format PDF<\/a><\/p>\n<p>Au cours de l&rsquo;ann\u00e9e <span style=\"text-decoration: underline;\">2013-2014<\/span>, un groupe de travail acad\u00e9mique a travaill\u00e9 sur l&rsquo;\u00e9valuation par comp\u00e9tence.<\/p>\n<p style=\"padding-left: 30px;\"><a title=\"Evaluation par comp\u00e9tence\" href=\"http:\/\/sites.ac-nancy-metz.fr\/ses\/fichiers\/Projets_pedagogiques\/competences\/evaluationcompetence.pdf\" target=\"_blank\" rel=\"noopener\">Une pr\u00e9sentation de la r\u00e9flexion du groupe de travail sur l&rsquo;\u00e9valuation par comp\u00e9tence<\/a><\/p>\n<p><strong><span style=\"color: #607d8b;\">Des productions r\u00e9alis\u00e9es par le groupe de travail<\/span><\/strong><\/p>\n<ul>\n<li>Pour l&rsquo;enseignement d&rsquo;exploration de seconde\n<ul>\n<li><a title=\"Reproduction d'un raisonnement \u00e9conomique\" href=\"http:\/\/sites.ac-nancy-metz.fr\/ses\/fichiers\/Projets_pedagogiques\/competences\/productions_competences\/groupe_formateurs\/cycle_terminal\/\" target=\"_blank\" rel=\"noopener\">Reproduction d&rsquo;un raisonnement \u00e9conomique<\/a><\/li>\n<\/ul>\n<\/li>\n<li>Pour le cycle terminal\n<ul>\n<li><a href=\"http:\/\/sites.ac-nancy-metz.fr\/ses\/fichiers\/Projets_pedagogiques\/competences\/productions_competences\/groupe_formateurs\/cycle_terminal\/consignecycleterm.pdf\" target=\"_blank\" rel=\"noopener\">Traiter la consigne<\/a><\/li>\n<li><a href=\"http:\/\/sites.ac-nancy-metz.fr\/ses\/fichiers\/Projets_pedagogiques\/competences\/productions_competences\/groupe_formateurs\/cycle_terminal\/reproduction_raisonnement.pdf\" target=\"_blank\" rel=\"noopener\">Reproduire un raisonnement \u00e9conomique ou sociologique<\/a><\/li>\n<li><a href=\"http:\/\/sites.ac-nancy-metz.fr\/ses\/fichiers\/Projets_pedagogiques\/competences\/productions_competences\/groupe_formateurs\/cycle_terminal\/expression_claire_ecrit_oral2.pdf\" target=\"_blank\" rel=\"noopener\">S&rsquo;exprimer clairement \u00e0 l&rsquo;\u00e9crit et \u00e0 l&rsquo;oral<\/a><\/li>\n<li><a href=\"http:\/\/sites.ac-nancy-metz.fr\/ses\/fichiers\/Projets_pedagogiques\/competences\/productions_competences\/groupe_formateurs\/cycle_terminal\/organiser_reponse_cycleterm.pdf\" target=\"_blank\" rel=\"noopener\">Organiser sa r\u00e9ponse de fa\u00e7on coh\u00e9rente<\/a><\/li>\n<li><a href=\"http:\/\/sites.ac-nancy-metz.fr\/ses\/fichiers\/Projets_pedagogiques\/competences\/productions_competences\/groupe_formateurs\/cycle_terminal\/competencedemonstrationcycleterm.pdf\" target=\"_blank\" rel=\"noopener\">Adopter une d\u00e9marche d\u00e9monstrative<\/a><\/li>\n<\/ul>\n<\/li>\n<\/ul>\n<p><strong><span style=\"color: #607d8b;\">Des productions r\u00e9alis\u00e9es dans les ateliers des r\u00e9unions de bassin<\/span><\/strong><\/p>\n<ul>\n<li>Pour l&rsquo;enseignement d&rsquo;exploration de seconde\n<ul>\n<li><a title=\"Faire une synth\u00e8se\" href=\"http:\/\/sites.ac-nancy-metz.fr\/ses\/fichiers\/Projets_pedagogiques\/competences\/productions_competences\/reunions_bassin\/ede\/synthese_ede.pdf\" target=\"_blank\" rel=\"noopener\">Faire une synth\u00e8se<\/a><\/li>\n<\/ul>\n<\/li>\n<li>Pour le cycle terminal\n<ul>\n<li><a href=\"http:\/\/sites.ac-nancy-metz.fr\/ses\/fichiers\/Projets_pedagogiques\/competences\/productions_competences\/reunions_bassin\/cycle_terminal\/expression_claire_ecrit_oral.pdf\" target=\"_blank\" rel=\"noopener\">S&rsquo;exprimer clairement \u00e0 l&rsquo;\u00e9crit et \u00e0 l&rsquo;oral<\/a><\/li>\n<li><a href=\"http:\/\/sites.ac-nancy-metz.fr\/ses\/fichiers\/Projets_pedagogiques\/competences\/productions_competences\/reunions_bassin\/cycle_terminal\/demonstration_coherence_cycleterm.pdf\" target=\"_blank\" rel=\"noopener\">Organiser sa r\u00e9ponse de fa\u00e7on coh\u00e9rente et Adopter une d\u00e9marche d\u00e9monstrative<\/a><\/li>\n<\/ul>\n<\/li>\n<\/ul>\n","protected":false},"excerpt":{"rendered":"<p>Les productions de l&rsquo;ann\u00e9e 2015-2016 sur les comp\u00e9tences pour la classe de terminale sont t\u00e9l\u00e9chargeables : Au format Word et au format PDF Au cours de l&rsquo;ann\u00e9e 2013-2014, un groupe de travail acad\u00e9mique a travaill\u00e9 sur l&rsquo;\u00e9valuation par comp\u00e9tence. Une pr\u00e9sentation de la r\u00e9flexion du groupe de travail sur l&rsquo;\u00e9valuation par comp\u00e9tence Des productions r\u00e9alis\u00e9es &#8230; <span class=\"more\"><a class=\"more-link\" href=\"https:\/\/sites.ac-nancy-metz.fr\/ses\/wordpress\/accueil\/sequences-pedagogiques\/evaluation-par-competence\/\">[Read more&#8230;]<\/a><\/span><\/p>\n","protected":false},"author":1,"featured_media":0,"parent":25,"menu_order":0,"comment_status":"open","ping_status":"open","template":"","meta":{"footnotes":""},"class_list":["entry","page","publish","author-admin","post-85"],"_links":{"self":[{"href":"https:\/\/sites.ac-nancy-metz.fr\/ses\/wordpress\/wp-json\/wp\/v2\/pages\/85","targetHints":{"allow":["GET"]}}],"collection":[{"href":"https:\/\/sites.ac-nancy-metz.fr\/ses\/wordpress\/wp-json\/wp\/v2\/pages"}],"about":[{"href":"https:\/\/sites.ac-nancy-metz.fr\/ses\/wordpress\/wp-json\/wp\/v2\/types\/page"}],"author":[{"embeddable":true,"href":"https:\/\/sites.ac-nancy-metz.fr\/ses\/wordpress\/wp-json\/wp\/v2\/users\/1"}],"replies":[{"embeddable":true,"href":"https:\/\/sites.ac-nancy-metz.fr\/ses\/wordpress\/wp-json\/wp\/v2\/comments?post=85"}],"version-history":[{"count":21,"href":"https:\/\/sites.ac-nancy-metz.fr\/ses\/wordpress\/wp-json\/wp\/v2\/pages\/85\/revisions"}],"predecessor-version":[{"id":1461,"href":"https:\/\/sites.ac-nancy-metz.fr\/ses\/wordpress\/wp-json\/wp\/v2\/pages\/85\/revisions\/1461"}],"up":[{"embeddable":true,"href":"https:\/\/sites.ac-nancy-metz.fr\/ses\/wordpress\/wp-json\/wp\/v2\/pages\/25"}],"wp:attachment":[{"href":"https:\/\/sites.ac-nancy-metz.fr\/ses\/wordpress\/wp-json\/wp\/v2\/media?parent=85"}],"curies":[{"name":"wp","href":"https:\/\/api.w.org\/{rel}","templated":true}]}}