{"id":97,"date":"2014-08-15T14:31:30","date_gmt":"2014-08-15T13:31:30","guid":{"rendered":"http:\/\/sites.ac-nancy-metz.fr\/ses\/wordpress\/?page_id=97"},"modified":"2019-04-09T13:10:13","modified_gmt":"2019-04-09T12:10:13","slug":"usagetni","status":"publish","type":"page","link":"https:\/\/sites.ac-nancy-metz.fr\/ses\/wordpress\/accueil\/sequences-pedagogiques\/numerique-educatif\/usagetni\/","title":{"rendered":"L&rsquo;usage du TNI"},"content":{"rendered":"<p><a title=\"Lettre TIC'EDU\" href=\"\/Enseignement\/ses\/ressources\/pedagogie\/numerique\/lettre_ticedu2014.htm\" target=\"_blank\" rel=\"noopener\">La lettre TIC&rsquo;EDU 2014<\/a> est consultable en ligne.<\/p>\n<p>Une r\u00e9flexion sur les usages p\u00e9dagogiques du Tableau Num\u00e9rique Interactif (TNI) ou Tableau Blanc Interactif (TBI)<\/p>\n\n","protected":false},"excerpt":{"rendered":"<p>La lettre TIC&rsquo;EDU 2014 est consultable en ligne. Une r\u00e9flexion sur les usages p\u00e9dagogiques du Tableau Num\u00e9rique Interactif (TNI) ou Tableau Blanc Interactif (TBI)<\/p>\n","protected":false},"author":1,"featured_media":0,"parent":1309,"menu_order":0,"comment_status":"open","ping_status":"open","template":"","meta":{"footnotes":""},"class_list":["entry","page","publish","author-admin","post-97"],"_links":{"self":[{"href":"https:\/\/sites.ac-nancy-metz.fr\/ses\/wordpress\/wp-json\/wp\/v2\/pages\/97","targetHints":{"allow":["GET"]}}],"collection":[{"href":"https:\/\/sites.ac-nancy-metz.fr\/ses\/wordpress\/wp-json\/wp\/v2\/pages"}],"about":[{"href":"https:\/\/sites.ac-nancy-metz.fr\/ses\/wordpress\/wp-json\/wp\/v2\/types\/page"}],"author":[{"embeddable":true,"href":"https:\/\/sites.ac-nancy-metz.fr\/ses\/wordpress\/wp-json\/wp\/v2\/users\/1"}],"replies":[{"embeddable":true,"href":"https:\/\/sites.ac-nancy-metz.fr\/ses\/wordpress\/wp-json\/wp\/v2\/comments?post=97"}],"version-history":[{"count":12,"href":"https:\/\/sites.ac-nancy-metz.fr\/ses\/wordpress\/wp-json\/wp\/v2\/pages\/97\/revisions"}],"predecessor-version":[{"id":1458,"href":"https:\/\/sites.ac-nancy-metz.fr\/ses\/wordpress\/wp-json\/wp\/v2\/pages\/97\/revisions\/1458"}],"up":[{"embeddable":true,"href":"https:\/\/sites.ac-nancy-metz.fr\/ses\/wordpress\/wp-json\/wp\/v2\/pages\/1309"}],"wp:attachment":[{"href":"https:\/\/sites.ac-nancy-metz.fr\/ses\/wordpress\/wp-json\/wp\/v2\/media?parent=97"}],"curies":[{"name":"wp","href":"https:\/\/api.w.org\/{rel}","templated":true}]}}