{"id":142,"date":"2023-06-28T15:09:56","date_gmt":"2023-06-28T15:09:56","guid":{"rendered":"https:\/\/sites.ac-nancy-metz.fr\/stss\/?page_id=142"},"modified":"2025-08-28T14:35:45","modified_gmt":"2025-08-28T14:35:45","slug":"ian","status":"publish","type":"page","link":"https:\/\/sites.ac-nancy-metz.fr\/stss\/numeriques\/ian\/","title":{"rendered":"Interlocuteurs acad\u00e9miques pour le num\u00e9rique"},"content":{"rendered":"<p>Dans chaque acad\u00e9mie,\u00a0<strong>des groupes disciplinaires\u00a0<\/strong>repr\u00e9sent\u00e9s par un interlocuteur de chaque discipline (les IAN : Interlocuteurs acad\u00e9miques pour le num\u00e9rique, ex IATICE)\u00a0<strong>d\u00e9veloppent des actions d&rsquo;animation et d&rsquo;innovation autour du num\u00e9rique \u00e9ducatif<\/strong>.<\/p>\n<div style=\"width: 650px;\" class=\"wp-video\"><video class=\"wp-video-shortcode\" id=\"video-142-1\" width=\"650\" height=\"366\" preload=\"metadata\" controls=\"controls\"><source type=\"video\/mp4\" src=\"https:\/\/sites.ac-nancy-metz.fr\/stss\/wp-content\/uploads\/2023\/06\/IAN-STMS-Biotechnologies-Academie-Nancy-Metz-720p-230403-5.mp4?_=1\" \/><a href=\"https:\/\/sites.ac-nancy-metz.fr\/stss\/wp-content\/uploads\/2023\/06\/IAN-STMS-Biotechnologies-Academie-Nancy-Metz-720p-230403-5.mp4\">https:\/\/sites.ac-nancy-metz.fr\/stss\/wp-content\/uploads\/2023\/06\/IAN-STMS-Biotechnologies-Academie-Nancy-Metz-720p-230403-5.mp4<\/a><\/video><\/div>\n<h2>Mes astuces :<\/h2>\n<ul>\n<li><span style=\"font-family: Arial; font-size: small;\">\u00ab\u00a0<\/span>Les Bons Clics est une\u00a0plateforme gratuite\u00a0con\u00e7ue pour guider et\u00a0former les aidants num\u00e9riques\u00a0qui interviennent aupr\u00e8s des publics en situation d\u2019illectronisme, en proposant des\u00a0ressources th\u00e9matiques et ludiques, et accueillant un m\u00e9dia adapt\u00e9 aux enjeux d\u2019une soci\u00e9t\u00e9 de plus en plus num\u00e9rique.\u00a0Les Bons Clics est un projet d\u00e9velopp\u00e9 par\u00a0<a href=\"http:\/\/wetechcare.org\/\" target=\"_blank\" rel=\"noopener noreferrer nofollow external\" data-wpel-link=\"external\">WeTechCare,<\/a>\u00a0association \u00e0 but non lucratif n\u00e9e de l\u2019association Emma\u00fcs Connect.\u00a0\u00bb<\/li>\n<li>D\u00e9cryptage de la Feuille de route du num\u00e9rique en sant\u00e9 2023-2027<\/li>\n<li>Pr\u00e9sentation d&rsquo;un outil d&rsquo;aide \u00e0 la\u00a0sc\u00e9narisation en <a href=\"https:\/\/sites.ac-nancy-metz.fr\/stss\/wp-content\/uploads\/2023\/11\/Presentation-methode-ABC-LearningDesign.pdf\" target=\"_blank\" rel=\"noopener\">version r\u00e9sum\u00e9e<\/a>, ou\u00a0 \u00a0<a href=\"https:\/\/sites.ac-nancy-metz.fr\/stss\/wp-content\/uploads\/2023\/11\/Presentation-methode-ABC-LearningDesign.pdf\" target=\"_blank\" rel=\"noopener\">ABC Learning Design ( version originale)<\/a><\/li>\n<li>\n<div>Circulaire \u00ab\u00a0num\u00e9rique raisonn\u00e9\u00a0\u00bb :<\/div>\n<div><a href=\"https:\/\/www.education.gouv.fr\/bo\/2025\/Hebdo28\/MENE2519904C\" target=\"_blank\" rel=\"noopener\">https:\/\/www.education.gouv.fr\/bo\/2025\/Hebdo28\/MENE2519904C<\/a><\/div>\n<div><\/div>\n<\/li>\n<li>\n<div>Rapport de l&rsquo;inspection g\u00e9n\u00e9rale sur la relation \u00e9cole et num\u00e9rique :<\/div>\n<div>https:\/\/www.education.gouv.fr\/usages-du-numerique-dans-la-relation-ecole-familles-450666<\/div>\n<\/li>\n<\/ul>\n","protected":false},"excerpt":{"rendered":"<p>Dans chaque acad\u00e9mie,\u00a0des groupes disciplinaires\u00a0repr\u00e9sent\u00e9s par un interlocuteur de chaque discipline (les IAN : Interlocuteurs acad\u00e9miques pour le num\u00e9rique, ex IATICE)\u00a0d\u00e9veloppent des actions d&rsquo;animation et d&rsquo;innovation autour du num\u00e9rique \u00e9ducatif. Mes astuces : \u00ab\u00a0Les Bons Clics est une\u00a0plateforme gratuite\u00a0con\u00e7ue pour guider et\u00a0former les aidants num\u00e9riques\u00a0qui interviennent aupr\u00e8s des publics en situation d\u2019illectronisme, en proposant des\u00a0ressources&#8230;<\/p>\n<p class=\"more-link-wrap\"><a href=\"https:\/\/sites.ac-nancy-metz.fr\/stss\/numeriques\/ian\/\" class=\"more-link\">En savoir plus<span class=\"screen-reader-text\"> &ldquo;Interlocuteurs acad\u00e9miques pour le num\u00e9rique&rdquo;<\/span> &raquo;<\/a><\/p>\n","protected":false},"author":1,"featured_media":0,"parent":59,"menu_order":1,"comment_status":"closed","ping_status":"closed","template":"","meta":{"footnotes":""},"class_list":["post-142","page","type-page","status-publish","hentry"],"yoast_head":"<!-- This site is optimized with the Yoast SEO plugin v24.9 - https:\/\/yoast.com\/wordpress\/plugins\/seo\/ -->\n<title>Interlocuteurs acad\u00e9miques pour le num\u00e9rique - STMS<\/title>\n<meta name=\"robots\" content=\"index, follow, max-snippet:-1, max-image-preview:large, max-video-preview:-1\" \/>\n<link rel=\"canonical\" href=\"https:\/\/sites.ac-nancy-metz.fr\/stss\/numeriques\/ian\/\" \/>\n<meta property=\"og:locale\" content=\"fr_FR\" \/>\n<meta property=\"og:type\" content=\"article\" \/>\n<meta property=\"og:title\" content=\"Interlocuteurs acad\u00e9miques pour le num\u00e9rique - STMS\" \/>\n<meta property=\"og:description\" content=\"Dans chaque acad\u00e9mie,\u00a0des groupes disciplinaires\u00a0repr\u00e9sent\u00e9s par un interlocuteur de chaque discipline (les IAN : Interlocuteurs acad\u00e9miques pour le num\u00e9rique, ex IATICE)\u00a0d\u00e9veloppent des actions d&rsquo;animation et d&rsquo;innovation autour du num\u00e9rique \u00e9ducatif. Mes astuces : \u00ab\u00a0Les Bons Clics est une\u00a0plateforme gratuite\u00a0con\u00e7ue pour guider et\u00a0former les aidants num\u00e9riques\u00a0qui interviennent aupr\u00e8s des publics en situation d\u2019illectronisme, en proposant des\u00a0ressources...En savoir plus &ldquo;Interlocuteurs acad\u00e9miques pour le num\u00e9rique&rdquo; &raquo;\" \/>\n<meta property=\"og:url\" content=\"https:\/\/sites.ac-nancy-metz.fr\/stss\/numeriques\/ian\/\" \/>\n<meta property=\"og:site_name\" content=\"STMS\" \/>\n<meta property=\"article:modified_time\" content=\"2025-08-28T14:35:45+00:00\" \/>\n<meta name=\"twitter:card\" content=\"summary_large_image\" \/>\n<meta name=\"twitter:label1\" content=\"Dur\u00e9e de lecture estim\u00e9e\" \/>\n\t<meta name=\"twitter:data1\" content=\"1 minute\" \/>\n<script type=\"application\/ld+json\" class=\"yoast-schema-graph\">{\"@context\":\"https:\/\/schema.org\",\"@graph\":[{\"@type\":\"WebPage\",\"@id\":\"https:\/\/sites.ac-nancy-metz.fr\/stss\/numeriques\/ian\/\",\"url\":\"https:\/\/sites.ac-nancy-metz.fr\/stss\/numeriques\/ian\/\",\"name\":\"Interlocuteurs acad\u00e9miques pour le num\u00e9rique - STMS\",\"isPartOf\":{\"@id\":\"https:\/\/sites.ac-nancy-metz.fr\/stss\/#website\"},\"datePublished\":\"2023-06-28T15:09:56+00:00\",\"dateModified\":\"2025-08-28T14:35:45+00:00\",\"breadcrumb\":{\"@id\":\"https:\/\/sites.ac-nancy-metz.fr\/stss\/numeriques\/ian\/#breadcrumb\"},\"inLanguage\":\"fr-FR\",\"potentialAction\":[{\"@type\":\"ReadAction\",\"target\":[\"https:\/\/sites.ac-nancy-metz.fr\/stss\/numeriques\/ian\/\"]}]},{\"@type\":\"BreadcrumbList\",\"@id\":\"https:\/\/sites.ac-nancy-metz.fr\/stss\/numeriques\/ian\/#breadcrumb\",\"itemListElement\":[{\"@type\":\"ListItem\",\"position\":1,\"name\":\"Accueil\",\"item\":\"https:\/\/sites.ac-nancy-metz.fr\/stss\/\"},{\"@type\":\"ListItem\",\"position\":2,\"name\":\"Num\u00e9rique\",\"item\":\"https:\/\/sites.ac-nancy-metz.fr\/stss\/numeriques\/\"},{\"@type\":\"ListItem\",\"position\":3,\"name\":\"Interlocuteurs acad\u00e9miques pour le num\u00e9rique\"}]},{\"@type\":\"WebSite\",\"@id\":\"https:\/\/sites.ac-nancy-metz.fr\/stss\/#website\",\"url\":\"https:\/\/sites.ac-nancy-metz.fr\/stss\/\",\"name\":\"STMS\",\"description\":\" Sciences et Techniques M\u00e9dico-Sociales \",\"publisher\":{\"@id\":\"https:\/\/sites.ac-nancy-metz.fr\/stss\/#organization\"},\"potentialAction\":[{\"@type\":\"SearchAction\",\"target\":{\"@type\":\"EntryPoint\",\"urlTemplate\":\"https:\/\/sites.ac-nancy-metz.fr\/stss\/?s={search_term_string}\"},\"query-input\":{\"@type\":\"PropertyValueSpecification\",\"valueRequired\":true,\"valueName\":\"search_term_string\"}}],\"inLanguage\":\"fr-FR\"},{\"@type\":\"Organization\",\"@id\":\"https:\/\/sites.ac-nancy-metz.fr\/stss\/#organization\",\"name\":\"Sciences et Techniques M\u00e9dico-Sociales\",\"url\":\"https:\/\/sites.ac-nancy-metz.fr\/stss\/\",\"logo\":{\"@type\":\"ImageObject\",\"inLanguage\":\"fr-FR\",\"@id\":\"https:\/\/sites.ac-nancy-metz.fr\/stss\/#\/schema\/logo\/image\/\",\"url\":\"https:\/\/sites.ac-nancy-metz.fr\/stss\/wp-content\/uploads\/2023\/06\/cropped-cropped-logo-ac-nancy-20-e1688052918222.jpg\",\"contentUrl\":\"https:\/\/sites.ac-nancy-metz.fr\/stss\/wp-content\/uploads\/2023\/06\/cropped-cropped-logo-ac-nancy-20-e1688052918222.jpg\",\"width\":100,\"height\":80,\"caption\":\"Sciences et Techniques M\u00e9dico-Sociales\"},\"image\":{\"@id\":\"https:\/\/sites.ac-nancy-metz.fr\/stss\/#\/schema\/logo\/image\/\"}}]}<\/script>\n<!-- \/ Yoast SEO plugin. -->","yoast_head_json":{"title":"Interlocuteurs acad\u00e9miques pour le num\u00e9rique - STMS","robots":{"index":"index","follow":"follow","max-snippet":"max-snippet:-1","max-image-preview":"max-image-preview:large","max-video-preview":"max-video-preview:-1"},"canonical":"https:\/\/sites.ac-nancy-metz.fr\/stss\/numeriques\/ian\/","og_locale":"fr_FR","og_type":"article","og_title":"Interlocuteurs acad\u00e9miques pour le num\u00e9rique - STMS","og_description":"Dans chaque acad\u00e9mie,\u00a0des groupes disciplinaires\u00a0repr\u00e9sent\u00e9s par un interlocuteur de chaque discipline (les IAN : Interlocuteurs acad\u00e9miques pour le num\u00e9rique, ex IATICE)\u00a0d\u00e9veloppent des actions d&rsquo;animation et d&rsquo;innovation autour du num\u00e9rique \u00e9ducatif. Mes astuces : \u00ab\u00a0Les Bons Clics est une\u00a0plateforme gratuite\u00a0con\u00e7ue pour guider et\u00a0former les aidants num\u00e9riques\u00a0qui interviennent aupr\u00e8s des publics en situation d\u2019illectronisme, en proposant des\u00a0ressources...En savoir plus &ldquo;Interlocuteurs acad\u00e9miques pour le num\u00e9rique&rdquo; &raquo;","og_url":"https:\/\/sites.ac-nancy-metz.fr\/stss\/numeriques\/ian\/","og_site_name":"STMS","article_modified_time":"2025-08-28T14:35:45+00:00","twitter_card":"summary_large_image","twitter_misc":{"Dur\u00e9e de lecture estim\u00e9e":"1 minute"},"schema":{"@context":"https:\/\/schema.org","@graph":[{"@type":"WebPage","@id":"https:\/\/sites.ac-nancy-metz.fr\/stss\/numeriques\/ian\/","url":"https:\/\/sites.ac-nancy-metz.fr\/stss\/numeriques\/ian\/","name":"Interlocuteurs acad\u00e9miques pour le num\u00e9rique - STMS","isPartOf":{"@id":"https:\/\/sites.ac-nancy-metz.fr\/stss\/#website"},"datePublished":"2023-06-28T15:09:56+00:00","dateModified":"2025-08-28T14:35:45+00:00","breadcrumb":{"@id":"https:\/\/sites.ac-nancy-metz.fr\/stss\/numeriques\/ian\/#breadcrumb"},"inLanguage":"fr-FR","potentialAction":[{"@type":"ReadAction","target":["https:\/\/sites.ac-nancy-metz.fr\/stss\/numeriques\/ian\/"]}]},{"@type":"BreadcrumbList","@id":"https:\/\/sites.ac-nancy-metz.fr\/stss\/numeriques\/ian\/#breadcrumb","itemListElement":[{"@type":"ListItem","position":1,"name":"Accueil","item":"https:\/\/sites.ac-nancy-metz.fr\/stss\/"},{"@type":"ListItem","position":2,"name":"Num\u00e9rique","item":"https:\/\/sites.ac-nancy-metz.fr\/stss\/numeriques\/"},{"@type":"ListItem","position":3,"name":"Interlocuteurs acad\u00e9miques pour le num\u00e9rique"}]},{"@type":"WebSite","@id":"https:\/\/sites.ac-nancy-metz.fr\/stss\/#website","url":"https:\/\/sites.ac-nancy-metz.fr\/stss\/","name":"STMS","description":" Sciences et Techniques M\u00e9dico-Sociales ","publisher":{"@id":"https:\/\/sites.ac-nancy-metz.fr\/stss\/#organization"},"potentialAction":[{"@type":"SearchAction","target":{"@type":"EntryPoint","urlTemplate":"https:\/\/sites.ac-nancy-metz.fr\/stss\/?s={search_term_string}"},"query-input":{"@type":"PropertyValueSpecification","valueRequired":true,"valueName":"search_term_string"}}],"inLanguage":"fr-FR"},{"@type":"Organization","@id":"https:\/\/sites.ac-nancy-metz.fr\/stss\/#organization","name":"Sciences et Techniques M\u00e9dico-Sociales","url":"https:\/\/sites.ac-nancy-metz.fr\/stss\/","logo":{"@type":"ImageObject","inLanguage":"fr-FR","@id":"https:\/\/sites.ac-nancy-metz.fr\/stss\/#\/schema\/logo\/image\/","url":"https:\/\/sites.ac-nancy-metz.fr\/stss\/wp-content\/uploads\/2023\/06\/cropped-cropped-logo-ac-nancy-20-e1688052918222.jpg","contentUrl":"https:\/\/sites.ac-nancy-metz.fr\/stss\/wp-content\/uploads\/2023\/06\/cropped-cropped-logo-ac-nancy-20-e1688052918222.jpg","width":100,"height":80,"caption":"Sciences et Techniques M\u00e9dico-Sociales"},"image":{"@id":"https:\/\/sites.ac-nancy-metz.fr\/stss\/#\/schema\/logo\/image\/"}}]}},"_links":{"self":[{"href":"https:\/\/sites.ac-nancy-metz.fr\/stss\/wp-json\/wp\/v2\/pages\/142","targetHints":{"allow":["GET"]}}],"collection":[{"href":"https:\/\/sites.ac-nancy-metz.fr\/stss\/wp-json\/wp\/v2\/pages"}],"about":[{"href":"https:\/\/sites.ac-nancy-metz.fr\/stss\/wp-json\/wp\/v2\/types\/page"}],"author":[{"embeddable":true,"href":"https:\/\/sites.ac-nancy-metz.fr\/stss\/wp-json\/wp\/v2\/users\/1"}],"replies":[{"embeddable":true,"href":"https:\/\/sites.ac-nancy-metz.fr\/stss\/wp-json\/wp\/v2\/comments?post=142"}],"version-history":[{"count":22,"href":"https:\/\/sites.ac-nancy-metz.fr\/stss\/wp-json\/wp\/v2\/pages\/142\/revisions"}],"predecessor-version":[{"id":1339,"href":"https:\/\/sites.ac-nancy-metz.fr\/stss\/wp-json\/wp\/v2\/pages\/142\/revisions\/1339"}],"up":[{"embeddable":true,"href":"https:\/\/sites.ac-nancy-metz.fr\/stss\/wp-json\/wp\/v2\/pages\/59"}],"wp:attachment":[{"href":"https:\/\/sites.ac-nancy-metz.fr\/stss\/wp-json\/wp\/v2\/media?parent=142"}],"curies":[{"name":"wp","href":"https:\/\/api.w.org\/{rel}","templated":true}]}}