{"id":1002,"date":"2022-06-14T15:36:20","date_gmt":"2022-06-14T13:36:20","guid":{"rendered":"https:\/\/sites.ac-nancy-metz.fr\/upe2a-jules-ferry-woippy\/?page_id=1002"},"modified":"2023-11-01T15:08:09","modified_gmt":"2023-11-01T14:08:09","slug":"la-routine-quotidienne","status":"publish","type":"page","link":"https:\/\/sites.ac-nancy-metz.fr\/upe2a-jules-ferry-woippy\/?page_id=1002","title":{"rendered":"La routine quotidienne"},"content":{"rendered":"<h2>Voici des liens pour r\u00e9viser le vocabulaire de la routine quotidienne<\/h2>\n<p>&nbsp;<\/p>\n<p><a href=\"https:\/\/learningapps.org\/display?v=pdtuv9x5322\" target=\"_blank\" rel=\"noopener\">Associer image et audio (1)<\/a><\/p>\n<p><a href=\"https:\/\/learningapps.org\/display?v=p7jgyvmi323\" target=\"_blank\" rel=\"noopener\">Associer image et audio (2)<\/a><\/p>\n<p><a href=\"https:\/\/learningapps.org\/display?v=phc40kwva17\" target=\"_blank\" rel=\"noopener\">Associer image et verbe (infinitif) (1)<\/a><\/p>\n<p><a href=\"https:\/\/learningapps.org\/display?v=pwhhi5pha23\" target=\"_blank\" rel=\"noopener\">Associer image et verbe (infinitif) (2)<\/a><\/p>\n<p><a href=\"https:\/\/learningapps.org\/display?v=ppj3zgvrk22\" target=\"_blank\" rel=\"noopener\">Associer image et verbe (infinitif) (3)<\/a><\/p>\n<p><a href=\"https:\/\/learningapps.org\/display?v=p9hg438jk20\" target=\"_blank\" rel=\"noopener\">Associer image et phrase (verbe conjugu\u00e9 au pr\u00e9sent) (1)<\/a><\/p>\n<p><a href=\"https:\/\/learningapps.org\/display?v=pnb3dwsdk20\" target=\"_blank\" rel=\"noopener\">Conjuguer au pr\u00e9sent les verbes pronominaux<\/a><\/p>\n<p><a href=\"https:\/\/learningapps.org\/display?v=p6ktrtom520\" target=\"_blank\" rel=\"noopener\">Texte \u00e0 trous &#8211; QCM (A2)<\/a><\/p>\n<p><a href=\"https:\/\/learningapps.org\/display?v=pu0h8p9s220\" target=\"_blank\" rel=\"noopener\">Texte \u00e0 trous &#8211; Vid\u00e9o (A2)<\/a><\/p>\n<p><a href=\"https:\/\/learningapps.org\/display?v=pc1f3xz4k22\" target=\"_blank\" rel=\"noopener\">Remettre texte dans l&rsquo;ordre &#8211; Marqueurs du temps du r\u00e9cit (A2)<\/a><\/p>\n<p>&nbsp;<\/p>\n","protected":false},"excerpt":{"rendered":"<p>Voici des liens pour r\u00e9viser le vocabulaire de la routine quotidienne &nbsp; Associer image et audio (1) Associer image et audio (2) Associer image et verbe (infinitif) (1) Associer image et verbe (infinitif) (2) Associer image et verbe (infinitif) (3) Associer image et phrase (verbe conjugu\u00e9 au pr\u00e9sent) (1) Conjuguer au pr\u00e9sent les verbes pronominaux &hellip; <\/p>\n<p class=\"link-more\"><a href=\"https:\/\/sites.ac-nancy-metz.fr\/upe2a-jules-ferry-woippy\/?page_id=1002\" class=\"more-link\">Continuer la lecture<span class=\"screen-reader-text\"> de &laquo;&nbsp;La routine quotidienne&nbsp;&raquo;<\/span><\/a><\/p>\n","protected":false},"author":4,"featured_media":0,"parent":0,"menu_order":0,"comment_status":"closed","ping_status":"closed","template":"","meta":{"footnotes":""},"_links":{"self":[{"href":"https:\/\/sites.ac-nancy-metz.fr\/upe2a-jules-ferry-woippy\/index.php?rest_route=\/wp\/v2\/pages\/1002"}],"collection":[{"href":"https:\/\/sites.ac-nancy-metz.fr\/upe2a-jules-ferry-woippy\/index.php?rest_route=\/wp\/v2\/pages"}],"about":[{"href":"https:\/\/sites.ac-nancy-metz.fr\/upe2a-jules-ferry-woippy\/index.php?rest_route=\/wp\/v2\/types\/page"}],"author":[{"embeddable":true,"href":"https:\/\/sites.ac-nancy-metz.fr\/upe2a-jules-ferry-woippy\/index.php?rest_route=\/wp\/v2\/users\/4"}],"replies":[{"embeddable":true,"href":"https:\/\/sites.ac-nancy-metz.fr\/upe2a-jules-ferry-woippy\/index.php?rest_route=%2Fwp%2Fv2%2Fcomments&post=1002"}],"version-history":[{"count":2,"href":"https:\/\/sites.ac-nancy-metz.fr\/upe2a-jules-ferry-woippy\/index.php?rest_route=\/wp\/v2\/pages\/1002\/revisions"}],"predecessor-version":[{"id":1187,"href":"https:\/\/sites.ac-nancy-metz.fr\/upe2a-jules-ferry-woippy\/index.php?rest_route=\/wp\/v2\/pages\/1002\/revisions\/1187"}],"wp:attachment":[{"href":"https:\/\/sites.ac-nancy-metz.fr\/upe2a-jules-ferry-woippy\/index.php?rest_route=%2Fwp%2Fv2%2Fmedia&parent=1002"}],"curies":[{"name":"wp","href":"https:\/\/api.w.org\/{rel}","templated":true}]}}