{"id":324,"date":"2021-06-03T18:30:19","date_gmt":"2021-06-03T16:30:19","guid":{"rendered":"https:\/\/sites.ac-nancy-metz.fr\/upe2a-jules-ferry-woippy\/?page_id=324"},"modified":"2023-11-19T17:02:30","modified_gmt":"2023-11-19T16:02:30","slug":"les-pieces-de-la-maison","status":"publish","type":"page","link":"https:\/\/sites.ac-nancy-metz.fr\/upe2a-jules-ferry-woippy\/?page_id=324","title":{"rendered":"Les pi\u00e8ces de la maison"},"content":{"rendered":"<h2>Voici des liens pour r\u00e9viser le lexique des pi\u00e8ces de la maison<\/h2>\n<p>&nbsp;<\/p>\n<p><a href=\"https:\/\/learningapps.org\/display?v=pya7j0z7t20\" target=\"_blank\" rel=\"noopener\">Associer mot entendu &#8211; image (A1.1)<\/a><\/p>\n<p><a href=\"https:\/\/learningapps.org\/display?v=p7xyqxq1518\">Associer mot entendu &#8211; image (A1.1) (2)<\/a><\/p>\n<p><a href=\"https:\/\/learningapps.org\/display?v=p5f88f7nj21\" target=\"_blank\" rel=\"noopener\">Associer mot &#8211; image<\/a><\/p>\n<p><a href=\"https:\/\/learningapps.org\/display?v=p1oteeizc01\" target=\"_blank\" rel=\"noopener\">Associer mot &#8211; image (2)<\/a><\/p>\n<p><a href=\"https:\/\/learningapps.org\/display?v=pftjb6cin16\" target=\"_blank\" rel=\"noopener\">Placement sur image<\/a><\/p>\n<p><a href=\"https:\/\/learningapps.org\/display?v=pe2ti0d1a20\" target=\"_blank\" rel=\"noopener\">Ext\u00e9rieur : Associer mot entendu &#8211; image<\/a><\/p>\n<p><a href=\"https:\/\/learningapps.org\/display?v=pq06ztsfa17\" target=\"_blank\" rel=\"noopener\">Ecrire le nom des pi\u00e8ces de la maison<\/a><\/p>\n<p>&nbsp;<\/p>\n<p><a href=\"https:\/\/learningapps.org\/display?v=pakf0srka\" target=\"_blank\" rel=\"noopener\">Verbes d&rsquo;action : dans quelle pi\u00e8ce ?<\/a><\/p>\n<p><a href=\"https:\/\/learningapps.org\/display?v=p2bndhehk21\" target=\"_blank\" rel=\"noopener\">Activit\u00e9s quotidiennes : dans quelle pi\u00e8ce ?<\/a><\/p>\n<p>&nbsp;<\/p>\n<p><a href=\"https:\/\/learningapps.org\/display?v=pivs2d1uk19\" target=\"_blank\" rel=\"noopener\">Jeu du pendu !<\/a><\/p>\n<p><a href=\"https:\/\/learningapps.org\/display?v=pbkc38f7j18\" target=\"_blank\" rel=\"noopener\">11 exercices diff\u00e9rents (A2)<\/a><\/p>\n","protected":false},"excerpt":{"rendered":"<p>Voici des liens pour r\u00e9viser le lexique des pi\u00e8ces de la maison &nbsp; Associer mot entendu &#8211; image (A1.1) Associer mot entendu &#8211; image (A1.1) (2) Associer mot &#8211; image Associer mot &#8211; image (2) Placement sur image Ext\u00e9rieur : Associer mot entendu &#8211; image Ecrire le nom des pi\u00e8ces de la maison &nbsp; Verbes &hellip; <\/p>\n<p class=\"link-more\"><a href=\"https:\/\/sites.ac-nancy-metz.fr\/upe2a-jules-ferry-woippy\/?page_id=324\" class=\"more-link\">Continuer la lecture<span class=\"screen-reader-text\"> de &laquo;&nbsp;Les pi\u00e8ces de la maison&nbsp;&raquo;<\/span><\/a><\/p>\n","protected":false},"author":4,"featured_media":0,"parent":0,"menu_order":0,"comment_status":"closed","ping_status":"closed","template":"","meta":{"footnotes":""},"_links":{"self":[{"href":"https:\/\/sites.ac-nancy-metz.fr\/upe2a-jules-ferry-woippy\/index.php?rest_route=\/wp\/v2\/pages\/324"}],"collection":[{"href":"https:\/\/sites.ac-nancy-metz.fr\/upe2a-jules-ferry-woippy\/index.php?rest_route=\/wp\/v2\/pages"}],"about":[{"href":"https:\/\/sites.ac-nancy-metz.fr\/upe2a-jules-ferry-woippy\/index.php?rest_route=\/wp\/v2\/types\/page"}],"author":[{"embeddable":true,"href":"https:\/\/sites.ac-nancy-metz.fr\/upe2a-jules-ferry-woippy\/index.php?rest_route=\/wp\/v2\/users\/4"}],"replies":[{"embeddable":true,"href":"https:\/\/sites.ac-nancy-metz.fr\/upe2a-jules-ferry-woippy\/index.php?rest_route=%2Fwp%2Fv2%2Fcomments&post=324"}],"version-history":[{"count":3,"href":"https:\/\/sites.ac-nancy-metz.fr\/upe2a-jules-ferry-woippy\/index.php?rest_route=\/wp\/v2\/pages\/324\/revisions"}],"predecessor-version":[{"id":1221,"href":"https:\/\/sites.ac-nancy-metz.fr\/upe2a-jules-ferry-woippy\/index.php?rest_route=\/wp\/v2\/pages\/324\/revisions\/1221"}],"wp:attachment":[{"href":"https:\/\/sites.ac-nancy-metz.fr\/upe2a-jules-ferry-woippy\/index.php?rest_route=%2Fwp%2Fv2%2Fmedia&parent=324"}],"curies":[{"name":"wp","href":"https:\/\/api.w.org\/{rel}","templated":true}]}}