{"id":761,"date":"2021-10-29T13:21:17","date_gmt":"2021-10-29T11:21:17","guid":{"rendered":"https:\/\/sites.ac-nancy-metz.fr\/upe2a-jules-ferry-woippy\/?page_id=761"},"modified":"2023-08-23T15:12:21","modified_gmt":"2023-08-23T13:12:21","slug":"les-lieux-du-college","status":"publish","type":"page","link":"https:\/\/sites.ac-nancy-metz.fr\/upe2a-jules-ferry-woippy\/?page_id=761","title":{"rendered":"Les lieux du coll\u00e8ge"},"content":{"rendered":"<p>Voici des liens pour r\u00e9viser le vocabulaire des lieux du coll\u00e8ge<\/p>\n<p><a href=\"https:\/\/h5p.org\/node\/817581\" target=\"_blank\" rel=\"noopener\">M\u00e9mory sonore<\/a><\/p>\n<p>Voici des liens pour r\u00e9viser la le\u00e7on \u00ab\u00a0Les personnels du coll\u00e8ge\u00a0\u00bb<\/p>\n<p><a href=\"https:\/\/h5p.org\/node\/611250\" target=\"_blank\" rel=\"noopener\">Glisser les mots manquants<\/a><\/p>\n","protected":false},"excerpt":{"rendered":"<p>Voici des liens pour r\u00e9viser le vocabulaire des lieux du coll\u00e8ge M\u00e9mory sonore Voici des liens pour r\u00e9viser la le\u00e7on \u00ab\u00a0Les personnels du coll\u00e8ge\u00a0\u00bb Glisser les mots manquants<\/p>\n","protected":false},"author":4,"featured_media":0,"parent":0,"menu_order":0,"comment_status":"closed","ping_status":"closed","template":"","meta":{"footnotes":""},"_links":{"self":[{"href":"https:\/\/sites.ac-nancy-metz.fr\/upe2a-jules-ferry-woippy\/index.php?rest_route=\/wp\/v2\/pages\/761"}],"collection":[{"href":"https:\/\/sites.ac-nancy-metz.fr\/upe2a-jules-ferry-woippy\/index.php?rest_route=\/wp\/v2\/pages"}],"about":[{"href":"https:\/\/sites.ac-nancy-metz.fr\/upe2a-jules-ferry-woippy\/index.php?rest_route=\/wp\/v2\/types\/page"}],"author":[{"embeddable":true,"href":"https:\/\/sites.ac-nancy-metz.fr\/upe2a-jules-ferry-woippy\/index.php?rest_route=\/wp\/v2\/users\/4"}],"replies":[{"embeddable":true,"href":"https:\/\/sites.ac-nancy-metz.fr\/upe2a-jules-ferry-woippy\/index.php?rest_route=%2Fwp%2Fv2%2Fcomments&post=761"}],"version-history":[{"count":4,"href":"https:\/\/sites.ac-nancy-metz.fr\/upe2a-jules-ferry-woippy\/index.php?rest_route=\/wp\/v2\/pages\/761\/revisions"}],"predecessor-version":[{"id":1121,"href":"https:\/\/sites.ac-nancy-metz.fr\/upe2a-jules-ferry-woippy\/index.php?rest_route=\/wp\/v2\/pages\/761\/revisions\/1121"}],"wp:attachment":[{"href":"https:\/\/sites.ac-nancy-metz.fr\/upe2a-jules-ferry-woippy\/index.php?rest_route=%2Fwp%2Fv2%2Fmedia&parent=761"}],"curies":[{"name":"wp","href":"https:\/\/api.w.org\/{rel}","templated":true}]}}