{"id":834,"date":"2021-12-12T15:17:27","date_gmt":"2021-12-12T14:17:27","guid":{"rendered":"https:\/\/sites.ac-nancy-metz.fr\/upe2a-jules-ferry-woippy\/?page_id=834"},"modified":"2026-01-09T08:42:17","modified_gmt":"2026-01-09T07:42:17","slug":"les-fetes-de-fin-dannee","status":"publish","type":"page","link":"https:\/\/sites.ac-nancy-metz.fr\/upe2a-jules-ferry-woippy\/?page_id=834","title":{"rendered":"Les f\u00eates de fin d&rsquo;ann\u00e9e"},"content":{"rendered":"<p>Voici quelques liens pour travailler autour des f\u00eates de fin d&rsquo;ann\u00e9e<\/p>\n<h2><strong>No\u00ebl\u00a0<\/strong><\/h2>\n<p><a href=\"https:\/\/learningapps.org\/16149963\" target=\"_blank\" rel=\"noopener\">Associe image \/ mot entendu (A1)<\/a><\/p>\n<p><a href=\"https:\/\/learningapps.org\/156770\" target=\"_blank\" rel=\"noopener\">Associe image \/ mot<\/a><\/p>\n<p><a href=\"https:\/\/learningapps.org\/557432\" target=\"_blank\" rel=\"noopener\">Conte de No\u00ebl \u00e0 compl\u00e9ter<\/a><\/p>\n<p><a href=\"https:\/\/learningapps.org\/view15382190?&amp;allowFullscreen=1\" target=\"_blank\" rel=\"noopener\">7 jeux autour de No\u00ebl<\/a><\/p>\n<p><a href=\"https:\/\/learningapps.org\/1918551\" target=\"_blank\" rel=\"noopener\">Jeu du pendu<\/a><\/p>\n<p><a href=\"https:\/\/learningapps.org\/2875004\" target=\"_blank\" rel=\"noopener\">QCM &#8211; orthographe lexique de No\u00ebl<\/a><\/p>\n<p><a href=\"https:\/\/learningapps.org\/2920387\" target=\"_blank\" rel=\"noopener\">Mots crois\u00e9s &#8211; A2<\/a><\/p>\n<h2><strong>Nouvel an et Bonnes r\u00e9solutions<\/strong><\/h2>\n<p><a href=\"https:\/\/learningapps.org\/watch?v=p29g9c8m518\" target=\"_blank\" rel=\"noopener\">Chanson \u00e0 compl\u00e9ter &#8211; Les bonnes r\u00e9solutions<\/a><\/p>\n<p><a href=\"https:\/\/learningapps.org\/watch?v=pn3ir6t5c20\" target=\"_blank\" rel=\"noopener\">Associer image et bonne r\u00e9solution<\/a><\/p>\n<p><a href=\"https:\/\/learningapps.org\/view6303997?&amp;allowFullscreen=1\" target=\"_blank\" rel=\"noopener\">Audio &#8211; Bonnes r\u00e9solutions<\/a><\/p>\n<p><a href=\"https:\/\/learningapps.org\/view30806914?&amp;allowFullscreen=1\" target=\"_blank\" rel=\"noopener\">Mots cach\u00e9s &#8211; Vocabulaire<\/a><\/p>\n<p><a href=\"https:\/\/dictee.tv5monde.com\/dictee\/au-gui-lan-neuf\/demarrer\" target=\"_blank\" rel=\"noopener\">Dict\u00e9e (niveau au choix : A1 &#8211; A2 &#8211; B1)<\/a><\/p>\n<p>&nbsp;<\/p>\n","protected":false},"excerpt":{"rendered":"<p>Voici quelques liens pour travailler autour des f\u00eates de fin d&rsquo;ann\u00e9e No\u00ebl\u00a0 Associe image \/ mot entendu (A1) Associe image \/ mot Conte de No\u00ebl \u00e0 compl\u00e9ter 7 jeux autour de No\u00ebl Jeu du pendu QCM &#8211; orthographe lexique de No\u00ebl Mots crois\u00e9s &#8211; A2 Nouvel an et Bonnes r\u00e9solutions Chanson \u00e0 compl\u00e9ter &#8211; Les &hellip; <\/p>\n<p class=\"link-more\"><a href=\"https:\/\/sites.ac-nancy-metz.fr\/upe2a-jules-ferry-woippy\/?page_id=834\" class=\"more-link\">Continuer la lecture<span class=\"screen-reader-text\"> de &laquo;&nbsp;Les f\u00eates de fin d&rsquo;ann\u00e9e&nbsp;&raquo;<\/span><\/a><\/p>\n","protected":false},"author":4,"featured_media":0,"parent":0,"menu_order":0,"comment_status":"closed","ping_status":"closed","template":"","meta":{"footnotes":""},"_links":{"self":[{"href":"https:\/\/sites.ac-nancy-metz.fr\/upe2a-jules-ferry-woippy\/index.php?rest_route=\/wp\/v2\/pages\/834"}],"collection":[{"href":"https:\/\/sites.ac-nancy-metz.fr\/upe2a-jules-ferry-woippy\/index.php?rest_route=\/wp\/v2\/pages"}],"about":[{"href":"https:\/\/sites.ac-nancy-metz.fr\/upe2a-jules-ferry-woippy\/index.php?rest_route=\/wp\/v2\/types\/page"}],"author":[{"embeddable":true,"href":"https:\/\/sites.ac-nancy-metz.fr\/upe2a-jules-ferry-woippy\/index.php?rest_route=\/wp\/v2\/users\/4"}],"replies":[{"embeddable":true,"href":"https:\/\/sites.ac-nancy-metz.fr\/upe2a-jules-ferry-woippy\/index.php?rest_route=%2Fwp%2Fv2%2Fcomments&post=834"}],"version-history":[{"count":8,"href":"https:\/\/sites.ac-nancy-metz.fr\/upe2a-jules-ferry-woippy\/index.php?rest_route=\/wp\/v2\/pages\/834\/revisions"}],"predecessor-version":[{"id":1417,"href":"https:\/\/sites.ac-nancy-metz.fr\/upe2a-jules-ferry-woippy\/index.php?rest_route=\/wp\/v2\/pages\/834\/revisions\/1417"}],"wp:attachment":[{"href":"https:\/\/sites.ac-nancy-metz.fr\/upe2a-jules-ferry-woippy\/index.php?rest_route=%2Fwp%2Fv2%2Fmedia&parent=834"}],"curies":[{"name":"wp","href":"https:\/\/api.w.org\/{rel}","templated":true}]}}