{"id":888,"date":"2022-01-24T13:56:45","date_gmt":"2022-01-24T12:56:45","guid":{"rendered":"https:\/\/sites.ac-nancy-metz.fr\/upe2a-jules-ferry-woippy\/?page_id=888"},"modified":"2023-10-31T10:39:51","modified_gmt":"2023-10-31T09:39:51","slug":"la-famille","status":"publish","type":"page","link":"https:\/\/sites.ac-nancy-metz.fr\/upe2a-jules-ferry-woippy\/?page_id=888","title":{"rendered":"La famille"},"content":{"rendered":"<h2>Voici des liens pour r\u00e9viser le vocabulaire de la famille<\/h2>\n<p>&nbsp;<\/p>\n<p><a href=\"https:\/\/learningapps.org\/display?v=pzwkko7i221\" target=\"_blank\" rel=\"noopener\">Placement sur image &#8211; A1<\/a><\/p>\n<p><a href=\"https:\/\/learningapps.org\/display?v=p5t6ei02523\" target=\"_blank\" rel=\"noopener\">Associer mot \/ image<\/a><\/p>\n<p><a href=\"https:\/\/learningapps.org\/display?v=pwxqfvmrt20\" target=\"_blank\" rel=\"noopener\">12 exercices : m\u00e9mory, \u00e9criture, dict\u00e9e, &#8230;<\/a><\/p>\n<p><a href=\"https:\/\/learningapps.org\/display?v=pzz3ovxst20\" target=\"_blank\" rel=\"noopener\">Devinettes &#8211; QCM<\/a><\/p>\n<p><a href=\"https:\/\/learningapps.org\/display?v=pg0mrsk6321\" target=\"_blank\" rel=\"noopener\">Chanson \u00e0 compl\u00e9ter<\/a><\/p>\n<p><a href=\"https:\/\/learningapps.org\/display?v=p7nrt7t3n18\" target=\"_blank\" rel=\"noopener\">Jeu du millionnaire &#8211; A2<\/a><\/p>\n","protected":false},"excerpt":{"rendered":"<p>Voici des liens pour r\u00e9viser le vocabulaire de la famille &nbsp; Placement sur image &#8211; A1 Associer mot \/ image 12 exercices : m\u00e9mory, \u00e9criture, dict\u00e9e, &#8230; Devinettes &#8211; QCM Chanson \u00e0 compl\u00e9ter Jeu du millionnaire &#8211; A2<\/p>\n","protected":false},"author":4,"featured_media":0,"parent":0,"menu_order":0,"comment_status":"closed","ping_status":"closed","template":"","meta":{"footnotes":""},"_links":{"self":[{"href":"https:\/\/sites.ac-nancy-metz.fr\/upe2a-jules-ferry-woippy\/index.php?rest_route=\/wp\/v2\/pages\/888"}],"collection":[{"href":"https:\/\/sites.ac-nancy-metz.fr\/upe2a-jules-ferry-woippy\/index.php?rest_route=\/wp\/v2\/pages"}],"about":[{"href":"https:\/\/sites.ac-nancy-metz.fr\/upe2a-jules-ferry-woippy\/index.php?rest_route=\/wp\/v2\/types\/page"}],"author":[{"embeddable":true,"href":"https:\/\/sites.ac-nancy-metz.fr\/upe2a-jules-ferry-woippy\/index.php?rest_route=\/wp\/v2\/users\/4"}],"replies":[{"embeddable":true,"href":"https:\/\/sites.ac-nancy-metz.fr\/upe2a-jules-ferry-woippy\/index.php?rest_route=%2Fwp%2Fv2%2Fcomments&post=888"}],"version-history":[{"count":5,"href":"https:\/\/sites.ac-nancy-metz.fr\/upe2a-jules-ferry-woippy\/index.php?rest_route=\/wp\/v2\/pages\/888\/revisions"}],"predecessor-version":[{"id":1176,"href":"https:\/\/sites.ac-nancy-metz.fr\/upe2a-jules-ferry-woippy\/index.php?rest_route=\/wp\/v2\/pages\/888\/revisions\/1176"}],"wp:attachment":[{"href":"https:\/\/sites.ac-nancy-metz.fr\/upe2a-jules-ferry-woippy\/index.php?rest_route=%2Fwp%2Fv2%2Fmedia&parent=888"}],"curies":[{"name":"wp","href":"https:\/\/api.w.org\/{rel}","templated":true}]}}