
{"id":2204,"date":"2016-12-12T22:50:05","date_gmt":"2016-12-12T21:50:05","guid":{"rendered":"http:\/\/sites.ac-nancy-metz.fr\/webjournal-julie-daubie-rombas\/?page_id=2204"},"modified":"2025-09-12T10:01:53","modified_gmt":"2025-09-12T09:01:53","slug":"en-savoir-plus","status":"publish","type":"page","link":"https:\/\/sites.ac-nancy-metz.fr\/webjournal-julie-daubie-rombas\/en-savoir-plus\/","title":{"rendered":"En savoir plus"},"content":{"rendered":"<p style=\"text-align: center;\"><strong>Le JD 3.0 est le web-journal de la cit\u00e9 scolaire Julie Daubi\u00e9.<\/strong><\/p>\n<p>[\/vc_column_text][vc_column_text css_animation=\u00a0\u00bbfadeIn\u00a0\u00bb]<\/p>\n<p style=\"text-align: center;\"><strong>Vous pouvez nous contacter par\u00a0<a href=\"https:\/\/www.facebook.com\/leJD3.0\/\">Facebook<\/a>,\u00a0<a href=\"https:\/\/twitter.com\/lejd3_0\">Twitter<\/a>\u00a0et par <a href=\"mailto:rombasjd3.0@gmail.com\">mail<\/a>.<\/strong><\/p>\n<p style=\"text-align: center;\"><strong>vous abonner \u00e0 notre\u00a0<a href=\"https:\/\/www.youtube.com\/channel\/UC_-mjaWj-UJ3Vu4DoJNKZhA\">cha\u00eene Youtube <\/a><\/strong><\/p>\n<p style=\"text-align: center;\"><strong>ou bien venir au CDI du lyc\u00e9e le JEUDI de 12h30 a 13h30 pour les conf\u00e9rences de r\u00e9daction.<\/strong><\/p>\n<p>[\/vc_column_text][vc_text_separator title=\u00a0\u00bbAuteurs\u00a0\u00bb style=\u00a0\u00bbdouble\u00a0\u00bb border_width=\u00a0\u00bb3&Prime; css_animation=\u00a0\u00bbfadeIn\u00a0\u00bb][\/vc_column][\/vc_row][vc_row][vc_column width=\u00a0\u00bb1\/2&Prime;][vc_column_text css_animation=\u00a0\u00bbfadeInLeft\u00a0\u00bb]<\/p>\n<p style=\"text-align: center;\"><strong>Directeur de publication:<\/strong><\/p>\n<p style=\"text-align: center;\">M. Mangenot<\/p>\n<p style=\"text-align: center;\"><strong>Professeurs r\u00e9f\u00e9rents:<\/strong><\/p>\n<p style=\"text-align: center;\">D. Frontier<\/p>\n<p>\u00a0[\/vc_column_text][\/vc_column][vc_column width=\u00a0\u00bb1\/2&Prime;][vc_column_text css_animation=\u00a0\u00bbfadeInRight\u00a0\u00bb]<\/p>\n<p style=\"text-align: center;\"><strong>Web journalistes:<\/strong><\/p>\n<p style=\"text-align: center;\">Lola B.<\/p>\n<p style=\"text-align: center;\">Emilie R.<\/p>\n<p style=\"text-align: center;\">Th\u00e9o H.<\/p>\n<p style=\"text-align: center;\">\u00a0Anna S.<\/p>\n<p style=\"text-align: center;\">Sasha F.<\/p>\n<p style=\"text-align: center;\">\u00a0Lucas A.<\/p>\n<p style=\"text-align: center;\">Alessia G.<\/p>\n<p style=\"text-align: center;\">Louanne G.<\/p>\n<p style=\"text-align: center;\">Ana\u00efs G.<\/p>\n<p style=\"text-align: center;\">Candice G.<\/p>\n<p style=\"text-align: center;\">Julie W.<\/p>\n<p style=\"text-align: center;\">Loan L.<\/p>\n<p style=\"text-align: center;\">Clo\u00e9 G.<\/p>\n<p style=\"text-align: center;\">Va\u00efana M.<\/p>\n<p>[\/vc_column_text][\/vc_column][\/vc_row]<\/p>\n","protected":false},"excerpt":{"rendered":"<p>Le JD 3.0 est le web-journal de la cit\u00e9 scolaire Julie Daubi\u00e9. [\/vc_column_text][vc_column_text css_animation=\u00a0\u00bbfadeIn\u00a0\u00bb] Vous pouvez nous contacter par\u00a0Facebook,\u00a0Twitter\u00a0et par<\/p>\n","protected":false},"author":20,"featured_media":0,"parent":0,"menu_order":0,"comment_status":"closed","ping_status":"closed","template":"","meta":{"advanced_seo_description":"","jetpack_seo_html_title":"","jetpack_seo_noindex":false,"jetpack_post_was_ever_published":false,"footnotes":""},"class_list":["post-2204","page","type-page","status-publish","hentry"],"jetpack_sharing_enabled":true,"jetpack_shortlink":"https:\/\/wp.me\/P8bhOF-zy","jetpack-related-posts":[],"_links":{"self":[{"href":"https:\/\/sites.ac-nancy-metz.fr\/webjournal-julie-daubie-rombas\/wp-json\/wp\/v2\/pages\/2204"}],"collection":[{"href":"https:\/\/sites.ac-nancy-metz.fr\/webjournal-julie-daubie-rombas\/wp-json\/wp\/v2\/pages"}],"about":[{"href":"https:\/\/sites.ac-nancy-metz.fr\/webjournal-julie-daubie-rombas\/wp-json\/wp\/v2\/types\/page"}],"author":[{"embeddable":true,"href":"https:\/\/sites.ac-nancy-metz.fr\/webjournal-julie-daubie-rombas\/wp-json\/wp\/v2\/users\/20"}],"replies":[{"embeddable":true,"href":"https:\/\/sites.ac-nancy-metz.fr\/webjournal-julie-daubie-rombas\/wp-json\/wp\/v2\/comments?post=2204"}],"version-history":[{"count":37,"href":"https:\/\/sites.ac-nancy-metz.fr\/webjournal-julie-daubie-rombas\/wp-json\/wp\/v2\/pages\/2204\/revisions"}],"predecessor-version":[{"id":7522,"href":"https:\/\/sites.ac-nancy-metz.fr\/webjournal-julie-daubie-rombas\/wp-json\/wp\/v2\/pages\/2204\/revisions\/7522"}],"wp:attachment":[{"href":"https:\/\/sites.ac-nancy-metz.fr\/webjournal-julie-daubie-rombas\/wp-json\/wp\/v2\/media?parent=2204"}],"curies":[{"name":"wp","href":"https:\/\/api.w.org\/{rel}","templated":true}]}}